{"id":388,"date":"2016-05-18T08:28:52","date_gmt":"2016-05-18T11:28:52","guid":{"rendered":"https:\/\/wp.ufpel.edu.br\/economia\/?page_id=388"},"modified":"2016-05-18T08:56:55","modified_gmt":"2016-05-18T11:56:55","slug":"series-historicas-brasil","status":"publish","type":"page","link":"https:\/\/wp.ufpel.edu.br\/economia\/clioecon-rs__trashed\/series-historicas-brasil\/","title":{"rendered":"S\u00e9ries Hist\u00f3ricas &#8211; Brasil"},"content":{"rendered":"<p>\u00cdndice de Pre\u00e7os:<br \/>\n\u2022<a href=\"https:\/\/wp.ufpel.edu.br\/economia\/files\/2016\/05\/pgold.xls\">Goldsmith<\/a>, Raymond (1850-1889)<\/p>\n<p>Fonte: Goldsmith, Raymond. Brasil: 1850-1964 Desenvolvimento financeiro sob um s\u00e9culo de infla\u00e7\u00e3o. S\u00e3o Paulo: Harper e Row, 1986. p.30-31.<\/p>\n<p>\u2022<a href=\"https:\/\/wp.ufpel.edu.br\/economia\/files\/2016\/05\/pcatao.xls\">Cat\u00e3o<\/a>, Luis (1870-1913)<\/p>\n<p>Fonte: Cat\u00e3o, Luis A. V. Revista Brasileira de Economia. Rio de Janeiro out.\/dez. 1992. p. 519-33.<\/p>\n<p>\u2022<a href=\"https:\/\/wp.ufpel.edu.br\/economia\/files\/2016\/05\/pcatao.xls\">Onody<\/a>, Oliver (com interpola\u00e7\u00f5es de Buescu) (1850-1900)<\/p>\n<p>Fonte: Buescu, Mircea. Hist\u00f3ria Econ\u00f4mica do Brasil, pesquisas e an\u00e1lises. Rio de Janeiro: APEC, 1970. p. 264.<\/p>\n<p>\u2022Buescu, Mircea (1826-1887)<\/p>\n<p>Fonte: Buescu, Mircea. 300 anos de infla\u00e7\u00e3o. Rio de Janeiro: APEC, 1973.p. 223.<\/p>\n<p>\u2022Lobo, Eul\u00e1lia (1820-1930)<\/p>\n<p>Fonte: Lobo, E. M. L. Evolu\u00e7\u00e3o dos pre\u00e7os e do padr\u00e3o de vida no Rio de Janeiro, 1820-1930. Revista Brasileira de Economia, v.25, p. 235-65, 1971.<\/p>\n<p>Caso voc\u00ea tenha d\u00favidas na utiliza\u00e7\u00e3o de \u00edndices de pre\u00e7os para deflacionar valores, veja o exemplo abaixo.<\/p>\n<p>&nbsp;<\/p>\n<p><em>Como utilizar \u00edndices de pre\u00e7os<\/em><\/p>\n<p>Os \u00edndices de pre\u00e7os possibilitam a compara\u00e7\u00e3o de valores nominais de diferentes anos. Sempre temos um ano de refer\u00eancia, que consideramos igual a 100. Considere este exemplo:<\/p>\n<p>Ano\u00a0\u00a0 \u00cdndice<\/p>\n<p>1995\u00a0\u00a0 100<\/p>\n<p>1996\u00a0\u00a0 101<\/p>\n<p>1997\u00a0\u00a0 102<\/p>\n<p>1998\u00a0\u00a0 104<\/p>\n<p>1999\u00a0\u00a0 111<\/p>\n<p>Se tivermos o pre\u00e7o de determinado produto no ano de 1998, 5 reais por exemplo, e quisermos saber a quanto ele equivaleria em moeda corrente do ano de 1996, dividimos 101 por 104. Multiplicando o pre\u00e7o nominal de 1998, 5, pelo resultado, 0,971153846, temos o pre\u00e7o equivalente ao ano de 1996, 4,86. Ou seja, o valor de 5 reais em 1998, em 1996 equivalia a 4,86 reais.<\/p>\n<p>Assim, se desejarmos achar o equivalente do valor nominal, 6 reais, de determinado produto de 1995 em moeda corrente do ano de 1999, dividimos 110 por 100. Multiplicamos 6 pelo valor encontrado, 1,1. Assim, conclu\u00edmos que 6 reais no ano de 1995 equivalia a 6,60 reais no ano de 1999.<\/p>\n","protected":false},"excerpt":{"rendered":"<p>\u00cdndice de Pre\u00e7os: \u2022Goldsmith, Raymond (1850-1889) Fonte: Goldsmith, Raymond. Brasil: 1850-1964 Desenvolvimento financeiro sob um s\u00e9culo de infla\u00e7\u00e3o. S\u00e3o Paulo: Harper e Row, 1986. p.30-31. \u2022Cat\u00e3o, Luis (1870-1913) Fonte: Cat\u00e3o, Luis A. V. Revista Brasileira de Economia. Rio de Janeiro out.\/dez. 1992. p. 519-33. \u2022Onody, Oliver (com interpola\u00e7\u00f5es de Buescu) (1850-1900) Fonte: Buescu, Mircea. Hist\u00f3ria [&hellip;]<\/p>\n","protected":false},"author":600,"featured_media":0,"parent":381,"menu_order":0,"comment_status":"closed","ping_status":"closed","template":"","meta":{"footnotes":""},"class_list":["post-388","page","type-page","status-publish","hentry"],"_links":{"self":[{"href":"https:\/\/wp.ufpel.edu.br\/economia\/wp-json\/wp\/v2\/pages\/388","targetHints":{"allow":["GET"]}}],"collection":[{"href":"https:\/\/wp.ufpel.edu.br\/economia\/wp-json\/wp\/v2\/pages"}],"about":[{"href":"https:\/\/wp.ufpel.edu.br\/economia\/wp-json\/wp\/v2\/types\/page"}],"author":[{"embeddable":true,"href":"https:\/\/wp.ufpel.edu.br\/economia\/wp-json\/wp\/v2\/users\/600"}],"replies":[{"embeddable":true,"href":"https:\/\/wp.ufpel.edu.br\/economia\/wp-json\/wp\/v2\/comments?post=388"}],"version-history":[{"count":4,"href":"https:\/\/wp.ufpel.edu.br\/economia\/wp-json\/wp\/v2\/pages\/388\/revisions"}],"predecessor-version":[{"id":422,"href":"https:\/\/wp.ufpel.edu.br\/economia\/wp-json\/wp\/v2\/pages\/388\/revisions\/422"}],"up":[{"embeddable":true,"href":"https:\/\/wp.ufpel.edu.br\/economia\/wp-json\/wp\/v2\/pages\/381"}],"wp:attachment":[{"href":"https:\/\/wp.ufpel.edu.br\/economia\/wp-json\/wp\/v2\/media?parent=388"}],"curies":[{"name":"wp","href":"https:\/\/api.w.org\/{rel}","templated":true}]}}