{"id":20,"date":"2016-04-08T13:00:54","date_gmt":"2016-04-08T16:00:54","guid":{"rendered":"https:\/\/wp.ufpel.edu.br\/economia\/?page_id=20"},"modified":"2025-10-18T12:33:22","modified_gmt":"2025-10-18T15:33:22","slug":"textos-didaticos","status":"publish","type":"page","link":"https:\/\/wp.ufpel.edu.br\/economia\/textos-didaticos\/","title":{"rendered":"Cadernos Econ\u00f4micos"},"content":{"rendered":"<p>Neste espa\u00e7o s\u00e3o divulgados resultados parciais ou finais de estudos produzidos pelo DECON em conjunto com o curso em mestrado em economia aplicada PPGOM, objetivando informar profissionais e estudantes da \u00e1rea. A sele\u00e7\u00e3o dos t\u00edtulos publicados cabe aos colegiados do curso de Ci\u00eancias Econ\u00f4micas e do Programa de P\u00f3s-Gradua\u00e7\u00e3o em Organiza\u00e7\u00f5es e Mercados, com base em pareceres t\u00e9cnicos. Abaixo seguem os trabalhos da s\u00e9rie &#8220;Cadernos Econ\u00f4micos&#8221;:<\/p>\n<p><a href=\"https:\/\/wp.ufpel.edu.br\/economia\/files\/2016\/04\/textodidatico1.pdf\" target=\"_blank\" rel=\"noopener noreferrer\">Cadernos Econ\u00f4micos 1 &#8211; Guia R\u00e1pido para o Eviews<\/a><\/p>\n<p><a href=\"https:\/\/wp.ufpel.edu.br\/economia\/files\/2016\/04\/textodidatico2.pdf\" target=\"_blank\" rel=\"noopener noreferrer\">Cadernos Econ\u00f4micos 2 &#8211; Duop\u00f3lios e Jogos<\/a><\/p>\n<p><a href=\"https:\/\/wp.ufpel.edu.br\/economia\/files\/2016\/04\/textodidatico3.pdf\" target=\"_blank\" rel=\"noopener noreferrer\">Cadernos Econ\u00f4micos 3 &#8211; O Teorema do Envelope e sua Aplica\u00e7\u00e3o na Microeconomia<\/a><\/p>\n<p><a href=\"https:\/\/wp.ufpel.edu.br\/economia\/files\/2016\/04\/textodidatico4.pdf\" target=\"_blank\" rel=\"noopener noreferrer\">Cadernos Econ\u00f4micos 4 &#8211; O Lema de Shephard<\/a><\/p>\n<p>Cadernos Econ\u00f4micos 5 &#8211; Notas de Aula de Macroeconomia Aberta (em revis\u00e3o)<\/p>\n<p><a href=\"https:\/\/wp.ufpel.edu.br\/economia\/files\/2016\/04\/textodidatico6.pdf\" target=\"_blank\" rel=\"noopener noreferrer\">Cadernos Econ\u00f4micos 6 &#8211; <em>Lie to me<\/em>: uma breve nota sobre a racionalidade da mentira<\/a><\/p>\n<p><a href=\"https:\/\/gustibusgustibus.files.wordpress.com\/2020\/06\/cadernos_economicos_07_revised.pdf\" target=\"_blank\" rel=\"noopener noreferrer\">Cadernos Econ\u00f4micos 7 &#8211; Por que n\u00e3o me vendem aquela barraquinha de chopp? &#8211; A Conjectura de Coase<\/a><br \/>\n<em>(vers\u00e3o revisada em 2018)<\/em><\/p>\n<p>Cadernos Econ\u00f4micos 8 &#8211; Honestidade Acad\u00eamica e Pl\u00e1gio: Observa\u00e7\u00f5es Importantes (uma vers\u00e3o corrigida deste texto foi transformada em cap\u00edtulo e se encontra <a href=\"https:\/\/cdshikidadotnet.files.wordpress.com\/2017\/12\/2017-2-fiocruz-uerj-coppe-e-al-versc3a3o-final-30-11.pdf\" target=\"_blank\" rel=\"noopener noreferrer\">neste livro<\/a>)<\/p>\n<p>Cadernos Econ\u00f4micos 9 &#8211; A Crise de 2008: um experimento no modelo IS-MP-IA (em revis\u00e3o)<\/p>\n<p><a href=\"https:\/\/wp.ufpel.edu.br\/economia\/files\/2016\/04\/cadernos_economicos_10.pdf\" target=\"_blank\" rel=\"noopener noreferrer\">Cadernos Econ\u00f4mico 10 &#8211; <strong>\u00a0<\/strong>Gr\u00e1ficos din\u00e2micos no R: Um exemplo com <em>shiny<\/em> e <em>dygraphs<\/em> <\/a><\/p>\n<p><a href=\"https:\/\/wp.ufpel.edu.br\/economia\/files\/2018\/09\/cadernos_economicos_11.pdf\" target=\"_blank\" rel=\"noopener noreferrer\">Cadernos Econ\u00f4micos 11 &#8211; Paralisa\u00e7\u00e3o dos Caminhoneiros: A Irracionalidade Racional Explica<\/a><\/p>\n<p><a href=\"https:\/\/wp.ufpel.edu.br\/economia\/files\/2018\/10\/cadernos_economicos_12.pdf\" target=\"_blank\" rel=\"noopener noreferrer\">Cadernos Econ\u00f4micos 12 &#8211; A Economia da Tributa\u00e7\u00e3o: Epis\u00f3dios da Hist\u00f3ria Colonial Latino-Americana<\/a><\/p>\n<p><a href=\"https:\/\/wp.ufpel.edu.br\/economia\/files\/2018\/10\/cadernos_economicos_13.pdf\" target=\"_blank\" rel=\"noopener noreferrer\">Cadernos Econ\u00f4micos 13 &#8211; Os Charqueadores do tempo de Mau\u00e1, Tiradentes e o Conselho Monet\u00e1rio Nacional: li\u00e7\u00f5es em Economia do Setor P\u00fablico<\/a><\/p>\n<p><a href=\"https:\/\/wp.ufpel.edu.br\/economia\/files\/2025\/10\/cadernos_economicos_14.pdf\" target=\"_blank\" rel=\"noopener noreferrer\">Cadernos Econ\u00f4micos 14 &#8211; Notas de aula de Macroeconomia Aberta<\/a><\/p>\n<p><strong>\u00a0<\/strong><\/p>\n","protected":false},"excerpt":{"rendered":"<p>Neste espa\u00e7o s\u00e3o divulgados resultados parciais ou finais de estudos produzidos pelo DECON em conjunto com o curso em mestrado em economia aplicada PPGOM, objetivando informar profissionais e estudantes da \u00e1rea. A sele\u00e7\u00e3o dos t\u00edtulos publicados cabe aos colegiados do curso de Ci\u00eancias Econ\u00f4micas e do Programa de P\u00f3s-Gradua\u00e7\u00e3o em Organiza\u00e7\u00f5es e Mercados, com base [&hellip;]<\/p>\n","protected":false},"author":600,"featured_media":0,"parent":0,"menu_order":8,"comment_status":"closed","ping_status":"closed","template":"","meta":{"footnotes":""},"class_list":["post-20","page","type-page","status-publish","hentry"],"_links":{"self":[{"href":"https:\/\/wp.ufpel.edu.br\/economia\/wp-json\/wp\/v2\/pages\/20","targetHints":{"allow":["GET"]}}],"collection":[{"href":"https:\/\/wp.ufpel.edu.br\/economia\/wp-json\/wp\/v2\/pages"}],"about":[{"href":"https:\/\/wp.ufpel.edu.br\/economia\/wp-json\/wp\/v2\/types\/page"}],"author":[{"embeddable":true,"href":"https:\/\/wp.ufpel.edu.br\/economia\/wp-json\/wp\/v2\/users\/600"}],"replies":[{"embeddable":true,"href":"https:\/\/wp.ufpel.edu.br\/economia\/wp-json\/wp\/v2\/comments?post=20"}],"version-history":[{"count":5,"href":"https:\/\/wp.ufpel.edu.br\/economia\/wp-json\/wp\/v2\/pages\/20\/revisions"}],"predecessor-version":[{"id":141,"href":"https:\/\/wp.ufpel.edu.br\/economia\/wp-json\/wp\/v2\/pages\/20\/revisions\/141"}],"wp:attachment":[{"href":"https:\/\/wp.ufpel.edu.br\/economia\/wp-json\/wp\/v2\/media?parent=20"}],"curies":[{"name":"wp","href":"https:\/\/api.w.org\/{rel}","templated":true}]}}