{"id":12,"date":"2016-04-04T13:02:02","date_gmt":"2016-04-04T16:02:02","guid":{"rendered":"https:\/\/wp.ufpel.edu.br\/economia\/?page_id=12"},"modified":"2026-03-31T10:33:35","modified_gmt":"2026-03-31T13:33:35","slug":"documentos","status":"publish","type":"page","link":"https:\/\/wp.ufpel.edu.br\/economia\/documentos\/","title":{"rendered":"Documentos"},"content":{"rendered":"<p>Nesta p\u00e1gina voc\u00ea encontrar\u00e1 documenta\u00e7\u00e3o sobre o curso de gradua\u00e7\u00e3o em Ci\u00eancias Econ\u00f4micas.<\/p>\n<p><strong>Documentos<\/strong><\/p>\n<ul>\n<li style=\"list-style-type: none;\">\n<ul>\n<li style=\"list-style-type: none;\">\n<ul>\n<li><a href=\"https:\/\/wp.ufpel.edu.br\/economia\/files\/2026\/03\/ppc_economia_v2026.pdf\" target=\"_blank\" rel=\"noopener\">Novo Projeto Pedag\u00f3gico &#8211; atual<\/a><\/li>\n<li><a href=\"https:\/\/wp.ufpel.edu.br\/economia\/files\/2016\/04\/projeto2010.pdf\" rel=\"\">Projeto Pedag\u00f3gico &#8211; curr\u00edculos antigos<\/a><\/li>\n<li><a href=\"https:\/\/wp.ufpel.edu.br\/economia\/files\/2025\/12\/tabela_pre_requisitos_cv_7.pdf\" target=\"_blank\" rel=\"noopener noreferrer\">Tabela de Pr\u00e9-Requisitos<\/a><\/li>\n<li><a href=\"https:\/\/wp.ufpel.edu.br\/economia\/files\/2018\/03\/declaracao_aceite.pdf\" target=\"_blank\" rel=\"noopener noreferrer\">Declara\u00e7\u00e3o de Aceite de Orienta\u00e7\u00e3o em Projeto de Monografia<\/a><\/li>\n<li><a href=\"https:\/\/wp.ufpel.edu.br\/economia\/files\/2019\/03\/autorizacao_mat_esp.docx\" target=\"_blank\" rel=\"noopener noreferrer\">Formul\u00e1rio de Autoriza\u00e7\u00e3o para Matr\u00edcula Especial<\/a><\/li>\n<li><a href=\"https:\/\/wp.ufpel.edu.br\/sisbi\/manual-de-normas-ufpel-para-trabalhos-academicos-atualizada-2023\/\" target=\"_blank\" rel=\"noopener noreferrer\">Manual de normas para trabalhos acad\u00eamicos<\/a><\/li>\n<li><a href=\"https:\/\/wp.ufpel.edu.br\/economia\/files\/2024\/03\/template_monografia_economia.docx\" target=\"_blank\" rel=\"noopener noreferrer\">Template Monografia Economia (docx)<\/a><\/li>\n<li><a href=\"https:\/\/wp.ufpel.edu.br\/economia\/files\/2025\/05\/plano_gestao_assinado_assinado.pdf\" target=\"_blank\" rel=\"noopener\">Plano da Gest\u00e3o 2024-2026<\/a><\/li>\n<li><a href=\"https:\/\/wp.ufpel.edu.br\/economia\/files\/2025\/05\/plano_acao_coordenador_assinado_assinado.pdf\" target=\"_blank\" rel=\"noopener\">Plano de a\u00e7\u00e3o do coordenador 2024-2026<\/a><\/li>\n<\/ul>\n<\/li>\n<\/ul>\n<p><!--\n \t\n\n<li><a href=\"https:\/\/wp.ufpel.edu.br\/economia\/files\/2018\/07\/novos_planos.pdf\">Anexo ao Projeto Pedag\u00f3gico - Planos de Ensino das Novas Disciplinas Eletivas<\/a><\/li>\n\n\n \t\n\n<li><a href=\"https:\/\/wp.ufpel.edu.br\/economia\/files\/2018\/08\/pre_requisitos2.pdf\">Tabela de Pr\u00e9 requisitos\u00a0<\/a><\/li>\n\n\n--><\/li>\n<\/ul>\n","protected":false},"excerpt":{"rendered":"<p>Nesta p\u00e1gina voc\u00ea encontrar\u00e1 documenta\u00e7\u00e3o sobre o curso de gradua\u00e7\u00e3o em Ci\u00eancias Econ\u00f4micas. Documentos Novo Projeto Pedag\u00f3gico &#8211; atual Projeto Pedag\u00f3gico &#8211; curr\u00edculos antigos Tabela de Pr\u00e9-Requisitos Declara\u00e7\u00e3o de Aceite de Orienta\u00e7\u00e3o em Projeto de Monografia Formul\u00e1rio de Autoriza\u00e7\u00e3o para Matr\u00edcula Especial Manual de normas para trabalhos acad\u00eamicos Template Monografia Economia (docx) Plano da Gest\u00e3o [&hellip;]<\/p>\n","protected":false},"author":600,"featured_media":0,"parent":0,"menu_order":3,"comment_status":"closed","ping_status":"closed","template":"","meta":{"footnotes":""},"class_list":["post-12","page","type-page","status-publish","hentry"],"_links":{"self":[{"href":"https:\/\/wp.ufpel.edu.br\/economia\/wp-json\/wp\/v2\/pages\/12","targetHints":{"allow":["GET"]}}],"collection":[{"href":"https:\/\/wp.ufpel.edu.br\/economia\/wp-json\/wp\/v2\/pages"}],"about":[{"href":"https:\/\/wp.ufpel.edu.br\/economia\/wp-json\/wp\/v2\/types\/page"}],"author":[{"embeddable":true,"href":"https:\/\/wp.ufpel.edu.br\/economia\/wp-json\/wp\/v2\/users\/600"}],"replies":[{"embeddable":true,"href":"https:\/\/wp.ufpel.edu.br\/economia\/wp-json\/wp\/v2\/comments?post=12"}],"version-history":[{"count":3,"href":"https:\/\/wp.ufpel.edu.br\/economia\/wp-json\/wp\/v2\/pages\/12\/revisions"}],"predecessor-version":[{"id":1449,"href":"https:\/\/wp.ufpel.edu.br\/economia\/wp-json\/wp\/v2\/pages\/12\/revisions\/1449"}],"wp:attachment":[{"href":"https:\/\/wp.ufpel.edu.br\/economia\/wp-json\/wp\/v2\/media?parent=12"}],"curies":[{"name":"wp","href":"https:\/\/api.w.org\/{rel}","templated":true}]}}