{"id":17,"date":"2022-09-10T18:07:34","date_gmt":"2022-09-10T21:07:34","guid":{"rendered":"https:\/\/wp.ufpel.edu.br\/ecoesteticagp\/?page_id=17"},"modified":"2025-07-08T11:29:32","modified_gmt":"2025-07-08T14:29:32","slug":"colaboradores","status":"publish","type":"page","link":"https:\/\/wp.ufpel.edu.br\/ecoesteticagp\/membros\/colaboradores\/","title":{"rendered":"Colaboradores"},"content":{"rendered":"<p><img loading=\"lazy\" decoding=\"async\" class=\"alignnone size-medium wp-image-325\" src=\"https:\/\/wp.ufpel.edu.br\/ecoesteticagp\/files\/2022\/11\/Design-sem-nome-8-400x400.png\" alt=\"\" width=\"400\" height=\"400\" srcset=\"https:\/\/wp.ufpel.edu.br\/ecoesteticagp\/files\/2022\/11\/Design-sem-nome-8-400x400.png 400w, https:\/\/wp.ufpel.edu.br\/ecoesteticagp\/files\/2022\/11\/Design-sem-nome-8-1024x1024.png 1024w, https:\/\/wp.ufpel.edu.br\/ecoesteticagp\/files\/2022\/11\/Design-sem-nome-8-200x200.png 200w, https:\/\/wp.ufpel.edu.br\/ecoesteticagp\/files\/2022\/11\/Design-sem-nome-8-768x768.png 768w, https:\/\/wp.ufpel.edu.br\/ecoesteticagp\/files\/2022\/11\/Design-sem-nome-8.png 1080w\" sizes=\"auto, (max-width: 400px) 100vw, 400px\" \/><\/p>\n<div id=\"pg-12-8\" class=\"panel-grid panel-no-style\" data-style=\"{&quot;background_image_attachment&quot;:false,&quot;background_display&quot;:&quot;tile&quot;,&quot;full_height&quot;:&quot;&quot;,&quot;bottom_margin&quot;:&quot;5px&quot;,&quot;gutter&quot;:&quot;10px&quot;,&quot;cell_alignment&quot;:&quot;flex-start&quot;}\">\n<div id=\"pgc-12-8-1\" class=\"panel-grid-cell\" data-weight=\"0.79961340206186\">\n<div id=\"panel-12-8-1-0\" class=\"so-panel widget widget_text panel-first-child\" data-index=\"17\" data-style=\"{&quot;background_image_attachment&quot;:false,&quot;background_display&quot;:&quot;tile&quot;}\">\n<h3 class=\"widget-title\">Cassiana Silva de Freitas<\/h3>\n<div class=\"textwidget\">\n<p><span style=\"font-weight: 400;\">(Cassi) Faz jus ao seu signo de aqu\u00e1rio, de esp\u00edrito futurista, justiceiro e que adora se conectar com a natureza humana e n\u00e3o humana. Cativada pela causa animal desde os 12 anos de idade, quando se tornou vegetariana por amor e ativismo. Est\u00e1 sempre envolvida com cria\u00e7\u00f5es art\u00edsticas, pintura, costura, maquiagem, cer\u00e2mica e tudo mais que der na telha, e est\u00e1 sempre em busca de novos hobbies. <\/span><\/p>\n<\/div>\n<\/div>\n<div id=\"panel-12-8-1-1\" class=\"so-panel widget widget_text panel-last-child\" data-index=\"18\" data-style=\"{&quot;background_image_attachment&quot;:false,&quot;background_display&quot;:&quot;tile&quot;}\">\n<div class=\"textwidget\">\n<p>E-mail: cassi.imagine@gmail.com<\/p>\n<p>Lattes: http:\/\/lattes.cnpq.br\/3654195260275193<\/p>\n<\/div>\n<\/div>\n<\/div>\n<\/div>\n<div id=\"pg-12-9\" class=\"panel-grid panel-has-style\" data-style=\"{&quot;row_css&quot;:&quot;text-align: center;&quot;,&quot;background_image_attachment&quot;:false,&quot;background_display&quot;:&quot;tile&quot;,&quot;full_height&quot;:&quot;&quot;,&quot;bottom_margin&quot;:&quot;0px&quot;,&quot;row_stretch&quot;:&quot;full&quot;,&quot;cell_alignment&quot;:&quot;center&quot;}\">\n<div class=\"siteorigin-panels-stretch panel-row-style panel-row-style-for-12-9\" data-stretch-type=\"full\">\n<div id=\"pgc-12-9-0\" class=\"panel-grid-cell\" data-weight=\"1\">\n<div id=\"panel-12-9-0-0\" class=\"so-panel widget widget_media_image panel-first-child panel-last-child\" data-index=\"19\" data-style=\"{&quot;background_image_attachment&quot;:false,&quot;background_display&quot;:&quot;tile&quot;,&quot;margin&quot;:&quot;5px 5px 5px 5px&quot;}\"><img loading=\"lazy\" decoding=\"async\" width=\"151\" height=\"22\" src=\"https:\/\/wp.ufpel.edu.br\/ecoesteticagp\/files\/2022\/09\/spacer2.png\" class=\"image wp-image-134  attachment-full size-full\" alt=\"\" style=\"max-width: 100%; height: auto;\" \/><\/div>\n<div data-index=\"19\" data-style=\"{&quot;background_image_attachment&quot;:false,&quot;background_display&quot;:&quot;tile&quot;,&quot;margin&quot;:&quot;5px 5px 5px 5px&quot;}\">\n<div id=\"pg-12-10\" class=\"panel-grid panel-no-style\" data-style=\"{&quot;background_image_attachment&quot;:false,&quot;background_display&quot;:&quot;tile&quot;,&quot;full_height&quot;:&quot;&quot;,&quot;bottom_margin&quot;:&quot;5px&quot;,&quot;gutter&quot;:&quot;10px&quot;,&quot;cell_alignment&quot;:&quot;flex-start&quot;}\">\n<div id=\"pgc-12-10-0\" class=\"panel-grid-cell\" data-weight=\"0.20038659793814\">\n<div id=\"panel-12-10-0-0\" class=\"so-panel widget widget_media_image panel-first-child panel-last-child\" data-index=\"20\" data-style=\"{&quot;background_image_attachment&quot;:false,&quot;background_display&quot;:&quot;tile&quot;,&quot;background_image_size&quot;:&quot;full&quot;,&quot;border_thickness&quot;:&quot;1px&quot;}\"><img loading=\"lazy\" decoding=\"async\" class=\"image \" src=\"https:\/\/wp.ufpel.edu.br\/ecoesteticagp\/files\/2023\/02\/jaque2.png\" alt=\"\" width=\"1080\" height=\"1080\" \/><\/div>\n<\/div>\n<div id=\"pgc-12-10-1\" class=\"panel-grid-cell\" data-weight=\"0.79961340206186\">\n<div id=\"panel-12-10-1-0\" class=\"so-panel widget widget_text panel-first-child\" data-index=\"21\" data-style=\"{&quot;background_image_attachment&quot;:false,&quot;background_display&quot;:&quot;tile&quot;,&quot;background_image_size&quot;:&quot;full&quot;,&quot;border_thickness&quot;:&quot;1px&quot;}\">\n<h3 class=\"widget-title\">Jaqueline Lakman Almeida<\/h3>\n<div class=\"textwidget\">\n<p>Curiosa, dram\u00e1tica e um tanto ansiosa, me considero uma pessoa reflexiva, \u00e0s vezes at\u00e9 demais. Leitora de livros, da vida e de si mesma. Os pequenos detalhes despertam a minha aten\u00e7\u00e3o e gosto de encontrar a poesia nas coisas ao redor.<\/p>\n<\/div>\n<\/div>\n<div id=\"panel-12-10-1-1\" class=\"so-panel widget widget_text panel-last-child\" data-index=\"22\" data-style=\"{&quot;background_image_attachment&quot;:false,&quot;background_display&quot;:&quot;tile&quot;,&quot;background_image_size&quot;:&quot;full&quot;,&quot;border_thickness&quot;:&quot;1px&quot;}\">\n<div class=\"textwidget\">\n<p>E-mail: jaquelinelakman@gmail.com<\/p>\n<p>Lattes: http:\/\/lattes.cnpq.br\/7585404467943392<\/p>\n<\/div>\n<\/div>\n<\/div>\n<\/div>\n<div id=\"pg-12-11\" class=\"panel-grid panel-has-style\" data-style=\"{&quot;row_css&quot;:&quot;text-align: center;&quot;,&quot;background_image_attachment&quot;:false,&quot;background_display&quot;:&quot;tile&quot;,&quot;full_height&quot;:&quot;&quot;,&quot;bottom_margin&quot;:&quot;0px&quot;,&quot;row_stretch&quot;:&quot;full&quot;,&quot;cell_alignment&quot;:&quot;center&quot;}\">\n<div class=\"siteorigin-panels-stretch panel-row-style panel-row-style-for-12-11\" data-stretch-type=\"full\">\n<div id=\"pgc-12-11-0\" class=\"panel-grid-cell\" data-weight=\"1\">\n<div id=\"panel-12-11-0-0\" class=\"so-panel widget widget_media_image panel-first-child panel-last-child\" data-index=\"23\" data-style=\"{&quot;background_image_attachment&quot;:false,&quot;background_display&quot;:&quot;tile&quot;,&quot;margin&quot;:&quot;5px 5px 5px 5px&quot;}\"><img loading=\"lazy\" decoding=\"async\" width=\"151\" height=\"22\" src=\"https:\/\/wp.ufpel.edu.br\/ecoesteticagp\/files\/2022\/09\/spacer2.png\" class=\"image wp-image-134  attachment-full size-full\" alt=\"\" style=\"max-width: 100%; height: auto;\" \/><\/div>\n<div data-index=\"23\" data-style=\"{&quot;background_image_attachment&quot;:false,&quot;background_display&quot;:&quot;tile&quot;,&quot;margin&quot;:&quot;5px 5px 5px 5px&quot;}\">\n<div id=\"pg-12-14\" class=\"panel-grid panel-no-style\" data-style=\"{&quot;background_image_attachment&quot;:false,&quot;background_display&quot;:&quot;tile&quot;,&quot;full_height&quot;:&quot;&quot;,&quot;bottom_margin&quot;:&quot;5px&quot;,&quot;gutter&quot;:&quot;10px&quot;,&quot;cell_alignment&quot;:&quot;flex-start&quot;}\">\n<div id=\"pgc-12-14-0\" class=\"panel-grid-cell\" data-weight=\"0.20038659793814\">\n<div id=\"panel-12-14-0-0\" class=\"so-panel widget widget_media_image panel-first-child panel-last-child\" data-index=\"28\" data-style=\"{&quot;background_image_attachment&quot;:false,&quot;background_display&quot;:&quot;tile&quot;,&quot;background_image_size&quot;:&quot;full&quot;,&quot;background_image_opacity&quot;:&quot;100&quot;,&quot;border_thickness&quot;:&quot;1px&quot;}\"><img loading=\"lazy\" decoding=\"async\" width=\"1280\" height=\"1280\" src=\"https:\/\/wp.ufpel.edu.br\/ecoesteticagp\/files\/2024\/08\/WhatsApp-Image-2024-08-15-at-20.52.24-1.jpeg\" class=\"image wp-image-538  attachment-full size-full\" alt=\"\" style=\"max-width: 100%; height: auto;\" srcset=\"https:\/\/wp.ufpel.edu.br\/ecoesteticagp\/files\/2024\/08\/WhatsApp-Image-2024-08-15-at-20.52.24-1.jpeg 1280w, https:\/\/wp.ufpel.edu.br\/ecoesteticagp\/files\/2024\/08\/WhatsApp-Image-2024-08-15-at-20.52.24-1-400x400.jpeg 400w, https:\/\/wp.ufpel.edu.br\/ecoesteticagp\/files\/2024\/08\/WhatsApp-Image-2024-08-15-at-20.52.24-1-1024x1024.jpeg 1024w, https:\/\/wp.ufpel.edu.br\/ecoesteticagp\/files\/2024\/08\/WhatsApp-Image-2024-08-15-at-20.52.24-1-200x200.jpeg 200w, https:\/\/wp.ufpel.edu.br\/ecoesteticagp\/files\/2024\/08\/WhatsApp-Image-2024-08-15-at-20.52.24-1-768x768.jpeg 768w\" sizes=\"auto, (max-width: 1280px) 100vw, 1280px\" \/><\/div>\n<\/div>\n<div id=\"pgc-12-14-1\" class=\"panel-grid-cell\" data-weight=\"0.79961340206186\">\n<div id=\"panel-12-14-1-0\" class=\"so-panel widget widget_text panel-first-child\" data-index=\"29\" data-style=\"{&quot;background_image_attachment&quot;:false,&quot;background_display&quot;:&quot;tile&quot;,&quot;background_image_size&quot;:&quot;full&quot;,&quot;background_image_opacity&quot;:&quot;100&quot;,&quot;border_thickness&quot;:&quot;1px&quot;}\">\n<h3 class=\"widget-title\">Kelly Souza de Lima.<\/h3>\n<div class=\"textwidget\">\n<p>Sou m\u00e3e do Saulinho, esposa do Paulo, meus amores. Amante do mar, cassineira, adoro viajar, sair com minha fam\u00edlia e meus amigos\u2026 dar boas risadas. Amo pesquisar o que gosto, sempre querendo mais! Geminiana nata, por\u00e9m mais escuto do que falo. Tenho sempre uma palavra amiga!<\/p>\n<p>&nbsp;<\/p>\n<\/div>\n<\/div>\n<div id=\"panel-12-14-1-1\" class=\"so-panel widget widget_text panel-last-child\" data-index=\"30\" data-style=\"{&quot;background_image_attachment&quot;:false,&quot;background_display&quot;:&quot;tile&quot;,&quot;background_image_size&quot;:&quot;full&quot;,&quot;background_image_opacity&quot;:&quot;100&quot;,&quot;border_thickness&quot;:&quot;1px&quot;}\">\n<div class=\"textwidget\">\n<p>E-mail: Kelly23lima@hotmail.com<\/p>\n<p>Lattes:http:\/\/lattes.cnpq.br\/9888813385995938<\/p>\n<\/div>\n<\/div>\n<\/div>\n<\/div>\n<div id=\"pg-12-15\" class=\"panel-grid panel-has-style\" data-style=\"{&quot;row_css&quot;:&quot;text-align: center;&quot;,&quot;background_image_attachment&quot;:false,&quot;background_display&quot;:&quot;tile&quot;,&quot;full_height&quot;:&quot;&quot;,&quot;bottom_margin&quot;:&quot;0px&quot;,&quot;row_stretch&quot;:&quot;full&quot;,&quot;cell_alignment&quot;:&quot;center&quot;}\">\n<div class=\"siteorigin-panels-stretch panel-row-style panel-row-style-for-12-15\" data-stretch-type=\"full\">\n<div id=\"pgc-12-15-0\" class=\"panel-grid-cell\" data-weight=\"1\">\n<div id=\"panel-12-15-0-0\" class=\"so-panel widget widget_media_image panel-first-child panel-last-child\" data-index=\"31\" data-style=\"{&quot;background_image_attachment&quot;:false,&quot;background_display&quot;:&quot;tile&quot;,&quot;margin&quot;:&quot;5px 5px 5px 5px&quot;}\"><img loading=\"lazy\" decoding=\"async\" width=\"151\" height=\"22\" src=\"https:\/\/wp.ufpel.edu.br\/ecoesteticagp\/files\/2022\/09\/spacer2.png\" class=\"image wp-image-134  attachment-full size-full\" alt=\"\" style=\"max-width: 100%; height: auto;\" \/><\/div>\n<\/div>\n<\/div>\n<\/div>\n<div id=\"pg-12-16\" class=\"panel-grid panel-no-style\" data-style=\"{&quot;background_image_attachment&quot;:false,&quot;background_display&quot;:&quot;tile&quot;,&quot;full_height&quot;:&quot;&quot;,&quot;bottom_margin&quot;:&quot;5px&quot;,&quot;gutter&quot;:&quot;10px&quot;,&quot;cell_alignment&quot;:&quot;flex-start&quot;}\">\n<div id=\"pgc-12-16-0\" class=\"panel-grid-cell\" data-weight=\"0.20038659793814\">\n<div id=\"panel-12-16-0-0\" class=\"so-panel widget widget_media_image panel-first-child panel-last-child\" data-index=\"32\" data-style=\"{&quot;background_image_attachment&quot;:false,&quot;background_display&quot;:&quot;tile&quot;,&quot;background_image_size&quot;:&quot;full&quot;,&quot;background_image_opacity&quot;:&quot;100&quot;,&quot;border_thickness&quot;:&quot;1px&quot;}\">\n<div id=\"pg-12-22\" class=\"panel-grid panel-no-style\" data-style=\"{&quot;background_image_attachment&quot;:false,&quot;background_display&quot;:&quot;tile&quot;,&quot;full_height&quot;:&quot;&quot;,&quot;bottom_margin&quot;:&quot;5px&quot;,&quot;gutter&quot;:&quot;10px&quot;,&quot;cell_alignment&quot;:&quot;flex-start&quot;}\">\n<div id=\"pgc-12-22-0\" class=\"panel-grid-cell\" data-weight=\"0.20038659793814\">\n<div id=\"panel-12-22-0-0\" class=\"so-panel widget widget_media_image panel-first-child panel-last-child\" data-index=\"44\" data-style=\"{&quot;background_image_attachment&quot;:false,&quot;background_display&quot;:&quot;tile&quot;,&quot;background_image_size&quot;:&quot;full&quot;,&quot;background_image_opacity&quot;:&quot;100&quot;,&quot;border_thickness&quot;:&quot;1px&quot;,&quot;box_shadow&quot;:true,&quot;box_shadow_color&quot;:&quot;rgba(0,0,0,0.15)&quot;,&quot;box_shadow_inset&quot;:&quot;&quot;,&quot;box_shadow_offset_vertical&quot;:&quot;5px&quot;,&quot;box_shadow_blur&quot;:&quot;15px&quot;}\">\n<div class=\"panel-widget-style panel-widget-style-for-12-22-0-0\"><img loading=\"lazy\" decoding=\"async\" width=\"1280\" height=\"1280\" src=\"https:\/\/wp.ufpel.edu.br\/ecoesteticagp\/files\/2024\/09\/WhatsApp-Image-2024-08-15-at-20.52.25.jpeg\" class=\"image wp-image-549  attachment-full size-full\" alt=\"\" style=\"max-width: 100%; height: auto;\" srcset=\"https:\/\/wp.ufpel.edu.br\/ecoesteticagp\/files\/2024\/09\/WhatsApp-Image-2024-08-15-at-20.52.25.jpeg 1280w, https:\/\/wp.ufpel.edu.br\/ecoesteticagp\/files\/2024\/09\/WhatsApp-Image-2024-08-15-at-20.52.25-400x400.jpeg 400w, https:\/\/wp.ufpel.edu.br\/ecoesteticagp\/files\/2024\/09\/WhatsApp-Image-2024-08-15-at-20.52.25-1024x1024.jpeg 1024w, https:\/\/wp.ufpel.edu.br\/ecoesteticagp\/files\/2024\/09\/WhatsApp-Image-2024-08-15-at-20.52.25-200x200.jpeg 200w, https:\/\/wp.ufpel.edu.br\/ecoesteticagp\/files\/2024\/09\/WhatsApp-Image-2024-08-15-at-20.52.25-768x768.jpeg 768w\" sizes=\"auto, (max-width: 1280px) 100vw, 1280px\" \/><\/div>\n<\/div>\n<\/div>\n<div id=\"pgc-12-22-1\" class=\"panel-grid-cell\" data-weight=\"0.79961340206186\">\n<div id=\"panel-12-22-1-0\" class=\"so-panel widget widget_text panel-first-child\" data-index=\"45\" data-style=\"{&quot;background_image_attachment&quot;:false,&quot;background_display&quot;:&quot;tile&quot;,&quot;background_image_size&quot;:&quot;full&quot;,&quot;background_image_opacity&quot;:&quot;100&quot;,&quot;border_thickness&quot;:&quot;1px&quot;}\">\n<h3 class=\"widget-title\">Janaina Paiva Zanetti<\/h3>\n<div class=\"textwidget\">\n<p>Sou t\u00edmida mas gosto de estar junto das pessoas, pois, ainda que eu me manifeste pouco, aprendo enquanto escuto. Gosto de estar em casa, com meu companheiro Rafael, no sil\u00eancio dos meus gatos ou na agita\u00e7\u00e3o dos meus cachorros que tenho todos como filhos.<\/p>\n<\/div>\n<\/div>\n<div id=\"panel-12-22-1-1\" class=\"so-panel widget widget_text panel-last-child\" data-index=\"46\" data-style=\"{&quot;background_image_attachment&quot;:false,&quot;background_display&quot;:&quot;tile&quot;,&quot;background_image_size&quot;:&quot;full&quot;,&quot;background_image_opacity&quot;:&quot;100&quot;,&quot;border_thickness&quot;:&quot;1px&quot;}\">\n<div class=\"textwidget\">\n<p>E-mail: janainazanetti25@gmail.com<\/p>\n<p>Lattes: http:\/\/lattes.cnpq.br\/8269755325834935<\/p>\n<\/div>\n<\/div>\n<\/div>\n<\/div>\n<div id=\"pg-12-23\" class=\"panel-grid panel-no-style\" data-style=\"{&quot;background_image_attachment&quot;:false,&quot;background_display&quot;:&quot;tile&quot;,&quot;full_height&quot;:&quot;&quot;,&quot;bottom_margin&quot;:&quot;5px&quot;,&quot;gutter&quot;:&quot;10px&quot;,&quot;cell_alignment&quot;:&quot;flex-start&quot;}\">\n<div id=\"pgc-12-23-0\" class=\"panel-grid-cell\" data-weight=\"0.20038659793814\">\n<div id=\"panel-12-23-0-0\" class=\"so-panel widget widget_media_image panel-first-child panel-last-child\" data-index=\"47\" data-style=\"{&quot;background_image_attachment&quot;:false,&quot;background_display&quot;:&quot;tile&quot;,&quot;background_image_size&quot;:&quot;full&quot;,&quot;background_image_opacity&quot;:&quot;100&quot;,&quot;border_thickness&quot;:&quot;1px&quot;,&quot;box_shadow&quot;:true,&quot;box_shadow_color&quot;:&quot;rgba(0,0,0,0.15)&quot;,&quot;box_shadow_inset&quot;:&quot;&quot;,&quot;box_shadow_offset_horizontal&quot;:&quot;&quot;,&quot;box_shadow_offset_vertical&quot;:&quot;5px&quot;,&quot;box_shadow_blur&quot;:&quot;15px&quot;}\"><\/div>\n<\/div>\n<\/div>\n<\/div>\n<\/div>\n<\/div>\n<\/div>\n<\/div>\n<\/div>\n<\/div>\n<\/div>\n<\/div>\n<\/div>\n<\/div>\n<div id=\"pg-12-10\" class=\"panel-grid panel-no-style\" data-style=\"{&quot;background_image_attachment&quot;:false,&quot;background_display&quot;:&quot;tile&quot;,&quot;full_height&quot;:&quot;&quot;,&quot;bottom_margin&quot;:&quot;5px&quot;,&quot;gutter&quot;:&quot;10px&quot;,&quot;cell_alignment&quot;:&quot;flex-start&quot;}\">\n<div id=\"pgc-12-10-0\" class=\"panel-grid-cell\" data-weight=\"0.20038659793814\">\n<div id=\"panel-12-10-0-0\" class=\"so-panel widget widget_media_image panel-first-child panel-last-child\" data-index=\"20\" data-style=\"{&quot;background_image_attachment&quot;:false,&quot;background_display&quot;:&quot;tile&quot;,&quot;background_image_size&quot;:&quot;full&quot;,&quot;border_thickness&quot;:&quot;1px&quot;}\"><\/div>\n<\/div>\n<\/div>\n","protected":false},"excerpt":{"rendered":"<p>Cassiana Silva de Freitas (Cassi) Faz jus ao seu signo de aqu\u00e1rio, de esp\u00edrito futurista, justiceiro e que adora se conectar com a natureza humana e n\u00e3o humana. Cativada pela causa animal desde os 12 anos de idade, quando se tornou vegetariana por amor e ativismo. Est\u00e1 sempre envolvida com cria\u00e7\u00f5es art\u00edsticas, pintura, costura, maquiagem, [&hellip;]<\/p>\n","protected":false},"author":1264,"featured_media":0,"parent":9,"menu_order":0,"comment_status":"closed","ping_status":"closed","template":"","meta":{"footnotes":""},"class_list":["post-17","page","type-page","status-publish","hentry","post"],"_links":{"self":[{"href":"https:\/\/wp.ufpel.edu.br\/ecoesteticagp\/wp-json\/wp\/v2\/pages\/17","targetHints":{"allow":["GET"]}}],"collection":[{"href":"https:\/\/wp.ufpel.edu.br\/ecoesteticagp\/wp-json\/wp\/v2\/pages"}],"about":[{"href":"https:\/\/wp.ufpel.edu.br\/ecoesteticagp\/wp-json\/wp\/v2\/types\/page"}],"author":[{"embeddable":true,"href":"https:\/\/wp.ufpel.edu.br\/ecoesteticagp\/wp-json\/wp\/v2\/users\/1264"}],"replies":[{"embeddable":true,"href":"https:\/\/wp.ufpel.edu.br\/ecoesteticagp\/wp-json\/wp\/v2\/comments?post=17"}],"version-history":[{"count":4,"href":"https:\/\/wp.ufpel.edu.br\/ecoesteticagp\/wp-json\/wp\/v2\/pages\/17\/revisions"}],"predecessor-version":[{"id":598,"href":"https:\/\/wp.ufpel.edu.br\/ecoesteticagp\/wp-json\/wp\/v2\/pages\/17\/revisions\/598"}],"up":[{"embeddable":true,"href":"https:\/\/wp.ufpel.edu.br\/ecoesteticagp\/wp-json\/wp\/v2\/pages\/9"}],"wp:attachment":[{"href":"https:\/\/wp.ufpel.edu.br\/ecoesteticagp\/wp-json\/wp\/v2\/media?parent=17"}],"curies":[{"name":"wp","href":"https:\/\/api.w.org\/{rel}","templated":true}]}}