{"id":105,"date":"2010-03-25T12:06:10","date_gmt":"2010-03-25T15:06:10","guid":{"rendered":"https:\/\/wp.ufpel.edu.br\/ecb\/?page_id=105"},"modified":"2013-05-02T18:40:19","modified_gmt":"2013-05-02T21:40:19","slug":"estagio-supervisionado-ii-ensino-de-ciencias","status":"publish","type":"page","link":"https:\/\/wp.ufpel.edu.br\/ecb\/estagio-supervisionado-ii-ensino-de-ciencias\/","title":{"rendered":"&#8211; Est\u00e1gio Supervisionado &#8211; Ensino de Ci\u00eancias"},"content":{"rendered":"<p>LDBEN 9394\/96: <a href=\"https:\/\/wp.ufpel.edu.br\/ecb\/files\/2010\/03\/C\u00f3pia-LDB-9394-96.doc\">C\u00f3pia LDB 9394-96<\/a><\/p>\n<p>Orienta\u00e7\u00f5es para est\u00e1gio: <a href=\"https:\/\/wp.ufpel.edu.br\/ecb\/files\/2010\/03\/Orienta\u00e7\u00f5es-para-Est\u00e1gio-II-2010.pdf\">Orienta\u00e7\u00f5es para Est\u00e1gio II-2010<\/a><\/p>\n","protected":false},"excerpt":{"rendered":"<p>LDBEN 9394\/96: C\u00f3pia LDB 9394-96 Orienta\u00e7\u00f5es para est\u00e1gio: Orienta\u00e7\u00f5es para Est\u00e1gio II-2010<\/p>\n","protected":false},"author":25,"featured_media":0,"parent":0,"menu_order":0,"comment_status":"closed","ping_status":"open","template":"","meta":{"footnotes":""},"class_list":["post-105","page","type-page","status-publish","hentry"],"_links":{"self":[{"href":"https:\/\/wp.ufpel.edu.br\/ecb\/wp-json\/wp\/v2\/pages\/105","targetHints":{"allow":["GET"]}}],"collection":[{"href":"https:\/\/wp.ufpel.edu.br\/ecb\/wp-json\/wp\/v2\/pages"}],"about":[{"href":"https:\/\/wp.ufpel.edu.br\/ecb\/wp-json\/wp\/v2\/types\/page"}],"author":[{"embeddable":true,"href":"https:\/\/wp.ufpel.edu.br\/ecb\/wp-json\/wp\/v2\/users\/25"}],"replies":[{"embeddable":true,"href":"https:\/\/wp.ufpel.edu.br\/ecb\/wp-json\/wp\/v2\/comments?post=105"}],"version-history":[{"count":8,"href":"https:\/\/wp.ufpel.edu.br\/ecb\/wp-json\/wp\/v2\/pages\/105\/revisions"}],"predecessor-version":[{"id":139,"href":"https:\/\/wp.ufpel.edu.br\/ecb\/wp-json\/wp\/v2\/pages\/105\/revisions\/139"}],"wp:attachment":[{"href":"https:\/\/wp.ufpel.edu.br\/ecb\/wp-json\/wp\/v2\/media?parent=105"}],"curies":[{"name":"wp","href":"https:\/\/api.w.org\/{rel}","templated":true}]}}