{"id":111,"date":"2016-03-27T23:01:05","date_gmt":"2016-03-28T02:01:05","guid":{"rendered":"https:\/\/wp.ufpel.edu.br\/ebarbosa\/?page_id=111"},"modified":"2021-11-01T18:12:24","modified_gmt":"2021-11-01T21:12:24","slug":"publicacoes","status":"publish","type":"page","link":"https:\/\/wp.ufpel.edu.br\/ebarbosa\/publicacoes\/","title":{"rendered":"Publications"},"content":{"rendered":"<ul>\n<li><span style=\"font-size: 12pt\"><strong>\u00a0\u00a0<\/strong><span style=\"color: #ff6600\"><em>Work in progress<\/em><\/span><\/span><\/li>\n<\/ul>\n<p><span style=\"font-size: 12pt\">&#8211; <strong>(Forthcoming) <\/strong><a href=\"https:\/\/documentcloud.adobe.com\/link\/review?uri=urn:aaid:scds:US:ba331361-237c-434b-8cd9-343fac33a96b\" target=\"_blank\" rel=\"noopener\">Pandemic as a Severe Scarcity Condition:\u00a0Testing the tenacity of ideal theories of<\/a><a href=\"https:\/\/documentcloud.adobe.com\/link\/review?uri=urn:aaid:scds:US:ba331361-237c-434b-8cd9-343fac33a96b\" target=\"_blank\" rel=\"noopener\"> justice<\/a>. In:\u00a0Gottfried, Schweiger.\u00a0<em>The Global and Social Consequences of the COVID-19 Pandemic &#8211; Ethical and Philosophical Reflections. <\/em>Palgrave Macmillan.<\/span><\/p>\n<p><span style=\"font-size: 12pt\"><em>&#8211; <\/em><a href=\"https:\/\/documentcloud.adobe.com\/link\/review?uri=urn:aaid:scds:US:7000949e-03a0-4cce-9877-27814855e860\" target=\"_blank\" rel=\"noopener\">Behind Rights to Meet Responsibilities:\u00a0Moral Considerations in Pandemic Times<\/a>\u00a0(Summary)<\/span><\/p>\n<p><span style=\"font-size: 12pt\"><!--more--><\/span><\/p>\n<ul>\n<li><span style=\"color: #ff6600;font-size: 12pt\">Main Texts (Papers and Chapters)<\/span><\/li>\n<\/ul>\n<p><span style=\"font-size: 12pt\">(2021) <a href=\"https:\/\/doi.org\/10.31977\/grirfi.v21i1.2121\" target=\"_blank\" rel=\"noopener\">Human Dignity in Adam Smith: the Reconciliation between Liberalism and Moral<\/a>.\u00a0<em>Griot.<\/em><\/span><\/p>\n<p><span style=\"font-size: 12pt\">(2020) Barbosa, Evandro; Alves Costa, Tha\u00eds.\u00a0<a href=\"https:\/\/doi.org\/10.5902\/2179378647242\" target=\"_blank\" rel=\"noopener\">Beyond the death drive: absurd and revolt in Albert Camus.<\/a> <em>Voluntas: International Journal of Philosophy<\/em>.<\/span><\/p>\n<p><span style=\"font-size: 12pt\">(2020) <a href=\"https:\/\/doi.org\/10.5007\/1677-2954.2020v19n2p386\" target=\"_blank\" rel=\"noopener\">Obligation, Authority, and Moral Demand.<\/a>\u00a0<em>Ethic@ &#8211; An International Journal for Moral Philosophy<\/em><\/span><\/p>\n<p class=\"page_title\"><span style=\"font-size: 12pt\"><span style=\"font-family: georgia, palatino, serif\">(2019) <a href=\"https:\/\/doi.org\/10.4013\/fsu.2019.201.10\" target=\"_blank\" rel=\"noopener\">Between Scylla and Charybdis: the Darwinian dilemma and the debunking of morality.<\/a> <\/span><em>Unisinos Journal of Philosophy.<\/em><\/span><\/p>\n<p><span style=\"font-size: 12pt\">(2018) \u00a0<a href=\"http:\/\/www.ucs.br\/etc\/revistas\/index.php\/conjectura\/article\/view\/5376\" target=\"_blank\" rel=\"noopener\">A economia internacional como promotora do desenvolvimento humano a partir da releitura de Amartya Sen sobre a teoria de Adam Smith.<\/a><\/span><\/p>\n<div class=\"page\" title=\"Page 5\">\n<div class=\"layoutArea\">\n<div class=\"column\">\n<p><span style=\"font-size: 12pt\">(2016) <a href=\"https:\/\/wp.ufpel.edu.br\/nepfil\/files\/2019\/02\/1-a-companion-to-naturalism.pdf\" target=\"_blank\" rel=\"noopener\">Demystifying the Nature of Moral Judgments by Reductionist Naturalism<\/a>. <em>Companion to Naturalism.<\/em><\/span><\/p>\n<\/div>\n<\/div>\n<\/div>\n<p><span class=\"Apple-style-span\" style=\"font-size: 12pt\"><span style=\"color: #000000\">(2017)<\/span><strong><span style=\"color: #0000ff\">\u00a0<\/span><\/strong><span style=\"color: #0000ff\"><a style=\"color: #0000ff\" href=\"http:\/\/dx.doi.org\/10.15448\/1984-6746.2017.1.19854\" target=\"_blank\" rel=\"noopener noreferrer\">O contratualismo e a met\u00e1fora\u00a0da constru\u00e7\u00e3o em John Rawls.<\/a>\u00a0<\/span><em>Veritas.<\/em><\/span><\/p>\n<p><span style=\"font-size: 12pt\"><span class=\"Apple-style-span\"><span style=\"color: #000000\">(2016) <span style=\"color: #0000ff\">\u00a0<\/span><\/span><\/span><span style=\"color: #0000ff\"><a style=\"color: #0000ff\" href=\"http:\/\/dx.doi.org\/10.20911\/21769389v43n137p475\/2016\" target=\"_blank\" rel=\"noopener noreferrer\">Objetividade moral em teorias da justi\u00e7a: a proposta de John Rawls.<\/a>\u00a0<\/span><em>S\u00edntese &#8211; Revista de Filosofia.<\/em><\/span><\/p>\n<p><span style=\"font-size: 12pt\"><span style=\"color: #0000ff\"><span class=\"Apple-style-span\" style=\"color: #000000\">(2016)<\/span><a style=\"color: #0000ff\" href=\"http:\/\/www2.ufpel.edu.br\/isp\/dissertatio\/revistas\/suplementar\/naturalismo\/4.pdf\" target=\"_blank\" rel=\"noopener noreferrer\">Pode o naturalismo reducionista de David Copp acomodar o realismo e o construtivismo moral.<\/a>\u00a0<\/span><em>Dissertatio &#8211; Revista de Filosofia.<\/em><\/span><\/p>\n<p><span style=\"font-size: 12pt\"><span style=\"color: #0000ff\"><span class=\"Apple-style-span\" style=\"color: #000000\">(2016)<\/span><a style=\"color: #0000ff\" href=\"https:\/\/doi.org\/10.31977\/grirfi.v13i1.683\" target=\"_blank\" rel=\"noopener noreferrer\">A concep\u00e7\u00e3o de dignidade humana em Ronald Dworkin.<\/a> <\/span><em>Griot.<\/em><\/span><\/p>\n<p><span style=\"font-size: 12pt\"><span class=\"Apple-style-span\"><span style=\"color: #000000\">(2016)<\/span><\/span><span style=\"color: #0000ff\">\u00a0<a style=\"color: #0000ff\" href=\"https:\/\/files.acrobat.com\/a\/preview\/8dd27a4f-dd9e-477b-b228-645c11372005\" target=\"_blank\" rel=\"noopener noreferrer\">O liberalismo restritivo de Thomas Sowell: uma an\u00e1lise do problema das a\u00e7\u00f5es afirmativas.<\/a>\u00a0<\/span>Chapter In <em>Direito &amp; Justi\u00e7a: Festschrift em Homenagem a Thadeu Weber.<\/em><\/span><\/p>\n<p><span style=\"font-size: 12pt\"><span class=\"Apple-style-span\" style=\"color: #000000\">(2015) <\/span><span style=\"color: #0000ff\"><a style=\"color: #0000ff\" href=\"https:\/\/periodicos.ufpe.br\/revistas\/perspectivafilosofica\/article\/view\/230246\" target=\"_blank\" rel=\"noopener noreferrer\">A verit\u00e1 effetuale como fundamento do realismo pol\u00edtico de Maquiavel.<\/a>\u00a0<\/span><em>Perspectiva Filos\u00f3fica.<\/em><\/span><\/p>\n<p><span style=\"font-size: 12pt\"><span style=\"color: #0000ff\"><span class=\"Apple-style-span\" style=\"color: #000000\">(2014)<\/span><a style=\"color: #0000ff\" href=\"http:\/\/www.ihuonline.unisinos.br\/index.php?option=com_content&amp;view=article&amp;id=5352&amp;secao=436\" target=\"_blank\" rel=\"noopener noreferrer\">O Neocontratualismo de Rawls \u2013 Justi\u00e7a como equidade e imparcialidade.<\/a><\/span><em>Revista IHU.<\/em><\/span><\/p>\n<p><span style=\"font-size: 12pt\"><span style=\"color: #0000ff\"><span class=\"Apple-style-span\" style=\"color: #000000\">(2014)<\/span><span style=\"color: #000000\"><strong><span class=\"Apple-style-span\">\u00a0<\/span><\/strong><\/span><a style=\"color: #0000ff\" href=\"http:\/\/www2.ufpel.edu.br\/isp\/dissertatio\/revistas\/39\/10.pdf\" target=\"_blank\" rel=\"noopener noreferrer\">A racionalidade procedimental no Estado de Direito em Habermas.<\/a>\u00a0<\/span><em>K\u00ednesis &#8211; Revista de Filosofia.<\/em><\/span><\/p>\n<p><span style=\"font-size: 12pt\"><span style=\"color: #0000ff\"><span class=\"Apple-style-span\" style=\"color: #000000\">(2013)<\/span><a style=\"color: #0000ff\" href=\"https:\/\/files.acrobat.com\/a\/preview\/8e91399e-623d-45f1-914f-2eafaea659e7\" target=\"_blank\" rel=\"noopener noreferrer\">Como resolver desacordos morais.<\/a><\/span>Chapter in\u00a0<em>Temas de Filosofia Pol\u00edtica Contempor\u00e2nea<\/em><em>.\u00a0<\/em><\/span><\/p>\n<p><span class=\"Apple-style-span\" style=\"font-size: 12pt\"><span style=\"color: #0000ff\"><span style=\"color: #000000\">(2012)<\/span><a style=\"color: #0000ff\" href=\"https:\/\/doi.org\/10.26694\/pensando.v3i5.783.g673\" target=\"_blank\" rel=\"noopener noreferrer\">Coopera\u00e7\u00e3o e o recurso a uma base p\u00fablica de justifica\u00e7\u00e3o em John Rawls.<\/a><\/span><em>Pensando: Revista de Filosofia.<\/em><br \/>\n<\/span><\/p>\n<p><span style=\"font-size: 12pt\"><!--more--><strong style=\"color: #ff0000\">\u00a0 \u00a0 \u00a0 \u00a0<\/strong><\/span><\/p>\n<ul>\n<li><span style=\"color: #ff6600;font-size: 12pt\">Books<\/span><\/li>\n<\/ul>\n<p><span style=\"font-size: 12pt\">(2018) Barbosa, Evandro; Hobuss, Jo\u00e3o (Eds.).\u00a0\u00a0<a href=\"http:\/\/guaiaca.ufpel.edu.br:8080\/bitstream\/prefix\/6264\/1\/Agencia_Deliberacao_e_Motivacao.pdf\" target=\"_blank\" rel=\"noopener\">Ag\u00eancia, Delibera\u00e7\u00e3o e Motiva\u00e7\u00e3o I.<\/a><\/span><\/p>\n<p><span style=\"font-size: 12pt\">(2018) Barbosa, Evandro; Hobuss, Jo\u00e3o (Eds.).\u00a0<a href=\"https:\/\/3c290742-53df-4d6f-b12f-6b135a606bc7.filesusr.com\/ugd\/48d206_f9273e1a10024bcdbb52a44219338c3b.pdf\" target=\"_blank\" rel=\"noopener\">Ag\u00eancia, Delibera\u00e7\u00e3o e Motiva\u00e7\u00e3o II.<\/a><\/span><\/p>\n<p><span style=\"font-size: 12pt\">(2018 ) Barbosa, Evandro; Bresolin, Keberson(Eds.). <em>Temas de Filosofia do Direito II &#8211; Debates contempor\u00e2neos<\/em>.<\/span><\/p>\n<div class=\"layout-cell layout-cell-11\">\n<div><span style=\"font-size: 12pt\">(2017) Barbosa, Evandro; Bresolin, Keberson(Eds.).\u00a0<a href=\"https:\/\/www.ucs.br\/site\/midia\/arquivos\/ebook-temas-filosofia.pdf\" target=\"_blank\" rel=\"noopener\">Temas de Filosofia Pol\u00edtica Contempor\u00e2nea.<\/a><\/span><\/div>\n<\/div>\n<p><span style=\"font-size: 12pt\">(2015) Barbosa, Evandro.\u00a0<a href=\"http:\/\/nepfil.ufpel.edu.br\/publicacoes\/3-direito-e-moral-em-kant.pdf\" target=\"_blank\" rel=\"noopener\">Direito e Moral em Kant.<\/a><\/span><\/p>\n<p><span style=\"font-size: 12pt\">(2015) Barbosa, Evandro; Alves Costa, Tha\u00eds (Eds.).\u00a0<a href=\"http:\/\/nepfil.ufpel.edu.br\/publicacoes\/3-metodologia-e-pratica-de-pesquisa-em-filosofia.pdf\" target=\"_blank\" rel=\"noopener\">Metodologia e Pr\u00e1tica da Pesquisa em Filosofia.<\/a><\/span><\/p>\n<div class=\"layout-cell layout-cell-1 text-align-right\"><\/div>\n<div class=\"layout-cell layout-cell-11\">\n<div class=\"layout-cell-pad-5\"><span style=\"font-size: 12pt\">(2014 ) Barbosa, Evandro; Ferraz, Carlos (Eds.).\u00a0<a href=\"https:\/\/portal-archipelagus.azurewebsites.net\/farol\/abeu\/catalogo-unificado\/item\/editora-ufpel\/temas-de-filosofia-do-direito\/47384\/\" target=\"_blank\" rel=\"noopener\">Temas de Filosofia do Direito II.<\/a><\/span><\/div>\n<\/div>\n<div><\/div>\n<div class=\"layout-cell-pad-5\"><span style=\"font-size: 12pt\">(2103) Barbosa, Evandro; Andrade, Claudio (Eds.).\u00a0<em>Ensaios de Filosofia Pol\u00edtica: Reflex\u00f5es contempor\u00e2neas<\/em>.<\/span><\/div>\n<p><span style=\"font-size: 12pt\">(2011) Barbosa, Evandro; Etcheverry, Katia; Bavaresco, Agemir. <em>Projetos de Filosofia.<\/em><\/span><\/p>\n<p><span style=\"font-size: 12pt\"><!--more--><\/span><\/p>\n<ul>\n<li><span style=\"font-size: 12pt\"><em><span style=\"color: #ff6600\">Translation to Portuguese<\/span><\/em><\/span><\/li>\n<\/ul>\n<p><span style=\"font-size: 12pt\"><span style=\"color: #0000ff\"><span style=\"color: #000000\">(2014)<\/span><\/span>\u00a0<span style=\"color: #0000ff\"><a style=\"color: #0000ff\" href=\"https:\/\/files.acrobat.com\/a\/preview\/bef39ca8-a6ef-41fc-8902-9e7e886badcd\" target=\"_blank\" rel=\"noopener noreferrer\">Realism and Constructivism in Twentieth Century Moral Philosophy.<\/a><\/span>\u00a0(by Christine Korsgaard)<span style=\"color: #0000ff\">\u00a0<\/span><\/span><\/p>\n","protected":false},"excerpt":{"rendered":"<p>\u00a0\u00a0Work in progress &#8211; (Forthcoming) Pandemic as a Severe Scarcity Condition:\u00a0Testing the tenacity of ideal theories of justice. In:\u00a0Gottfried, Schweiger.\u00a0The Global and Social Consequences of the COVID-19&hellip; <span class=\"read-more\"><a class=\"more-link\" href=\"https:\/\/wp.ufpel.edu.br\/ebarbosa\/publicacoes\/\" rel=\"bookmark\">Read more <span class=\"screen-reader-text\">&#8220;Publications&#8221;<\/span><\/a><\/span><\/p>\n","protected":false},"author":551,"featured_media":0,"parent":0,"menu_order":0,"comment_status":"closed","ping_status":"closed","template":"","meta":{"footnotes":""},"class_list":["post-111","page","type-page","status-publish","hentry"],"jetpack_sharing_enabled":true,"_links":{"self":[{"href":"https:\/\/wp.ufpel.edu.br\/ebarbosa\/wp-json\/wp\/v2\/pages\/111","targetHints":{"allow":["GET"]}}],"collection":[{"href":"https:\/\/wp.ufpel.edu.br\/ebarbosa\/wp-json\/wp\/v2\/pages"}],"about":[{"href":"https:\/\/wp.ufpel.edu.br\/ebarbosa\/wp-json\/wp\/v2\/types\/page"}],"author":[{"embeddable":true,"href":"https:\/\/wp.ufpel.edu.br\/ebarbosa\/wp-json\/wp\/v2\/users\/551"}],"replies":[{"embeddable":true,"href":"https:\/\/wp.ufpel.edu.br\/ebarbosa\/wp-json\/wp\/v2\/comments?post=111"}],"version-history":[{"count":59,"href":"https:\/\/wp.ufpel.edu.br\/ebarbosa\/wp-json\/wp\/v2\/pages\/111\/revisions"}],"predecessor-version":[{"id":920,"href":"https:\/\/wp.ufpel.edu.br\/ebarbosa\/wp-json\/wp\/v2\/pages\/111\/revisions\/920"}],"wp:attachment":[{"href":"https:\/\/wp.ufpel.edu.br\/ebarbosa\/wp-json\/wp\/v2\/media?parent=111"}],"curies":[{"name":"wp","href":"https:\/\/api.w.org\/{rel}","templated":true}]}}