{"id":93,"date":"2021-08-01T18:57:04","date_gmt":"2021-08-01T21:57:04","guid":{"rendered":"https:\/\/wp.ufpel.edu.br\/dpvsa2021\/?page_id=93"},"modified":"2022-03-09T10:02:03","modified_gmt":"2022-03-09T13:02:03","slug":"program-october-28","status":"publish","type":"page","link":"https:\/\/wp.ufpel.edu.br\/dpvsa2021\/program-october-28\/","title":{"rendered":"Program October 28th"},"content":{"rendered":"<p>&nbsp;<\/p>\n<table style=\"border-collapse: collapse;width: 100%\" border=\"1\">\n<tbody>\n<tr style=\"height: 24px\">\n<td style=\"width: 33.7563%;text-align: center;height: 24px\"><span style=\"font-size: 12pt\">09:00 \u2014 11:00<br \/>\n<\/span><\/td>\n<td style=\"width: 67.2589%;text-align: left;height: 24px\"><a href=\"https:\/\/wp.ufpel.edu.br\/dpvsa2021\/speaker-ricardo-matsumura\/\"><em>Curso B\u00e1sico: Classifica\u00e7\u00e3o de Imagens com Redes Neurais Convolucionais<\/em><\/a><br \/>\n<em><span style=\"font-size: 10pt\">Language: Portuguese<\/span><\/em><br \/>\n<strong>Ricardo Araujo (UFPel)<br \/>\n<\/strong><\/td>\n<\/tr>\n<tr style=\"height: 24px\">\n<td style=\"width: 33.7563%;height: 24px;text-align: center\" scope=\"col\"><span style=\"font-size: 12pt\">11:00 \u2014 12:00<\/span><\/td>\n<td style=\"width: 67.2589%;height: 24px;text-align: left\"><a href=\"https:\/\/wp.ufpel.edu.br\/dpvsa2021\/speaker-ricardo-matsumura\/\"><em>Hub de Inova\u00e7\u00e3o em Intelig\u00eancia Artificial (H2IA)<\/em><\/a><br \/>\n<em><span style=\"font-size: 10pt\">Language: Portuguese<\/span><\/em><br \/>\n<strong>Ricardo Araujo (UFPel)<\/strong><\/td>\n<\/tr>\n<tr style=\"height: 24px\">\n<td style=\"width: 33.7563%;height: 24px;text-align: center\" scope=\"col\"><span style=\"font-size: 12pt\">12:00 \u2014 13:30<br \/>\n<\/span><\/td>\n<td style=\"width: 67.2589%;height: 24px;text-align: left\">Lunch Break<\/td>\n<\/tr>\n<tr style=\"height: 24px\">\n<td style=\"width: 33.7563%;height: 24px;text-align: center\" scope=\"col\"><span style=\"font-size: 12pt\">13:30 \u2014 14:45<\/span><\/td>\n<td style=\"width: 67.2589%;height: 24px;text-align: left\"><a href=\"https:\/\/wp.ufpel.edu.br\/dpvsa2021\/speaker-ana-eliza-faria-e-silva\/\"><em>A Evolu\u00e7\u00e3o da TV Aberta<\/em><\/a><br \/>\n<em><span style=\"font-size: 10pt\">Language: Portuguese<\/span><\/em><br \/>\n<strong>Ana Eliza Faria e Silva (TV Globo)<\/strong><\/td>\n<\/tr>\n<tr style=\"height: 24px\">\n<td style=\"width: 33.7563%;height: 24px;text-align: center\" scope=\"col\"><span style=\"font-size: 12pt\">14:45 \u2014 15:00<br \/>\n<\/span><\/td>\n<td style=\"width: 67.2589%;height: 24px;text-align: left\">Break<\/td>\n<\/tr>\n<tr style=\"height: 24px\">\n<td style=\"width: 33.7563%;text-align: center;height: 24px\"><span style=\"font-size: 12pt\">15:00 \u2014 16:15<\/span><\/td>\n<td style=\"width: 67.2589%;text-align: left;height: 24px\"><a href=\"https:\/\/wp.ufpel.edu.br\/dpvsa2021\/spekar-mariana-afonso\/\"><em>The journey towards better video compression for VOD streaming<\/em><\/a><br \/>\n<em><span style=\"font-size: 10pt\">Language: English<\/span><\/em><br \/>\n<strong>Mariana Afonso (Netflix)<\/strong><\/td>\n<\/tr>\n<tr style=\"height: 24px\">\n<td style=\"width: 33.7563%;height: 24px;text-align: center\" scope=\"col\"><span style=\"font-size: 12pt\">16:15 \u2014 16:30<\/span><\/td>\n<td style=\"width: 67.2589%;height: 24px;text-align: left\">Break<\/td>\n<\/tr>\n<tr style=\"height: 24px\">\n<td style=\"width: 33.7563%;text-align: center;height: 24px\"><span style=\"font-size: 12pt\">16:30 \u2014 18:00<\/span><\/td>\n<td style=\"width: 67.2589%;text-align: left;height: 24px\"><strong><em>Poster Session III (90&#8242;)<\/em><\/strong><\/td>\n<\/tr>\n<\/tbody>\n<\/table>\n<p><strong>Times are expressed in GMT-3<\/strong><\/p>\n","protected":false},"excerpt":{"rendered":"<p>&nbsp; 09:00 \u2014 11:00 Curso B\u00e1sico: Classifica\u00e7\u00e3o de Imagens com Redes Neurais Convolucionais Language: Portuguese Ricardo Araujo (UFPel) 11:00 \u2014 12:00 Hub de Inova\u00e7\u00e3o em Intelig\u00eancia Artificial (H2IA) Language: Portuguese Ricardo Araujo (UFPel) 12:00&#46;&#46;&#46;<\/p>\n","protected":false},"author":746,"featured_media":0,"parent":0,"menu_order":0,"comment_status":"closed","ping_status":"closed","template":"","meta":{"footnotes":""},"class_list":["post-93","page","type-page","status-publish","hentry"],"_links":{"self":[{"href":"https:\/\/wp.ufpel.edu.br\/dpvsa2021\/wp-json\/wp\/v2\/pages\/93","targetHints":{"allow":["GET"]}}],"collection":[{"href":"https:\/\/wp.ufpel.edu.br\/dpvsa2021\/wp-json\/wp\/v2\/pages"}],"about":[{"href":"https:\/\/wp.ufpel.edu.br\/dpvsa2021\/wp-json\/wp\/v2\/types\/page"}],"author":[{"embeddable":true,"href":"https:\/\/wp.ufpel.edu.br\/dpvsa2021\/wp-json\/wp\/v2\/users\/746"}],"replies":[{"embeddable":true,"href":"https:\/\/wp.ufpel.edu.br\/dpvsa2021\/wp-json\/wp\/v2\/comments?post=93"}],"version-history":[{"count":16,"href":"https:\/\/wp.ufpel.edu.br\/dpvsa2021\/wp-json\/wp\/v2\/pages\/93\/revisions"}],"predecessor-version":[{"id":661,"href":"https:\/\/wp.ufpel.edu.br\/dpvsa2021\/wp-json\/wp\/v2\/pages\/93\/revisions\/661"}],"wp:attachment":[{"href":"https:\/\/wp.ufpel.edu.br\/dpvsa2021\/wp-json\/wp\/v2\/media?parent=93"}],"curies":[{"name":"wp","href":"https:\/\/api.w.org\/{rel}","templated":true}]}}