{"id":61,"date":"2019-11-20T10:22:36","date_gmt":"2019-11-20T13:22:36","guid":{"rendered":"https:\/\/wp.ufpel.edu.br\/douglaslangie\/?page_id=61"},"modified":"2022-09-18T21:24:12","modified_gmt":"2022-09-19T00:24:12","slug":"contato","status":"publish","type":"page","link":"https:\/\/wp.ufpel.edu.br\/douglaslangie\/contato\/","title":{"rendered":"Contato"},"content":{"rendered":"<div class=\"layout-cell layout-cell-3 text-align-right\">\n<div class=\"layout-cell-pad-5 text-align-right\"><span style=\"font-family: 'times new roman', times, serif;\"><b>Endere\u00e7o Profissional<\/b><\/span><\/div>\n<div><\/div>\n<\/div>\n<div class=\"layout-cell layout-cell-9\">\n<div class=\"layout-cell-pad-5\"><span style=\"font-family: 'times new roman', times, serif;\">Universidade Federal de Pelotas, Instituto de F\u00edsica e Matem\u00e1tica (IFM), Dept\u00ba. de F\u00edsica.<\/span><br class=\"clear\" \/><span style=\"font-family: 'times new roman', times, serif;\">Campus Universit\u00e1rio s\/n, Sem Bairro<\/span><br class=\"clear\" \/><span style=\"font-family: 'times new roman', times, serif;\">96010900 \u2013 Pelotas, RS \u2013 Brasil \u2013 Caixa-postal: 354<\/span><br class=\"clear\" \/><span style=\"font-family: 'times new roman', times, serif;\">Telefone: (53) 32757345<\/span><br class=\"clear\" \/><span style=\"font-family: 'times new roman', times, serif;\">Ramal: 53<\/span><br class=\"clear\" \/><span style=\"font-family: 'times new roman', times, serif;\">Fax: (533) 32757343<\/span><br class=\"clear\" \/><span style=\"font-family: 'times new roman', times, serif;\">URL da Homepage: https:\/\/wp.ufpel.edu.br\/douglaslangie\/<\/span><\/div>\n<div><span style=\"font-family: 'times new roman', times, serif;\">email 1: douglas.langie@ufpel.edu.br<\/span><\/div>\n<div><span style=\"font-family: 'times new roman', times, serif;\">email 2: douglaslangie@gmail.com<\/span><\/div>\n<\/div>\n","protected":false},"excerpt":{"rendered":"<p>Endere\u00e7o Profissional Universidade Federal de Pelotas, Instituto de F\u00edsica e Matem\u00e1tica (IFM), Dept\u00ba. de F\u00edsica.Campus Universit\u00e1rio s\/n, Sem Bairro96010900 \u2013 Pelotas, RS \u2013 Brasil \u2013 Caixa-postal: 354Telefone: (53) 32757345Ramal: 53Fax: (533) 32757343URL da Homepage: https:\/\/wp.ufpel.edu.br\/douglaslangie\/ email 1: douglas.langie@ufpel.edu.br email 2: douglaslangie@gmail.com<\/p>\n","protected":false},"author":972,"featured_media":0,"parent":0,"menu_order":0,"comment_status":"closed","ping_status":"closed","template":"","meta":{"footnotes":""},"class_list":["post-61","page","type-page","status-publish","hentry"],"_links":{"self":[{"href":"https:\/\/wp.ufpel.edu.br\/douglaslangie\/wp-json\/wp\/v2\/pages\/61","targetHints":{"allow":["GET"]}}],"collection":[{"href":"https:\/\/wp.ufpel.edu.br\/douglaslangie\/wp-json\/wp\/v2\/pages"}],"about":[{"href":"https:\/\/wp.ufpel.edu.br\/douglaslangie\/wp-json\/wp\/v2\/types\/page"}],"author":[{"embeddable":true,"href":"https:\/\/wp.ufpel.edu.br\/douglaslangie\/wp-json\/wp\/v2\/users\/972"}],"replies":[{"embeddable":true,"href":"https:\/\/wp.ufpel.edu.br\/douglaslangie\/wp-json\/wp\/v2\/comments?post=61"}],"version-history":[{"count":6,"href":"https:\/\/wp.ufpel.edu.br\/douglaslangie\/wp-json\/wp\/v2\/pages\/61\/revisions"}],"predecessor-version":[{"id":250,"href":"https:\/\/wp.ufpel.edu.br\/douglaslangie\/wp-json\/wp\/v2\/pages\/61\/revisions\/250"}],"wp:attachment":[{"href":"https:\/\/wp.ufpel.edu.br\/douglaslangie\/wp-json\/wp\/v2\/media?parent=61"}],"curies":[{"name":"wp","href":"https:\/\/api.w.org\/{rel}","templated":true}]}}