{"id":2068,"date":"2015-07-13T13:42:13","date_gmt":"2015-07-13T16:42:13","guid":{"rendered":"https:\/\/wp.ufpel.edu.br\/dme\/?page_id=2068"},"modified":"2019-12-06T13:04:11","modified_gmt":"2019-12-06T16:04:11","slug":"formularios","status":"publish","type":"page","link":"https:\/\/wp.ufpel.edu.br\/dme\/formularios\/","title":{"rendered":"FORMUL\u00c1RIOS"},"content":{"rendered":"<table>\n<caption>\u00a0<\/caption>\n<tbody>\n<tr>\n<td style=\"text-align: center\"><span style=\"font-size: 14pt;color: #808080\">Formul\u00e1rios para Docentes<\/span><\/td>\n<\/tr>\n<tr>\n<td>\n<p>Link para o Manual SEI\/SIGAC do DF:<\/p>\n<p><a href=\"https:\/\/wp.ufpel.edu.br\/depfis\/files\/2019\/09\/Informa%C3%A7%C3%B5es-SEI-1.29.pdf\">https:\/\/wp.ufpel.edu.br\/depfis\/files\/2019\/09\/Informa%C3%A7%C3%B5es-SEI-1.29.pdf<\/a><\/p>\n<p><a href=\"https:\/\/wp.ufpel.edu.br\/dme\/files\/2015\/07\/Folha-de-Processo.doc\">Folha de Processo<\/a><\/p>\n<p><a href=\"https:\/\/wp.ufpel.edu.br\/dme\/files\/2015\/07\/Formulario-Direitos-e-Vantagens.doc\">Formul\u00e1rio de Direitos e Vantagens<\/a><\/p>\n<p><a href=\"https:\/\/wp.ufpel.edu.br\/dme\/files\/2015\/07\/Formul\u00e1rio_Info_Notas_fora_prazos.doc\">Formul\u00e1rio Padr\u00e3o para Informa\u00e7\u00e3o de Notas Fora do Prazo<\/a><\/p>\n<p><a href=\"https:\/\/wp.ufpel.edu.br\/dme\/files\/2015\/07\/Modelo_Di\u00e1rio_de_Classe.doc\">Modelo_Di\u00e1rio_de_Classe<\/a><\/p>\n<p><a href=\"https:\/\/wp.ufpel.edu.br\/dme\/files\/2015\/07\/Modelo_Folha_de_Conteudos.doc\">Modelo_Folha_de_Conte\u00fados<\/a><\/p>\n<p><a href=\"https:\/\/wp.ufpel.edu.br\/dme\/files\/2015\/07\/Modelo_Folha_de_notas.doc\">Modelo_Folha_de_Notas<\/a><\/p>\n<p><a href=\"https:\/\/wp.ufpel.edu.br\/dme\/files\/2015\/07\/Modelo_memorando.doc\">Modelo_Memorando<\/a><\/p>\n<p><a href=\"https:\/\/wp.ufpel.edu.br\/dme\/files\/2015\/07\/Modelo_Plano_de_Ensino.docx\">Modelo_Plano_de_Ensino<\/a><\/p>\n<p><a href=\"https:\/\/wp.ufpel.edu.br\/dme\/files\/2015\/07\/Plano_Trabalho_Docente_modelo.doc\">Modelo Plano_de Trabalho_Docente<\/a><\/p>\n<p><a href=\"https:\/\/wp.ufpel.edu.br\/dme\/files\/2015\/07\/Modelo-Afastamento-SCDP.doc\">Solicita\u00e7\u00e3o de afastamento<\/a><\/td>\n<\/tr>\n<tr>\n<td style=\"text-align: center\"><span style=\"font-size: 14pt;color: #808080\">Formul\u00e1rios para Discentes<\/span><\/td>\n<\/tr>\n<tr>\n<td><a href=\"https:\/\/wp.ufpel.edu.br\/dme\/files\/2015\/07\/revisao-prova.doc\">Formul\u00e1rio de Solicita\u00e7\u00e3o de Revis\u00e3o de Prova<\/a><\/td>\n<\/tr>\n<\/tbody>\n<\/table>\n<p>&nbsp;<\/p>\n","protected":false},"excerpt":{"rendered":"<p>\u00a0 Formul\u00e1rios para Docentes Link para o Manual SEI\/SIGAC do DF: https:\/\/wp.ufpel.edu.br\/depfis\/files\/2019\/09\/Informa%C3%A7%C3%B5es-SEI-1.29.pdf Folha de Processo Formul\u00e1rio de Direitos e Vantagens Formul\u00e1rio Padr\u00e3o para Informa\u00e7\u00e3o de Notas Fora do Prazo Modelo_Di\u00e1rio_de_Classe Modelo_Folha_de_Conte\u00fados Modelo_Folha_de_Notas Modelo_Memorando Modelo_Plano_de_Ensino Modelo Plano_de Trabalho_Docente Solicita\u00e7\u00e3o de afastamento Formul\u00e1rios para Discentes Formul\u00e1rio de Solicita\u00e7\u00e3o de Revis\u00e3o de Prova &nbsp;<\/p>\n","protected":false},"author":162,"featured_media":0,"parent":0,"menu_order":0,"comment_status":"closed","ping_status":"closed","template":"","meta":{"footnotes":""},"class_list":["post-2068","page","type-page","status-publish","hentry"],"jetpack_sharing_enabled":true,"_links":{"self":[{"href":"https:\/\/wp.ufpel.edu.br\/dme\/wp-json\/wp\/v2\/pages\/2068","targetHints":{"allow":["GET"]}}],"collection":[{"href":"https:\/\/wp.ufpel.edu.br\/dme\/wp-json\/wp\/v2\/pages"}],"about":[{"href":"https:\/\/wp.ufpel.edu.br\/dme\/wp-json\/wp\/v2\/types\/page"}],"author":[{"embeddable":true,"href":"https:\/\/wp.ufpel.edu.br\/dme\/wp-json\/wp\/v2\/users\/162"}],"replies":[{"embeddable":true,"href":"https:\/\/wp.ufpel.edu.br\/dme\/wp-json\/wp\/v2\/comments?post=2068"}],"version-history":[{"count":13,"href":"https:\/\/wp.ufpel.edu.br\/dme\/wp-json\/wp\/v2\/pages\/2068\/revisions"}],"predecessor-version":[{"id":3131,"href":"https:\/\/wp.ufpel.edu.br\/dme\/wp-json\/wp\/v2\/pages\/2068\/revisions\/3131"}],"wp:attachment":[{"href":"https:\/\/wp.ufpel.edu.br\/dme\/wp-json\/wp\/v2\/media?parent=2068"}],"curies":[{"name":"wp","href":"https:\/\/api.w.org\/{rel}","templated":true}]}}