{"id":23,"date":"2024-03-15T22:44:09","date_gmt":"2024-03-16T01:44:09","guid":{"rendered":"https:\/\/wp.ufpel.edu.br\/distopias\/?page_id=23"},"modified":"2024-12-02T19:56:43","modified_gmt":"2024-12-02T22:56:43","slug":"membros","status":"publish","type":"page","link":"https:\/\/wp.ufpel.edu.br\/distopias\/pagina-exemplo\/membros\/","title":{"rendered":"Membros"},"content":{"rendered":"<p><strong>Pesquisadores \/ Pesquisadoras<\/strong><\/p>\n<p>Dr. Eduardo Marks de Marques\u00a0 (coordenador)<br \/>\nUniversidade Federal de Pelotas<br \/>\neduardo.marks@ufpel.edu.br<br \/>\n<a href=\"http:\/\/lattes.cnpq.br\/9216599540037680\" target=\"_blank\" rel=\"noopener\">Lattes<\/a><\/p>\n<p>Dr.\u00aa Marina Pereira Penteado<br \/>\nUniversidade Federal de Rio Grande<br \/>\nmahhhp@gmail.com<br \/>\n<a href=\"http:\/\/lattes.cnpq.br\/1748010861441799\" target=\"_blank\" rel=\"noopener\">Lattes<\/a><\/p>\n<p>Dr. Luiz Felipe Voss Espinelly<br \/>\nEscola\u00a0<em>SESI<\/em>\u00a0de Ensino M\u00e9dio Eraldo Giacobbe<br \/>\nluizyoung@yahoo.com.br<br \/>\n<a href=\"http:\/\/lattes.cnpq.br\/3316751576275246\" target=\"_blank\" rel=\"noopener\">Lattes<\/a><\/p>\n<p>Dr. \u00c2nderson Martins Pereira<br \/>\nInstituto Federal Farroupilha &#8211; Campus Alegrete<br \/>\nandersonmartinsp@gmail.com<br \/>\n<a href=\"http:\/\/lattes.cnpq.br\/7015992230002538\" target=\"_blank\" rel=\"noopener\">Lattes<\/a><\/p>\n<p>Dr.\u00aa Eug\u00eania Adamy Basso<br \/>\nxxxx<br \/>\nxxxx<br \/>\n<a href=\"http:\/\/lattes.cnpq.br\/0280439758938183\" target=\"_blank\" rel=\"noopener\">Lattes<\/a><\/p>\n<p>&nbsp;<\/p>\n<p><strong>Doutorandos \/ Doutorandas<\/strong><\/p>\n<p>Anderson Luis Brum de Freitas<br \/>\nUFPel<br \/>\nLattes<\/p>\n<p>Carim Luciane<br \/>\nUFPel<br \/>\nLattes<\/p>\n<p>Jade Bueno Arbo<br \/>\nUFPel<br \/>\nLattes<\/p>\n<p>&nbsp;<\/p>\n<p><strong>Mestrandos \/ Mestrandas<\/strong><\/p>\n<p>Caroline Blank Mesquita<br \/>\nUFPel<br \/>\nLattes<\/p>\n<p>Eduardo Ramson Sanes<br \/>\nUFPel<br \/>\nLattes<\/p>\n<p>&nbsp;<\/p>\n<p><strong>Inicia\u00e7\u00e3o Cient\u00edfica<\/strong><\/p>\n","protected":false},"excerpt":{"rendered":"<p>Pesquisadores \/ Pesquisadoras Dr. Eduardo Marks de Marques\u00a0 (coordenador) Universidade Federal de Pelotas eduardo.marks@ufpel.edu.br Lattes Dr.\u00aa Marina Pereira Penteado Universidade Federal de Rio Grande mahhhp@gmail.com Lattes Dr. Luiz Felipe Voss Espinelly Escola\u00a0SESI\u00a0de Ensino M\u00e9dio Eraldo Giacobbe luizyoung@yahoo.com.br Lattes Dr. \u00c2nderson Martins Pereira Instituto Federal Farroupilha &#8211; Campus Alegrete andersonmartinsp@gmail.com Lattes Dr.\u00aa Eug\u00eania Adamy Basso xxxx [&hellip;]<\/p>\n","protected":false},"author":1184,"featured_media":0,"parent":2,"menu_order":0,"comment_status":"closed","ping_status":"closed","template":"","meta":{"footnotes":""},"class_list":["post-23","page","type-page","status-publish","hentry"],"jetpack_sharing_enabled":true,"_links":{"self":[{"href":"https:\/\/wp.ufpel.edu.br\/distopias\/wp-json\/wp\/v2\/pages\/23","targetHints":{"allow":["GET"]}}],"collection":[{"href":"https:\/\/wp.ufpel.edu.br\/distopias\/wp-json\/wp\/v2\/pages"}],"about":[{"href":"https:\/\/wp.ufpel.edu.br\/distopias\/wp-json\/wp\/v2\/types\/page"}],"author":[{"embeddable":true,"href":"https:\/\/wp.ufpel.edu.br\/distopias\/wp-json\/wp\/v2\/users\/1184"}],"replies":[{"embeddable":true,"href":"https:\/\/wp.ufpel.edu.br\/distopias\/wp-json\/wp\/v2\/comments?post=23"}],"version-history":[{"count":6,"href":"https:\/\/wp.ufpel.edu.br\/distopias\/wp-json\/wp\/v2\/pages\/23\/revisions"}],"predecessor-version":[{"id":33,"href":"https:\/\/wp.ufpel.edu.br\/distopias\/wp-json\/wp\/v2\/pages\/23\/revisions\/33"}],"up":[{"embeddable":true,"href":"https:\/\/wp.ufpel.edu.br\/distopias\/wp-json\/wp\/v2\/pages\/2"}],"wp:attachment":[{"href":"https:\/\/wp.ufpel.edu.br\/distopias\/wp-json\/wp\/v2\/media?parent=23"}],"curies":[{"name":"wp","href":"https:\/\/api.w.org\/{rel}","templated":true}]}}