{"id":527,"date":"2017-04-24T15:26:53","date_gmt":"2017-04-24T18:26:53","guid":{"rendered":"https:\/\/wp.ufpel.edu.br\/bem-estaranimal\/?page_id=527"},"modified":"2020-10-27T16:53:37","modified_gmt":"2020-10-27T19:53:37","slug":"material-educativo","status":"publish","type":"page","link":"https:\/\/wp.ufpel.edu.br\/direitosdosanimais\/material-educativo\/","title":{"rendered":"Manuais"},"content":{"rendered":"<p><a href=\"https:\/\/wp.ufpel.edu.br\/direitosdosanimais\/files\/2020\/10\/Animal-nao-humano-presente-DIGITAL.pdf\">Animal n\u00e3o-humano: Presente!\/Minist\u00e9rio P\u00fablico de Minas Gerais<\/a><\/p>\n<p><a href=\"https:\/\/wp.ufpel.edu.br\/direitosdosanimais\/files\/2020\/09\/cartilha-gt-direito-dos-animais-oab.pdf\">Cartilha de Prote\u00e7\u00e3o Animal\/OABPR<\/a><\/p>\n<p><a href=\"https:\/\/wp.ufpel.edu.br\/direitosdosanimais\/files\/2018\/12\/Cartilha-e-Folder_COMUPA_vers\u00e3o-digital.pdf\">Cartilha de Prote\u00e7\u00e3o Animal\/Prefeitura Municipal de Pelotas<\/a><\/p>\n<p><a href=\"https:\/\/wp.ufpel.edu.br\/direitosdosanimais\/files\/2020\/10\/apostila_caes_digital_ceva.pdf\">Comportamento canino\/Ceva Sa\u00fade Animal<\/a><\/p>\n<p><a href=\"https:\/\/wp.ufpel.edu.br\/direitosdosanimais\/files\/2020\/10\/apostila_gatos_digital_ceva.pdf\">Comportamento felino\/Ceva Sa\u00fade Animal<\/a><\/p>\n<p><a href=\"https:\/\/wp.ufpel.edu.br\/bem-estaranimal\/files\/2017\/04\/Folder-BEA.pdf\">Folder Bem-estar Animal\/CFMV<\/a><\/p>\n<p><a href=\"https:\/\/wp.ufpel.edu.br\/direitosdosanimais\/files\/2019\/10\/guia-como-cuidar-educar-filhotes-cao-cidadao.pdf\">Guia para cuidar e educar filhotes de c\u00e3es<\/a><\/p>\n<p><a href=\"https:\/\/wp.ufpel.edu.br\/direitosdosanimais\/files\/2020\/10\/plano-nacional-contingencia-desastres-massa-envolvendo-animal-v2.pdf\">Plano Nacional de Conting\u00eancia de Desastres em Massa Envolvendo Animais<\/a><\/p>\n<p><a href=\"https:\/\/wp.ufpel.edu.br\/direitosdosanimais\/files\/2020\/10\/Guia_politicas_manejo.pdf\">Politicas de manejo \u00e9tico populacional de c\u00e3es e gatos em Minas Gerais\/Minist\u00e9rio P\u00fablico de Minas Gerais<\/a><\/p>\n<p><a href=\"https:\/\/wp.ufpel.edu.br\/direitosdosanimais\/files\/2018\/03\/Menos-\u00e9-mais-Greenpeace.pdf\">Menos \u00e9 mais\/Greenpeace<\/a><\/p>\n","protected":false},"excerpt":{"rendered":"<p>Animal n\u00e3o-humano: Presente!\/Minist\u00e9rio P\u00fablico de Minas Gerais Cartilha de Prote\u00e7\u00e3o Animal\/OABPR Cartilha de Prote\u00e7\u00e3o Animal\/Prefeitura Municipal de Pelotas Comportamento canino\/Ceva Sa\u00fade Animal Comportamento felino\/Ceva Sa\u00fade Animal Folder Bem-estar Animal\/CFMV Guia para cuidar e educar filhotes de c\u00e3es Plano Nacional de Conting\u00eancia de Desastres em Massa Envolvendo Animais Politicas de manejo \u00e9tico populacional de c\u00e3es e [&hellip;]<\/p>\n","protected":false},"author":472,"featured_media":0,"parent":0,"menu_order":3,"comment_status":"closed","ping_status":"closed","template":"","meta":{"footnotes":""},"class_list":["post-527","page","type-page","status-publish","hentry"],"_links":{"self":[{"href":"https:\/\/wp.ufpel.edu.br\/direitosdosanimais\/wp-json\/wp\/v2\/pages\/527","targetHints":{"allow":["GET"]}}],"collection":[{"href":"https:\/\/wp.ufpel.edu.br\/direitosdosanimais\/wp-json\/wp\/v2\/pages"}],"about":[{"href":"https:\/\/wp.ufpel.edu.br\/direitosdosanimais\/wp-json\/wp\/v2\/types\/page"}],"author":[{"embeddable":true,"href":"https:\/\/wp.ufpel.edu.br\/direitosdosanimais\/wp-json\/wp\/v2\/users\/472"}],"replies":[{"embeddable":true,"href":"https:\/\/wp.ufpel.edu.br\/direitosdosanimais\/wp-json\/wp\/v2\/comments?post=527"}],"version-history":[{"count":35,"href":"https:\/\/wp.ufpel.edu.br\/direitosdosanimais\/wp-json\/wp\/v2\/pages\/527\/revisions"}],"predecessor-version":[{"id":1851,"href":"https:\/\/wp.ufpel.edu.br\/direitosdosanimais\/wp-json\/wp\/v2\/pages\/527\/revisions\/1851"}],"wp:attachment":[{"href":"https:\/\/wp.ufpel.edu.br\/direitosdosanimais\/wp-json\/wp\/v2\/media?parent=527"}],"curies":[{"name":"wp","href":"https:\/\/api.w.org\/{rel}","templated":true}]}}