{"id":19,"date":"2017-01-09T12:49:21","date_gmt":"2017-01-09T14:49:21","guid":{"rendered":"https:\/\/wp.ufpel.edu.br\/bem-estaranimal\/?page_id=19"},"modified":"2020-10-13T15:43:29","modified_gmt":"2020-10-13T18:43:29","slug":"sites","status":"publish","type":"page","link":"https:\/\/wp.ufpel.edu.br\/direitosdosanimais\/sites\/","title":{"rendered":"Sites"},"content":{"rendered":"<p><a href=\"https:\/\/www.anda.jor.br\/category\/conheca-anda-maior-site-de-noticias-do-mundo-animal\/\">ANDA (Ag\u00eancia de Not\u00edcias de Direitos Animais)<\/a><\/p>\n<p><a href=\"https:\/\/www.facebook.com\/animalequalitybrasil\/\">Animal Equality Brasil<\/a><\/p>\n<p><a href=\"http:\/\/www.animalpain.com.br\/\">Animal Pain<\/a><\/p>\n<p><a href=\"http:\/\/arcabrasil.org.br\/\">Arca Brasil<\/a><\/p>\n<p><a href=\"http:\/\/portal.cfmv.gov.br\/\">CFMV (Conselho Federal de Medicina Veterin\u00e1ria)<\/a><\/p>\n<p><a href=\"http:\/\/antigo.mctic.gov.br\/mctic\/opencms\/institucional\/concea\/index.html\">CONCEA (Conselho Nacional de Controle de Experimenta\u00e7\u00e3o Animal)<\/a><\/p>\n<p><a href=\"https:\/\/forumanimal.org\/\">F\u00f3rum Animal (F\u00f3rum Nacional de Prote\u00e7\u00e3o e Defesa Animal)<\/a><\/p>\n<p><a href=\"https:\/\/abolicionismoanimal.org.br\/\">Instituto Abolicionista Animal<\/a><\/p>\n<p><a href=\"http:\/\/ilm.org.br\/\">Instituto Luisa Mell<\/a><\/p>\n<p><a href=\"https:\/\/www.facebook.com\/BrasilMFA\/\">Mercy for Animals Brasil<\/a><\/p>\n<p><a href=\"http:\/\/www.ranchodosgnomos.org.br\/novo\/\">Rancho dos Gnomos<\/a><\/p>\n<p><a href=\"https:\/\/portalseer.ufba.br\/index.php\/RBDA\">Revista Brasileira de Direito Animal<\/a><\/p>\n<p><a href=\"https:\/\/www.svb.org.br\/\">Sociedade Vegetariana Brasileira<\/a><\/p>\n<p><a href=\"https:\/\/www.facebook.com\/sosanimaispelotas\/\">SOS Animais Pelotas<\/a><\/p>\n<p><a href=\"http:\/\/www.uipa.org.br\/\">UIPA (Uni\u00e3o Internacional Protetora dos Animais)<\/a><\/p>\n<p><a href=\"https:\/\/www.vista-se.com.br\/\">Vista-se<\/a><\/p>\n<p><a href=\"https:\/\/www.worldanimalprotection.org.br\/\">World Animal Protection Brasil<\/a><\/p>\n","protected":false},"excerpt":{"rendered":"<p>ANDA (Ag\u00eancia de Not\u00edcias de Direitos Animais) Animal Equality Brasil Animal Pain Arca Brasil CFMV (Conselho Federal de Medicina Veterin\u00e1ria) CONCEA (Conselho Nacional de Controle de Experimenta\u00e7\u00e3o Animal) F\u00f3rum Animal (F\u00f3rum Nacional de Prote\u00e7\u00e3o e Defesa Animal) Instituto Abolicionista Animal Instituto Luisa Mell Mercy for Animals Brasil Rancho dos Gnomos Revista Brasileira de Direito Animal [&hellip;]<\/p>\n","protected":false},"author":472,"featured_media":0,"parent":0,"menu_order":4,"comment_status":"closed","ping_status":"closed","template":"","meta":{"footnotes":""},"class_list":["post-19","page","type-page","status-publish","hentry"],"_links":{"self":[{"href":"https:\/\/wp.ufpel.edu.br\/direitosdosanimais\/wp-json\/wp\/v2\/pages\/19","targetHints":{"allow":["GET"]}}],"collection":[{"href":"https:\/\/wp.ufpel.edu.br\/direitosdosanimais\/wp-json\/wp\/v2\/pages"}],"about":[{"href":"https:\/\/wp.ufpel.edu.br\/direitosdosanimais\/wp-json\/wp\/v2\/types\/page"}],"author":[{"embeddable":true,"href":"https:\/\/wp.ufpel.edu.br\/direitosdosanimais\/wp-json\/wp\/v2\/users\/472"}],"replies":[{"embeddable":true,"href":"https:\/\/wp.ufpel.edu.br\/direitosdosanimais\/wp-json\/wp\/v2\/comments?post=19"}],"version-history":[{"count":43,"href":"https:\/\/wp.ufpel.edu.br\/direitosdosanimais\/wp-json\/wp\/v2\/pages\/19\/revisions"}],"predecessor-version":[{"id":1835,"href":"https:\/\/wp.ufpel.edu.br\/direitosdosanimais\/wp-json\/wp\/v2\/pages\/19\/revisions\/1835"}],"wp:attachment":[{"href":"https:\/\/wp.ufpel.edu.br\/direitosdosanimais\/wp-json\/wp\/v2\/media?parent=19"}],"curies":[{"name":"wp","href":"https:\/\/api.w.org\/{rel}","templated":true}]}}