{"id":161,"date":"2017-01-12T13:30:24","date_gmt":"2017-01-12T15:30:24","guid":{"rendered":"https:\/\/wp.ufpel.edu.br\/bem-estaranimal\/?page_id=161"},"modified":"2020-12-19T15:22:05","modified_gmt":"2020-12-19T18:22:05","slug":"leis-federais","status":"publish","type":"page","link":"https:\/\/wp.ufpel.edu.br\/direitosdosanimais\/legislacao\/leis-federais\/","title":{"rendered":"Legisla\u00e7\u00e3o Federal \/ Brasil"},"content":{"rendered":"<p><a href=\"https:\/\/www.in.gov.br\/en\/web\/dou\/-\/instrucao-normativa-n-113-de-16-de-dezembro-de-2020-294915279\">Instru\u00e7\u00e3o Normativa 113 do Minist\u00e9rio da Agricultura, Pecu\u00e1ria e Abastecimento<\/a> (2020): Estabelecer as boas pr\u00e1ticas de manejo e bem-estar animal nas granjas de su\u00ednos de cria\u00e7\u00e3o comercial.<\/p>\n<p><a href=\"http:\/\/www.planalto.gov.br\/ccivil_03\/_ato2019-2022\/2020\/lei\/L14064.htm\">Lei 14.064<\/a> (2020): Altera a Lei n\u00ba 9.605, de 12 de fevereiro de 1998, para aumentar as penas cominadas ao crime de maus-tratos aos animais quando se tratar de c\u00e3o ou gato.<\/p>\n<p><a href=\"http:\/\/www.planalto.gov.br\/ccivil_03\/_ato2015-2018\/2017\/lei\/L13426.htm\">Lei 13.426<\/a> (2017): Disp\u00f5e sobre a pol\u00edtica de controle da natalidade de c\u00e3es e gatos e d\u00e1 outras provid\u00eancias.<\/p>\n<p><a href=\"http:\/\/www.planalto.gov.br\/CCIVIL_03\/_Ato2011-2014\/2014\/Lei\/L13052.htm\">Lei 13.052<\/a> (2014): Altera o artigo 25 da Lei 9.605, de 12 de fevereiro de 1998, que disp\u00f5e sobre as san\u00e7\u00f5es penais e administrativas derivadas de condutas e atividades lesivas ao meio ambiente e d\u00e1 outras provid\u00eancias, para determinar que animais apreendidos sejam libertados prioritariamente em seu habitat e estabelecer condi\u00e7\u00f5es necess\u00e1rias ao bem-estar desses animais.<\/p>\n<p><a href=\"http:\/\/www.planalto.gov.br\/ccivil_03\/_ato2007-2010\/2009\/decreto\/d6899.htm\">Decreto 6.899<\/a> (2009): Disp\u00f5e sobre a composi\u00e7\u00e3o do Conselho Nacional de Controle de Experimenta\u00e7\u00e3o Animal\u00a0&#8211;\u00a0CONCEA, estabelece as normas para o seu funcionamento e de sua Secretaria-Executiva, cria o Cadastro das Institui\u00e7\u00f5es de Uso Cient\u00edfico de Animais\u00a0&#8211;\u00a0CIUCA, mediante a regulamenta\u00e7\u00e3o da Lei n<u><sup>o<\/sup><\/u>\u00a011.794, de 8 de outubro de 2008, que disp\u00f5e sobre procedimentos para o uso cient\u00edfico de animais, e d\u00e1 outras provid\u00eancias.<\/p>\n<p><a href=\"http:\/\/www.planalto.gov.br\/ccivil_03\/_Ato2007-2010\/2008\/Lei\/L11794.htm\">Lei 11.794<\/a> (2008): Regulamenta o inciso VII do par\u00e1grafo 1<u><sup>o<\/sup><\/u> do artigo 225 da Constitui\u00e7\u00e3o Federal, estabelecendo procedimentos para o uso cient\u00edfico de animais; revoga a Lei 6.638, de 8 de maio de 1979; e d\u00e1 outras provid\u00eancias.<\/p>\n<p><a href=\"http:\/\/www.planalto.gov.br\/ccivil_03\/_ato2007-2010\/2008\/decreto\/D6514.htm\">Decreto 6.514<\/a> (2008): Disp\u00f5e sobre as infra\u00e7\u00f5es e san\u00e7\u00f5es administrativas ao meio ambiente, estabelece o processo administrativo federal para apura\u00e7\u00e3o destas infra\u00e7\u00f5es e d\u00e1 outras provid\u00eancias.<\/p>\n<p><a href=\"http:\/\/www.planalto.gov.br\/ccivil_03\/leis\/L9605.htm\">Lei 9.605<\/a> (1998): Disp\u00f5e sobre as san\u00e7\u00f5es penais e administrativas derivadas de condutas e atividades lesivas ao meio ambiente e d\u00e1 outras provid\u00eancias.<\/p>\n<p><a href=\"http:\/\/www.planalto.gov.br\/ccivil_03\/Constituicao\/Constituicao.htm\">Constitui\u00e7\u00e3o da Rep\u00fablica Federativa do Brasil<\/a> (1988)<\/p>\n<p><a href=\"http:\/\/www.planalto.gov.br\/ccivil_03\/LEIS\/L5517.htm#:~:text=LEI%20No%205.517%2C%20DE%2023%20DE%20OUTUBRO%20DE%201968.&amp;text=Disp%C3%B5e%20s%C3%B4bre%20o%20exerc%C3%ADcio%20da,e%20Regionais%20de%20Medicina%20Veterin%C3%A1ria.&amp;text=Art%201%C2%BA%20O%20exerc%C3%ADcio%20da,%C3%A0s%20disposi%C3%A7%C3%B5es%20da%20presente%20lei.\">Lei 5.517<\/a> (1968): Disp\u00f5e sobre o exerc\u00edcio da profiss\u00e3o de m\u00e9dico-veterin\u00e1rio e cria os Conselhos Federal e Regionais de Medicina Veterin\u00e1ria.<\/p>\n<p><a href=\"http:\/\/www.planalto.gov.br\/ccivil_03\/decreto-lei\/Del3688.htm\">Decreto-lei 3.688<\/a> (1941): Lei das Contraven\u00e7\u00f5es Penais.<\/p>\n<p><a href=\"http:\/\/www.planalto.gov.br\/ccivil_03\/decreto-lei\/Del2848.htm\">Decreto-lei 2.848<\/a> (1940): C\u00f3digo Penal.<\/p>\n<p><a href=\"http:\/\/www.planalto.gov.br\/ccivil_03\/decreto\/1930-1949\/D24645.htm\">Decreto 24.645<\/a> (1934): Estabelece medidas de prote\u00e7\u00e3o aos animais.<\/p>\n","protected":false},"excerpt":{"rendered":"<p>Instru\u00e7\u00e3o Normativa 113 do Minist\u00e9rio da Agricultura, Pecu\u00e1ria e Abastecimento (2020): Estabelecer as boas pr\u00e1ticas de manejo e bem-estar animal nas granjas de su\u00ednos de cria\u00e7\u00e3o comercial. Lei 14.064 (2020): Altera a Lei n\u00ba 9.605, de 12 de fevereiro de 1998, para aumentar as penas cominadas ao crime de maus-tratos aos animais quando se tratar [&hellip;]<\/p>\n","protected":false},"author":472,"featured_media":0,"parent":28,"menu_order":1,"comment_status":"closed","ping_status":"closed","template":"","meta":{"footnotes":""},"class_list":["post-161","page","type-page","status-publish","hentry"],"_links":{"self":[{"href":"https:\/\/wp.ufpel.edu.br\/direitosdosanimais\/wp-json\/wp\/v2\/pages\/161","targetHints":{"allow":["GET"]}}],"collection":[{"href":"https:\/\/wp.ufpel.edu.br\/direitosdosanimais\/wp-json\/wp\/v2\/pages"}],"about":[{"href":"https:\/\/wp.ufpel.edu.br\/direitosdosanimais\/wp-json\/wp\/v2\/types\/page"}],"author":[{"embeddable":true,"href":"https:\/\/wp.ufpel.edu.br\/direitosdosanimais\/wp-json\/wp\/v2\/users\/472"}],"replies":[{"embeddable":true,"href":"https:\/\/wp.ufpel.edu.br\/direitosdosanimais\/wp-json\/wp\/v2\/comments?post=161"}],"version-history":[{"count":22,"href":"https:\/\/wp.ufpel.edu.br\/direitosdosanimais\/wp-json\/wp\/v2\/pages\/161\/revisions"}],"predecessor-version":[{"id":1878,"href":"https:\/\/wp.ufpel.edu.br\/direitosdosanimais\/wp-json\/wp\/v2\/pages\/161\/revisions\/1878"}],"up":[{"embeddable":true,"href":"https:\/\/wp.ufpel.edu.br\/direitosdosanimais\/wp-json\/wp\/v2\/pages\/28"}],"wp:attachment":[{"href":"https:\/\/wp.ufpel.edu.br\/direitosdosanimais\/wp-json\/wp\/v2\/media?parent=161"}],"curies":[{"name":"wp","href":"https:\/\/api.w.org\/{rel}","templated":true}]}}