{"id":99,"date":"2011-04-06T16:18:51","date_gmt":"2011-04-06T19:18:51","guid":{"rendered":"https:\/\/wp.ufpel.edu.br\/direito\/"},"modified":"2026-02-10T16:34:47","modified_gmt":"2026-02-10T19:34:47","slug":"corpo-docente","status":"publish","type":"page","link":"https:\/\/wp.ufpel.edu.br\/direito\/corpo-docente\/","title":{"rendered":"Corpo Docente"},"content":{"rendered":"<p style=\"text-align: justify;\">O corpo docente da Faculdade de Direito da Universidade Federal de Pelotas \u00e9 o cora\u00e7\u00e3o acad\u00eamico da institui\u00e7\u00e3o, composto por professores altamente qualificados e dedicados ao ensino, \u00e0 pesquisa e \u00e0 extens\u00e3o. Os docentes s\u00e3o profissionais de destaque, cujas experi\u00eancias e conhecimentos enriquecem a forma\u00e7\u00e3o dos estudantes e contribuem significativamente para a produ\u00e7\u00e3o jur\u00eddica e o desenvolvimento social.<\/p>\n<p>A carreira docente na UFPel \u00e9 estruturada em n\u00edveis que refletem a trajet\u00f3ria acad\u00eamica e profissional dos professores. Essa progress\u00e3o garante o reconhecimento da qualifica\u00e7\u00e3o e da experi\u00eancia, incentivando o aprimoramento cont\u00ednuo. Os n\u00edveis s\u00e3o:<\/p>\n<ul>\n<li>Professor Assistente<\/li>\n<li>Professor Adjunto<\/li>\n<li>Professor Associado<\/li>\n<li>Professor Titular<\/li>\n<\/ul>\n<p>&nbsp;<\/p>\n<p><span style=\"text-decoration: underline;\"><strong>Corpo Docente por Departamento<\/strong><\/span><\/p>\n<p>Para facilitar a busca e a organiza\u00e7\u00e3o, os professores est\u00e3o listados abaixo, agrupados pelos departamentos aos quais est\u00e3o vinculados. Clique no nome de cada professor para acessar seu perfil individual, onde podem ser encontradas mais informa\u00e7\u00f5es sobre sua forma\u00e7\u00e3o, \u00e1reas de atua\u00e7\u00e3o, produ\u00e7\u00e3o acad\u00eamica (Curr\u00edculo Lattes), atividades docentes e de orienta\u00e7\u00e3o.<\/p>\n<p>&nbsp;<\/p>\n<p><span style=\"text-decoration: underline;\">PRIMEIRO DEPARTAMENTO<\/span><\/p>\n<div class=\"dados-cobalto cobalto-lista-servidores\"><table class=\"tabela-grid\"><tr><td><div class=\"servidor-foto\"><a href=\"https:\/\/institucional.ufpel.edu.br\/servidores\/id\/27926\"><img decoding=\"async\" src=\"https:\/\/institucional.ufpel.edu.br\/cache\/imagens\/3d310a8a-a6dd-4cdd-aa10-502e522a387f\"><\/a><\/div><a href=\"https:\/\/institucional.ufpel.edu.br\/servidores\/id\/27926\"><span class=\"tabela-detalhe-titulo\">ALEXANDRE FERNANDES GASTAL<\/span><\/td><\/tr><tr><td><div class=\"servidor-foto\"><a href=\"https:\/\/institucional.ufpel.edu.br\/servidores\/id\/170355\"><\/a><\/div><a href=\"https:\/\/institucional.ufpel.edu.br\/servidores\/id\/170355\"><span class=\"tabela-detalhe-titulo\">ANA CAROLINA MACHADO RATKIEWICZ<\/span><\/td><\/tr><tr><td><div class=\"servidor-foto\"><a href=\"https:\/\/institucional.ufpel.edu.br\/servidores\/id\/166366\"><img decoding=\"async\" src=\"https:\/\/institucional.ufpel.edu.br\/cache\/imagens\/77c1808f-5b65-45de-b61b-acd35482e18a\"><\/a><\/div><a href=\"https:\/\/institucional.ufpel.edu.br\/servidores\/id\/166366\"><span class=\"tabela-detalhe-titulo\">ANTONIA ESPINDOLA LONGONI KLEE<\/span><\/td><\/tr><tr><td><div class=\"servidor-foto\"><a href=\"https:\/\/institucional.ufpel.edu.br\/servidores\/id\/27409\"><\/a><\/div><a href=\"https:\/\/institucional.ufpel.edu.br\/servidores\/id\/27409\"><span class=\"tabela-detalhe-titulo\">FABRICIO ZAMPROGNA MATIELO<\/span><\/td><\/tr><tr><td><div class=\"servidor-foto\"><a href=\"https:\/\/institucional.ufpel.edu.br\/servidores\/id\/31680\"><img decoding=\"async\" src=\"https:\/\/institucional.ufpel.edu.br\/cache\/imagens\/20948f50-9fe6-4281-9c50-0861c5dd7f5f\"><\/a><\/div><a href=\"https:\/\/institucional.ufpel.edu.br\/servidores\/id\/31680\"><span class=\"tabela-detalhe-titulo\">FERNANDO COSTA DE AZEVEDO<\/span><span class=\"cobalto-label\">Chefe de Departamento - PD<\/span><span class=\"cobalto-label\">Coordenador Adjunto - PPGD<\/span><\/td><\/tr><tr><td><div class=\"servidor-foto\"><a href=\"https:\/\/institucional.ufpel.edu.br\/servidores\/id\/166216\"><img decoding=\"async\" src=\"https:\/\/institucional.ufpel.edu.br\/cache\/imagens\/aa125a9d-6fdf-48d6-9b0f-26c0cae3c301\"><\/a><\/div><a href=\"https:\/\/institucional.ufpel.edu.br\/servidores\/id\/166216\"><span class=\"tabela-detalhe-titulo\">GUSTAVO CASTAGNA MACHADO<\/span><\/td><\/tr><tr><td><div class=\"servidor-foto\"><a href=\"https:\/\/institucional.ufpel.edu.br\/servidores\/id\/29741\"><\/a><\/div><a href=\"https:\/\/institucional.ufpel.edu.br\/servidores\/id\/29741\"><span class=\"tabela-detalhe-titulo\">GUSTAVO KRATZ GAZALLE<\/span><\/td><\/tr><tr><td><div class=\"servidor-foto\"><a href=\"https:\/\/institucional.ufpel.edu.br\/servidores\/id\/223803\"><img decoding=\"async\" src=\"https:\/\/institucional.ufpel.edu.br\/cache\/imagens\/e6569a4f-be63-45d4-969a-5b2bc14fbf40\"><\/a><\/div><a href=\"https:\/\/institucional.ufpel.edu.br\/servidores\/id\/223803\"><span class=\"tabela-detalhe-titulo\">JOAO PEDRO SEEFELDT PESSOA<\/span><\/td><\/tr><tr><td><div class=\"servidor-foto\"><a href=\"https:\/\/institucional.ufpel.edu.br\/servidores\/id\/162286\"><\/a><\/div><a href=\"https:\/\/institucional.ufpel.edu.br\/servidores\/id\/162286\"><span class=\"tabela-detalhe-titulo\">KARINNE EMANOELA GOETTEMS DOS SANTOS<\/span><span class=\"cobalto-label\">Chefe - NAPE<\/span><\/td><\/tr><tr><td><div class=\"servidor-foto\"><a href=\"https:\/\/institucional.ufpel.edu.br\/servidores\/id\/26203\"><\/a><\/div><a href=\"https:\/\/institucional.ufpel.edu.br\/servidores\/id\/26203\"><span class=\"tabela-detalhe-titulo\">MARCELO AMARAL BEZERRA<\/span><\/td><\/tr><tr><td><div class=\"servidor-foto\"><a href=\"https:\/\/institucional.ufpel.edu.br\/servidores\/id\/26389\"><\/a><\/div><a href=\"https:\/\/institucional.ufpel.edu.br\/servidores\/id\/26389\"><span class=\"tabela-detalhe-titulo\">MARCO AURELIO ROMEU FERNANDES<\/span><span class=\"cobalto-label\">Coordenador - CAE<\/span><\/td><\/tr><tr><td><div class=\"servidor-foto\"><a href=\"https:\/\/institucional.ufpel.edu.br\/servidores\/id\/32589\"><\/a><\/div><a href=\"https:\/\/institucional.ufpel.edu.br\/servidores\/id\/32589\"><span class=\"tabela-detalhe-titulo\">MARCOS CAPRIO FONSECA SOARES<\/span><span class=\"cobalto-label\">Coordenador - SAJ<\/span><\/td><\/tr><tr><td><div class=\"servidor-foto\"><a href=\"https:\/\/institucional.ufpel.edu.br\/servidores\/id\/29082\"><\/a><\/div><a href=\"https:\/\/institucional.ufpel.edu.br\/servidores\/id\/29082\"><span class=\"tabela-detalhe-titulo\">MARTHA BRANCO ARAUJO DE FARIA SANTOS<\/span><span class=\"cobalto-label\">Chefe de departamento Substituto - PD<\/span><span class=\"cobalto-label\">Coordenadora de Curso de Gradua\u00e7\u00e3o Substituta - CG_Direito<\/span><\/td><\/tr><tr><td><div class=\"servidor-foto\"><a href=\"https:\/\/institucional.ufpel.edu.br\/servidores\/id\/24465\"><\/a><\/div><a href=\"https:\/\/institucional.ufpel.edu.br\/servidores\/id\/24465\"><span class=\"tabela-detalhe-titulo\">PAULO FERNANDO DO COUTO BISPO<\/span><\/td><\/tr><\/table><\/div>\n<p>&nbsp;<\/p>\n<p><span style=\"text-decoration: underline;\">SEGUNDO DEPARTAMENTO<\/span><\/p>\n<div class=\"dados-cobalto cobalto-lista-servidores\"><table class=\"tabela-grid\"><tr><td><div class=\"servidor-foto\"><a href=\"https:\/\/institucional.ufpel.edu.br\/servidores\/id\/28748\"><\/a><\/div><a href=\"https:\/\/institucional.ufpel.edu.br\/servidores\/id\/28748\"><span class=\"tabela-detalhe-titulo\">ANA CLAUDIA VINHOLES SIQUEIRA LUCAS<\/span><\/td><\/tr><tr><td><div class=\"servidor-foto\"><a href=\"https:\/\/institucional.ufpel.edu.br\/servidores\/id\/3212\"><img decoding=\"async\" src=\"https:\/\/institucional.ufpel.edu.br\/cache\/imagens\/180d7b30-2462-4cd8-b9c8-f8529198047f\"><\/a><\/div><a href=\"https:\/\/institucional.ufpel.edu.br\/servidores\/id\/3212\"><span class=\"tabela-detalhe-titulo\">BRUNO ROTTA ALMEIDA<\/span><\/td><\/tr><tr><td><div class=\"servidor-foto\"><a href=\"https:\/\/institucional.ufpel.edu.br\/servidores\/id\/30041\"><\/a><\/div><a href=\"https:\/\/institucional.ufpel.edu.br\/servidores\/id\/30041\"><span class=\"tabela-detalhe-titulo\">DANIEL BROD RODRIGUES DE SOUSA<\/span><\/td><\/tr><tr><td><div class=\"servidor-foto\"><a href=\"https:\/\/institucional.ufpel.edu.br\/servidores\/id\/223724\"><img decoding=\"async\" src=\"https:\/\/institucional.ufpel.edu.br\/cache\/imagens\/b799f988-e679-4674-90bc-edaecb3b9b0f\"><\/a><\/div><a href=\"https:\/\/institucional.ufpel.edu.br\/servidores\/id\/223724\"><span class=\"tabela-detalhe-titulo\">FELIPE LAZZARI DA SILVEIRA<\/span><span class=\"cobalto-label\">Chefe de departamento Substituto - SD<\/span><\/td><\/tr><tr><td><div class=\"servidor-foto\"><a href=\"https:\/\/institucional.ufpel.edu.br\/servidores\/id\/26249\"><\/a><\/div><a href=\"https:\/\/institucional.ufpel.edu.br\/servidores\/id\/26249\"><span class=\"tabela-detalhe-titulo\">INEZITA SILVEIRA DA COSTA<\/span><span class=\"cobalto-label\">Diretora - FD<\/span><\/td><\/tr><tr><td><div class=\"servidor-foto\"><a href=\"https:\/\/institucional.ufpel.edu.br\/servidores\/id\/99241\"><img decoding=\"async\" src=\"https:\/\/institucional.ufpel.edu.br\/cache\/imagens\/6bc8a3e2-738b-42cf-a8bc-6eb54db8b48b\"><\/a><\/div><a href=\"https:\/\/institucional.ufpel.edu.br\/servidores\/id\/99241\"><span class=\"tabela-detalhe-titulo\">JANE GOMBAR AZEVEDO OLIVEIRA<\/span><span class=\"cobalto-label\">Coordenadora de Curso de P\u00f3s-Gradua\u00e7\u00e3o - EspDA<\/span><span class=\"cobalto-label\">Chefe de Departamento - SD<\/span><\/td><\/tr><tr><td><div class=\"servidor-foto\"><a href=\"https:\/\/institucional.ufpel.edu.br\/servidores\/id\/21894\"><\/a><\/div><a href=\"https:\/\/institucional.ufpel.edu.br\/servidores\/id\/21894\"><span class=\"tabela-detalhe-titulo\">JOSE FERNANDO GONZALEZ<\/span><\/td><\/tr><tr><td><div class=\"servidor-foto\"><a href=\"https:\/\/institucional.ufpel.edu.br\/servidores\/id\/153379\"><img decoding=\"async\" src=\"https:\/\/institucional.ufpel.edu.br\/cache\/imagens\/eac218c2-b818-4229-86c2-f00413036974\"><\/a><\/div><a href=\"https:\/\/institucional.ufpel.edu.br\/servidores\/id\/153379\"><span class=\"tabela-detalhe-titulo\">VALMOR SCOTT JUNIOR<\/span><\/td><\/tr><\/table><\/div>\n<p>&nbsp;<\/p>\n<p><span style=\"text-decoration: underline;\">TERCEIRO DEPARTAMENTO<\/span><\/p>\n<div class=\"dados-cobalto cobalto-lista-servidores\"><table class=\"tabela-grid\"><tr><td><div class=\"servidor-foto\"><a href=\"https:\/\/institucional.ufpel.edu.br\/servidores\/id\/30478\"><\/a><\/div><a href=\"https:\/\/institucional.ufpel.edu.br\/servidores\/id\/30478\"><span class=\"tabela-detalhe-titulo\">ANA CLARA CORREA HENNING<\/span><span class=\"cobalto-label\">Coordenadora de Curso de P\u00f3s-Gradua\u00e7\u00e3o - PPGD<\/span><span class=\"cobalto-label\">Vice-Diretora - FD<\/span><\/td><\/tr><tr><td><div class=\"servidor-foto\"><a href=\"https:\/\/institucional.ufpel.edu.br\/servidores\/id\/29019\"><\/a><\/div><a href=\"https:\/\/institucional.ufpel.edu.br\/servidores\/id\/29019\"><span class=\"tabela-detalhe-titulo\">ANELIZE MAXIMILA CORREA<\/span><\/td><\/tr><tr><td><div class=\"servidor-foto\"><a href=\"https:\/\/institucional.ufpel.edu.br\/servidores\/id\/24721\"><\/a><\/div><a href=\"https:\/\/institucional.ufpel.edu.br\/servidores\/id\/24721\"><span class=\"tabela-detalhe-titulo\">CELSO LUIZ MORESCO<\/span><\/td><\/tr><tr><td><div class=\"servidor-foto\"><a href=\"https:\/\/institucional.ufpel.edu.br\/servidores\/id\/27029\"><\/a><\/div><a href=\"https:\/\/institucional.ufpel.edu.br\/servidores\/id\/27029\"><span class=\"tabela-detalhe-titulo\">CLAUBER GONCALVES DOS SANTOS<\/span><\/td><\/tr><tr><td><div class=\"servidor-foto\"><a href=\"https:\/\/institucional.ufpel.edu.br\/servidores\/id\/99231\"><\/a><\/div><a href=\"https:\/\/institucional.ufpel.edu.br\/servidores\/id\/99231\"><span class=\"tabela-detalhe-titulo\">GUILHERME CAMARGO MASSAU<\/span><\/td><\/tr><tr><td><div class=\"servidor-foto\"><a href=\"https:\/\/institucional.ufpel.edu.br\/servidores\/id\/27122\"><\/a><\/div><a href=\"https:\/\/institucional.ufpel.edu.br\/servidores\/id\/27122\"><span class=\"tabela-detalhe-titulo\">ITIBERE DE OLIVEIRA CASTELLANO RODRIGUES<\/span><\/td><\/tr><tr><td><div class=\"servidor-foto\"><a href=\"https:\/\/institucional.ufpel.edu.br\/servidores\/id\/138830\"><img decoding=\"async\" src=\"https:\/\/institucional.ufpel.edu.br\/cache\/imagens\/9520501c-affc-4552-a327-46a8b9d1df9a\"><\/a><\/div><a href=\"https:\/\/institucional.ufpel.edu.br\/servidores\/id\/138830\"><span class=\"tabela-detalhe-titulo\">MARCELO NUNES APOLINARIO<\/span><\/td><\/tr><tr><td><div class=\"servidor-foto\"><a href=\"https:\/\/institucional.ufpel.edu.br\/servidores\/id\/170002\"><\/a><\/div><a href=\"https:\/\/institucional.ufpel.edu.br\/servidores\/id\/170002\"><span class=\"tabela-detalhe-titulo\">MARILIS LEMOS DE ALMEIDA<\/span><\/td><\/tr><tr><td><div class=\"servidor-foto\"><a href=\"https:\/\/institucional.ufpel.edu.br\/servidores\/id\/163444\"><img decoding=\"async\" src=\"https:\/\/institucional.ufpel.edu.br\/cache\/imagens\/925e85c4-7cd5-4a5e-bb97-84c167339460\"><\/a><\/div><a href=\"https:\/\/institucional.ufpel.edu.br\/servidores\/id\/163444\"><span class=\"tabela-detalhe-titulo\">MARTA MARQUES AVILA<\/span><span class=\"cobalto-label\">Chefe de departamento Substituto - TD<\/span><span class=\"cobalto-label\">Coordenadora de Curso de Gradua\u00e7\u00e3o - CG_Direito<\/span><\/td><\/tr><tr><td><div class=\"servidor-foto\"><a href=\"https:\/\/institucional.ufpel.edu.br\/servidores\/id\/21739\"><img decoding=\"async\" src=\"https:\/\/institucional.ufpel.edu.br\/cache\/imagens\/42dc6ef5-b46b-4575-a158-f73e2d99d256\"><\/a><\/div><a href=\"https:\/\/institucional.ufpel.edu.br\/servidores\/id\/21739\"><span class=\"tabela-detalhe-titulo\">MATTEO ROTA CHIARELLI<\/span><span class=\"cobalto-label\">Chefe de Departamento - TD<\/span><\/td><\/tr><tr><td><div class=\"servidor-foto\"><a href=\"https:\/\/institucional.ufpel.edu.br\/servidores\/id\/25387\"><\/a><\/div><a href=\"https:\/\/institucional.ufpel.edu.br\/servidores\/id\/25387\"><span class=\"tabela-detalhe-titulo\">RICARDO ROCHA DE VASCONCELLOS<\/span><\/td><\/tr><\/table><\/div>\n","protected":false},"excerpt":{"rendered":"<p>O corpo docente da Faculdade de Direito da Universidade Federal de Pelotas \u00e9 o cora\u00e7\u00e3o acad\u00eamico da institui\u00e7\u00e3o, composto por professores altamente qualificados e dedicados ao ensino, \u00e0 pesquisa e \u00e0 extens\u00e3o. Os docentes s\u00e3o profissionais de destaque, cujas experi\u00eancias e conhecimentos enriquecem a forma\u00e7\u00e3o dos estudantes e contribuem significativamente para a produ\u00e7\u00e3o jur\u00eddica e [&hellip;]<\/p>\n","protected":false},"author":97,"featured_media":0,"parent":0,"menu_order":4,"comment_status":"closed","ping_status":"closed","template":"","meta":{"footnotes":""},"class_list":["post-99","page","type-page","status-publish","hentry"],"publishpress_future_action":{"enabled":false,"date":"2026-04-15 06:40:18","action":"change-status","newStatus":"draft","terms":[],"taxonomy":"","extraData":[]},"publishpress_future_workflow_manual_trigger":{"enabledWorkflows":[]},"_links":{"self":[{"href":"https:\/\/wp.ufpel.edu.br\/direito\/wp-json\/wp\/v2\/pages\/99","targetHints":{"allow":["GET"]}}],"collection":[{"href":"https:\/\/wp.ufpel.edu.br\/direito\/wp-json\/wp\/v2\/pages"}],"about":[{"href":"https:\/\/wp.ufpel.edu.br\/direito\/wp-json\/wp\/v2\/types\/page"}],"author":[{"embeddable":true,"href":"https:\/\/wp.ufpel.edu.br\/direito\/wp-json\/wp\/v2\/users\/97"}],"replies":[{"embeddable":true,"href":"https:\/\/wp.ufpel.edu.br\/direito\/wp-json\/wp\/v2\/comments?post=99"}],"version-history":[{"count":3,"href":"https:\/\/wp.ufpel.edu.br\/direito\/wp-json\/wp\/v2\/pages\/99\/revisions"}],"predecessor-version":[{"id":2855,"href":"https:\/\/wp.ufpel.edu.br\/direito\/wp-json\/wp\/v2\/pages\/99\/revisions\/2855"}],"wp:attachment":[{"href":"https:\/\/wp.ufpel.edu.br\/direito\/wp-json\/wp\/v2\/media?parent=99"}],"curies":[{"name":"wp","href":"https:\/\/api.w.org\/{rel}","templated":true}]}}