{"id":81,"date":"2011-04-05T17:19:27","date_gmt":"2011-04-05T20:19:27","guid":{"rendered":"https:\/\/wp.ufpel.edu.br\/direito\/"},"modified":"2026-02-10T21:51:31","modified_gmt":"2026-02-11T00:51:31","slug":"terceiro-departamento","status":"publish","type":"page","link":"https:\/\/wp.ufpel.edu.br\/direito\/faculdade\/organizacao\/departamentos\/terceiro-departamento\/","title":{"rendered":"Terceiro Departamento"},"content":{"rendered":"<p>O Terceiro Departamento (TD) dedica-se \u00e0s disciplinas de Direito do Estado (Constitucional, Administrativo, Financeiro, Tribut\u00e1rio etc.), Teoria do Direito (Introdu\u00e7\u00e3o ao Direito, Filosofia do Direito, Hist\u00f3ria do Direito, Sociologia Jur\u00eddica etc.) e Direito Internacional (P\u00fablico e Privado).<\/p>\n<p><code><ul class=\"dados-cobalto cobalto-chefias-unidade\"><li><span class=\"cobalto-label\">Chefe de Departamento<\/span><a href=\"https:\/\/institucional.ufpel.edu.br\/servidores\/id\/21739\">MATTEO ROTA CHIARELLI<\/a><\/li><li><span class=\"cobalto-label\">Chefe de departamento Substituto<\/span><a href=\"https:\/\/institucional.ufpel.edu.br\/servidores\/id\/163444\">MARTA MARQUES AVILA<\/a><\/li><\/ul><\/code><\/p>\n","protected":false},"excerpt":{"rendered":"<p>O Terceiro Departamento (TD) dedica-se \u00e0s disciplinas de Direito do Estado (Constitucional, Administrativo, Financeiro, Tribut\u00e1rio etc.), Teoria do Direito (Introdu\u00e7\u00e3o ao Direito, Filosofia do Direito, Hist\u00f3ria do Direito, Sociologia Jur\u00eddica etc.) e Direito Internacional (P\u00fablico e Privado).<\/p>\n","protected":false},"author":97,"featured_media":0,"parent":75,"menu_order":3,"comment_status":"closed","ping_status":"closed","template":"","meta":{"footnotes":""},"class_list":["post-81","page","type-page","status-publish","hentry"],"publishpress_future_action":{"enabled":false,"date":"2026-04-12 16:12:30","action":"change-status","newStatus":"draft","terms":[],"taxonomy":"","extraData":[]},"publishpress_future_workflow_manual_trigger":{"enabledWorkflows":[]},"_links":{"self":[{"href":"https:\/\/wp.ufpel.edu.br\/direito\/wp-json\/wp\/v2\/pages\/81","targetHints":{"allow":["GET"]}}],"collection":[{"href":"https:\/\/wp.ufpel.edu.br\/direito\/wp-json\/wp\/v2\/pages"}],"about":[{"href":"https:\/\/wp.ufpel.edu.br\/direito\/wp-json\/wp\/v2\/types\/page"}],"author":[{"embeddable":true,"href":"https:\/\/wp.ufpel.edu.br\/direito\/wp-json\/wp\/v2\/users\/97"}],"replies":[{"embeddable":true,"href":"https:\/\/wp.ufpel.edu.br\/direito\/wp-json\/wp\/v2\/comments?post=81"}],"version-history":[{"count":4,"href":"https:\/\/wp.ufpel.edu.br\/direito\/wp-json\/wp\/v2\/pages\/81\/revisions"}],"predecessor-version":[{"id":2917,"href":"https:\/\/wp.ufpel.edu.br\/direito\/wp-json\/wp\/v2\/pages\/81\/revisions\/2917"}],"up":[{"embeddable":true,"href":"https:\/\/wp.ufpel.edu.br\/direito\/wp-json\/wp\/v2\/pages\/75"}],"wp:attachment":[{"href":"https:\/\/wp.ufpel.edu.br\/direito\/wp-json\/wp\/v2\/media?parent=81"}],"curies":[{"name":"wp","href":"https:\/\/api.w.org\/{rel}","templated":true}]}}