{"id":77,"date":"2011-04-05T17:17:16","date_gmt":"2011-04-05T20:17:16","guid":{"rendered":"https:\/\/wp.ufpel.edu.br\/direito\/"},"modified":"2026-02-10T16:03:15","modified_gmt":"2026-02-10T19:03:15","slug":"primeiro-departamento","status":"publish","type":"page","link":"https:\/\/wp.ufpel.edu.br\/direito\/faculdade\/organizacao\/departamentos\/primeiro-departamento\/","title":{"rendered":"Primeiro Departamento"},"content":{"rendered":"<p>O Primeiro Departamento (PD) \u00e9 respons\u00e1vel pelas disciplinas de Direito Privado (Civil e Empresarial) e Direito Processual Civil. Tamb\u00e9m coordena as atividades de Atividades Complementares, Trabalho de Conclus\u00e3o de Curso (TCC) e Est\u00e1gio.<\/p>\n<pre class=\"wp-block-code\"><code><ul class=\"dados-cobalto cobalto-chefias-unidade\"><li><span class=\"cobalto-label\">Chefe de Departamento<\/span><a href=\"https:\/\/institucional.ufpel.edu.br\/servidores\/id\/31680\">FERNANDO COSTA DE AZEVEDO<\/a><\/li><li><span class=\"cobalto-label\">Chefe de departamento Substituto<\/span><a href=\"https:\/\/institucional.ufpel.edu.br\/servidores\/id\/29082\">MARTHA BRANCO ARAUJO DE FARIA SANTOS<\/a><\/li><\/ul>\r\n<\/code><\/pre>\n","protected":false},"excerpt":{"rendered":"<p>O Primeiro Departamento (PD) \u00e9 respons\u00e1vel pelas disciplinas de Direito Privado (Civil e Empresarial) e Direito Processual Civil. Tamb\u00e9m coordena as atividades de Atividades Complementares, Trabalho de Conclus\u00e3o de Curso (TCC) e Est\u00e1gio.<\/p>\n","protected":false},"author":97,"featured_media":0,"parent":75,"menu_order":1,"comment_status":"closed","ping_status":"closed","template":"","meta":{"footnotes":""},"class_list":["post-77","page","type-page","status-publish","hentry"],"publishpress_future_action":{"enabled":false,"date":"2026-04-13 11:25:23","action":"change-status","newStatus":"draft","terms":[],"taxonomy":"","extraData":[]},"publishpress_future_workflow_manual_trigger":{"enabledWorkflows":[]},"_links":{"self":[{"href":"https:\/\/wp.ufpel.edu.br\/direito\/wp-json\/wp\/v2\/pages\/77","targetHints":{"allow":["GET"]}}],"collection":[{"href":"https:\/\/wp.ufpel.edu.br\/direito\/wp-json\/wp\/v2\/pages"}],"about":[{"href":"https:\/\/wp.ufpel.edu.br\/direito\/wp-json\/wp\/v2\/types\/page"}],"author":[{"embeddable":true,"href":"https:\/\/wp.ufpel.edu.br\/direito\/wp-json\/wp\/v2\/users\/97"}],"replies":[{"embeddable":true,"href":"https:\/\/wp.ufpel.edu.br\/direito\/wp-json\/wp\/v2\/comments?post=77"}],"version-history":[{"count":3,"href":"https:\/\/wp.ufpel.edu.br\/direito\/wp-json\/wp\/v2\/pages\/77\/revisions"}],"predecessor-version":[{"id":215,"href":"https:\/\/wp.ufpel.edu.br\/direito\/wp-json\/wp\/v2\/pages\/77\/revisions\/215"}],"up":[{"embeddable":true,"href":"https:\/\/wp.ufpel.edu.br\/direito\/wp-json\/wp\/v2\/pages\/75"}],"wp:attachment":[{"href":"https:\/\/wp.ufpel.edu.br\/direito\/wp-json\/wp\/v2\/media?parent=77"}],"curies":[{"name":"wp","href":"https:\/\/api.w.org\/{rel}","templated":true}]}}