{"id":75,"date":"2011-04-05T17:15:43","date_gmt":"2011-04-05T20:15:43","guid":{"rendered":"https:\/\/wp.ufpel.edu.br\/direito\/"},"modified":"2026-02-10T14:52:21","modified_gmt":"2026-02-10T17:52:21","slug":"departamentos","status":"publish","type":"page","link":"https:\/\/wp.ufpel.edu.br\/direito\/faculdade\/organizacao\/departamentos\/","title":{"rendered":"Departamentos"},"content":{"rendered":"<p>Os Departamentos s\u00e3o as unidades acad\u00eamicas que agregam docentes por \u00e1reas espec\u00edficas do conhecimento jur\u00eddico, sendo as bases para a execu\u00e7\u00e3o das atividades de ensino, pesquisa e extens\u00e3o na Faculdade de Direito. Possuem compet\u00eancias mistas, administrativas e did\u00e1tico-cient\u00edficas, e s\u00e3o essenciais para o desenvolvimento curricular e a gest\u00e3o acad\u00eamica.<\/p>\n<p>Cada Departamento compreende corpo docente, pessoal t\u00e9cnico-cient\u00edfico e auxiliares, quando for o caso, instala\u00e7\u00f5es e recursos materiais e servi\u00e7os de pessoal e administra\u00e7\u00e3o.<\/p>\n<p class=\"western\" align=\"justify\"><span style=\"font-size: medium;\">Atualmente, a Faculdade de Direito conta com tr\u00eas departamentos: <\/span><\/p>\n<ul>\n<li class=\"western\"><span style=\"font-size: medium;\"><span style=\"text-decoration: underline;\"><strong>Primeiro Departamento (PD):<\/strong><\/span> com disciplinas de Direito Privado (Civil e Empresarial) e Direito Processual Civil;<\/span><\/li>\n<li class=\"western\"><span style=\"font-size: medium;\"><span style=\"text-decoration: underline;\"><strong> Segundo Departamento (SD):<\/strong><\/span> com disciplinas de Direito Penal, Direito Processual Penal, Direito do Trabalho e Direito Processual do Trabalho;<\/span><\/li>\n<li class=\"western\"><span style=\"font-size: medium;\"><span style=\"text-decoration: underline;\"><strong>Terceiro Departamento (TD):<\/strong><\/span> com disciplinas de Direito do Estado (Constitucional, Administrativo, Financeiro, Tribut\u00e1rio etc.), de Teoria do Direito (Introdu\u00e7\u00e3o ao Direito, Filosofia do Direito, Hist\u00f3ria do Direito, Sociologia Jur\u00eddica etc.) e de Direito Internacional (P\u00fablico e Privado);<\/span><\/li>\n<\/ul>\n","protected":false},"excerpt":{"rendered":"<p>Os Departamentos s\u00e3o as unidades acad\u00eamicas que agregam docentes por \u00e1reas espec\u00edficas do conhecimento jur\u00eddico, sendo as bases para a execu\u00e7\u00e3o das atividades de ensino, pesquisa e extens\u00e3o na Faculdade de Direito. Possuem compet\u00eancias mistas, administrativas e did\u00e1tico-cient\u00edficas, e s\u00e3o essenciais para o desenvolvimento curricular e a gest\u00e3o acad\u00eamica. Cada Departamento compreende corpo docente, pessoal [&hellip;]<\/p>\n","protected":false},"author":97,"featured_media":0,"parent":68,"menu_order":3,"comment_status":"closed","ping_status":"closed","template":"","meta":{"footnotes":""},"class_list":["post-75","page","type-page","status-publish","hentry"],"publishpress_future_action":{"enabled":false,"date":"2026-04-12 15:12:47","action":"change-status","newStatus":"draft","terms":[],"taxonomy":"","extraData":[]},"publishpress_future_workflow_manual_trigger":{"enabledWorkflows":[]},"_links":{"self":[{"href":"https:\/\/wp.ufpel.edu.br\/direito\/wp-json\/wp\/v2\/pages\/75","targetHints":{"allow":["GET"]}}],"collection":[{"href":"https:\/\/wp.ufpel.edu.br\/direito\/wp-json\/wp\/v2\/pages"}],"about":[{"href":"https:\/\/wp.ufpel.edu.br\/direito\/wp-json\/wp\/v2\/types\/page"}],"author":[{"embeddable":true,"href":"https:\/\/wp.ufpel.edu.br\/direito\/wp-json\/wp\/v2\/users\/97"}],"replies":[{"embeddable":true,"href":"https:\/\/wp.ufpel.edu.br\/direito\/wp-json\/wp\/v2\/comments?post=75"}],"version-history":[{"count":3,"href":"https:\/\/wp.ufpel.edu.br\/direito\/wp-json\/wp\/v2\/pages\/75\/revisions"}],"predecessor-version":[{"id":2821,"href":"https:\/\/wp.ufpel.edu.br\/direito\/wp-json\/wp\/v2\/pages\/75\/revisions\/2821"}],"up":[{"embeddable":true,"href":"https:\/\/wp.ufpel.edu.br\/direito\/wp-json\/wp\/v2\/pages\/68"}],"wp:attachment":[{"href":"https:\/\/wp.ufpel.edu.br\/direito\/wp-json\/wp\/v2\/media?parent=75"}],"curies":[{"name":"wp","href":"https:\/\/api.w.org\/{rel}","templated":true}]}}