{"id":3045,"date":"2026-03-18T10:59:59","date_gmt":"2026-03-18T13:59:59","guid":{"rendered":"https:\/\/wp.ufpel.edu.br\/direito\/?page_id=3045"},"modified":"2026-03-18T11:51:29","modified_gmt":"2026-03-18T14:51:29","slug":"a-solidariedade-na-constituicao-federal-de-1988","status":"publish","type":"page","link":"https:\/\/wp.ufpel.edu.br\/direito\/epex\/a-solidariedade-na-constituicao-federal-de-1988\/","title":{"rendered":"A solidariedade na Constitui\u00e7\u00e3o Federal de 1988"},"content":{"rendered":"<h3 style=\"text-align: justify;\">A solidariedade na Constitui\u00e7\u00e3o Federal de 1988: natureza e efetividade da norma do Art. 3, inciso I<\/h3>\n<p>O projeto de pesquisa tem como objetivo aprofundar o conhecimento da fun\u00e7\u00e3o do Art. 3, I, da CF no que tange a aplica\u00e7\u00e3o das normas referentes aos objetivos fundamentais. Um desses objetivos fundamentais \u00e9 tornar a sociedade mais solid\u00e1ria. A\u00ed se encontra o princ\u00edpio da solidariedade. Por se tratar de norma constitucional, os objetivos fundamentais devem incidir no momento da aplica\u00e7\u00e3o e efetiva\u00e7\u00e3o do direito. Dessa forma, conhecer a natureza e o grau de efetividade do referido dispositivo normativo faz toda a diferen\u00e7a no momento da interpreta\u00e7\u00e3o do texto constitucional. Transforma a sociedade mais solid\u00e1ria n\u00e3o \u00e9 algo que se opere com a simples incid\u00eancia normativa. Pelo contr\u00e1rio, \u00e9 algo a ser constantemente aplicado e reaplicado aos casos concretos que exigem a incid\u00eancia do direito.<\/p>\n<p><span style=\"text-decoration: underline;\"><strong>Coordenador<\/strong><\/span>: Prof. Guilherme Camargo Massa\u00fa<\/p>\n<p><span style=\"text-decoration: underline;\"><strong>P\u00fablico-alvo<\/strong><\/span>: graduandos e p\u00f3s-graduandos<\/p>\n","protected":false},"excerpt":{"rendered":"<p>A solidariedade na Constitui\u00e7\u00e3o Federal de 1988: natureza e efetividade da norma do Art. 3, inciso I O projeto de pesquisa tem como objetivo aprofundar o conhecimento da fun\u00e7\u00e3o do Art. 3, I, da CF no que tange a aplica\u00e7\u00e3o das normas referentes aos objetivos fundamentais. Um desses objetivos fundamentais \u00e9 tornar a sociedade mais [&hellip;]<\/p>\n","protected":false},"author":97,"featured_media":0,"parent":1271,"menu_order":1,"comment_status":"closed","ping_status":"closed","template":"","meta":{"footnotes":""},"class_list":["post-3045","page","type-page","status-publish","hentry"],"publishpress_future_action":{"enabled":false,"date":"2026-04-15 02:28:22","action":"change-status","newStatus":"draft","terms":[],"taxonomy":"","extraData":[]},"publishpress_future_workflow_manual_trigger":{"enabledWorkflows":[]},"_links":{"self":[{"href":"https:\/\/wp.ufpel.edu.br\/direito\/wp-json\/wp\/v2\/pages\/3045","targetHints":{"allow":["GET"]}}],"collection":[{"href":"https:\/\/wp.ufpel.edu.br\/direito\/wp-json\/wp\/v2\/pages"}],"about":[{"href":"https:\/\/wp.ufpel.edu.br\/direito\/wp-json\/wp\/v2\/types\/page"}],"author":[{"embeddable":true,"href":"https:\/\/wp.ufpel.edu.br\/direito\/wp-json\/wp\/v2\/users\/97"}],"replies":[{"embeddable":true,"href":"https:\/\/wp.ufpel.edu.br\/direito\/wp-json\/wp\/v2\/comments?post=3045"}],"version-history":[{"count":1,"href":"https:\/\/wp.ufpel.edu.br\/direito\/wp-json\/wp\/v2\/pages\/3045\/revisions"}],"predecessor-version":[{"id":3047,"href":"https:\/\/wp.ufpel.edu.br\/direito\/wp-json\/wp\/v2\/pages\/3045\/revisions\/3047"}],"up":[{"embeddable":true,"href":"https:\/\/wp.ufpel.edu.br\/direito\/wp-json\/wp\/v2\/pages\/1271"}],"wp:attachment":[{"href":"https:\/\/wp.ufpel.edu.br\/direito\/wp-json\/wp\/v2\/media?parent=3045"}],"curies":[{"name":"wp","href":"https:\/\/api.w.org\/{rel}","templated":true}]}}