{"id":2852,"date":"2026-02-10T15:53:53","date_gmt":"2026-02-10T18:53:53","guid":{"rendered":"https:\/\/wp.ufpel.edu.br\/direito\/?page_id=2852"},"modified":"2026-02-10T15:53:53","modified_gmt":"2026-02-10T18:53:53","slug":"nucleo-administrativo","status":"publish","type":"page","link":"https:\/\/wp.ufpel.edu.br\/direito\/faculdade\/organizacao\/nucleo-administrativo\/","title":{"rendered":"N\u00facleo Administrativo"},"content":{"rendered":"<p>O N\u00facleo Administrativo da Faculdade de Direito atua como suporte essencial \u00e0s atividades de gest\u00e3o e funcionamento da Unidade, coordenando tarefas administrativas diversas. \u00c9 um elo fundamental na estrutura operacional, colaborando tamb\u00e9m em conjunto com a Secretaria do Programa de P\u00f3s-Gradua\u00e7\u00e3o em Direito para garantir a fluidez dos processos.<\/p>\n<p><code><ul class=\"dados-cobalto cobalto-chefias-unidade\"><li><span class=\"cobalto-label\">Chefe<\/span><a href=\"https:\/\/institucional.ufpel.edu.br\/servidores\/id\/35549\">RAFAEL PERES MACHADO<\/a><\/li><li><span class=\"cobalto-label\">Chefe Substituto<\/span><a href=\"https:\/\/institucional.ufpel.edu.br\/servidores\/id\/27356\">MARCOS DUARTE DA SILVA<\/a><\/li><\/ul><\/code><\/p>\n","protected":false},"excerpt":{"rendered":"<p>O N\u00facleo Administrativo da Faculdade de Direito atua como suporte essencial \u00e0s atividades de gest\u00e3o e funcionamento da Unidade, coordenando tarefas administrativas diversas. \u00c9 um elo fundamental na estrutura operacional, colaborando tamb\u00e9m em conjunto com a Secretaria do Programa de P\u00f3s-Gradua\u00e7\u00e3o em Direito para garantir a fluidez dos processos.<\/p>\n","protected":false},"author":97,"featured_media":0,"parent":68,"menu_order":4,"comment_status":"closed","ping_status":"closed","template":"","meta":{"footnotes":""},"class_list":["post-2852","page","type-page","status-publish","hentry"],"publishpress_future_action":{"enabled":false,"date":"2026-04-22 18:07:49","action":"change-status","newStatus":"draft","terms":[],"taxonomy":"","extraData":[]},"publishpress_future_workflow_manual_trigger":{"enabledWorkflows":[]},"_links":{"self":[{"href":"https:\/\/wp.ufpel.edu.br\/direito\/wp-json\/wp\/v2\/pages\/2852","targetHints":{"allow":["GET"]}}],"collection":[{"href":"https:\/\/wp.ufpel.edu.br\/direito\/wp-json\/wp\/v2\/pages"}],"about":[{"href":"https:\/\/wp.ufpel.edu.br\/direito\/wp-json\/wp\/v2\/types\/page"}],"author":[{"embeddable":true,"href":"https:\/\/wp.ufpel.edu.br\/direito\/wp-json\/wp\/v2\/users\/97"}],"replies":[{"embeddable":true,"href":"https:\/\/wp.ufpel.edu.br\/direito\/wp-json\/wp\/v2\/comments?post=2852"}],"version-history":[{"count":1,"href":"https:\/\/wp.ufpel.edu.br\/direito\/wp-json\/wp\/v2\/pages\/2852\/revisions"}],"predecessor-version":[{"id":2854,"href":"https:\/\/wp.ufpel.edu.br\/direito\/wp-json\/wp\/v2\/pages\/2852\/revisions\/2854"}],"up":[{"embeddable":true,"href":"https:\/\/wp.ufpel.edu.br\/direito\/wp-json\/wp\/v2\/pages\/68"}],"wp:attachment":[{"href":"https:\/\/wp.ufpel.edu.br\/direito\/wp-json\/wp\/v2\/media?parent=2852"}],"curies":[{"name":"wp","href":"https:\/\/api.w.org\/{rel}","templated":true}]}}