{"id":2639,"date":"2025-08-18T13:58:53","date_gmt":"2025-08-18T16:58:53","guid":{"rendered":"https:\/\/wp.ufpel.edu.br\/direito\/?page_id=2639"},"modified":"2026-03-17T20:59:05","modified_gmt":"2026-03-17T23:59:05","slug":"documentos-uteis","status":"publish","type":"page","link":"https:\/\/wp.ufpel.edu.br\/direito\/documentos-uteis\/","title":{"rendered":"Documentos \u00fateis"},"content":{"rendered":"<p>Esta se\u00e7\u00e3o re\u00fane os regulamentos, normas, modelos e formul\u00e1rios essenciais para a comunidade acad\u00eamica da Faculdade de Direito da UFPel. O objetivo \u00e9 proporcionar um acesso r\u00e1pido e descomplicado \u00e0s informa\u00e7\u00f5es que regem as atividades de ensino, pesquisa, extens\u00e3o e gest\u00e3o.<\/p>\n<p>&nbsp;<\/p>\n<p><span style=\"text-decoration: underline;\"><strong>REGULAMENTOS E REGIMENTOS INSTITUCIONAIS<\/strong><\/span><\/p>\n<p><a href=\"https:\/\/wp.ufpel.edu.br\/scs\/files\/2025\/11\/2025.11_TEXTO_FINAL_CONSOLIDADO_ESTATUTO_UFPEL.pdf\">Estatuto da UFPel:<\/a> Documento que estrutura e disp\u00f5e sobre as regras gerais da UFPel.<\/p>\n<p><a href=\"https:\/\/wp.ufpel.edu.br\/scs\/regimento\/\">Regimento Geral da UFPel<\/a>: Documento fundamental que estabelece a organiza\u00e7\u00e3o e o funcionamento da Universidade.<\/p>\n<p><a href=\"https:\/\/wp.ufpel.edu.br\/scs\/files\/2021\/12\/SEI_Resolucao-17.2018-Reg.-COCEPE.pdf\">Regimento Interno do Conselho Coordenador do Ensino da Pesquisa e da Extens\u00e3o da Universidade Federal de Pelotas &#8211; COCEPE (Resolu\u00e7\u00e3o COCEPE 17\/2018):<\/a> Disp\u00f5e sobre as o funcionamento do Conselho Coordenador do Ensino da Pesquisa e da Extens\u00e3o (COCEPE) da UFPel.<\/p>\n<p><a href=\"https:\/\/wp.ufpel.edu.br\/scs\/files\/2018\/09\/SEI_Resolu\u00e7\u00e3o-29.2018-Regulamento-Ensino-de-Gradua\u00e7\u00e3o-I.pdf\">Regulamento do Ensino de Gradua\u00e7\u00e3o da UFPel<\/a> (Resolu\u00e7\u00e3o COCEPE n\u00ba 29\/2018): Define as regras para os cursos de gradua\u00e7\u00e3o, incluindo aproveitamento, frequ\u00eancia e avalia\u00e7\u00e3o.<\/p>\n<p><a href=\"https:\/\/wp.ufpel.edu.br\/direito\/files\/2025\/11\/Regulamento-do-Regime-Didatico-do-Curso.pdf\">Regulamento do Regime Did\u00e1tico do Curso de Direito:<\/a> Normas espec\u00edficas que regem o curso de gradua\u00e7\u00e3o da Faculdade de Direito.<\/p>\n<p><a href=\"https:\/\/wp.ufpel.edu.br\/direito\/files\/2025\/08\/Regimento-do-Colegiado-do-Curso-de-Direito.pdf\">Regimento do Colegiado de Curso:<\/a> Detalha a estrutura e as compet\u00eancias do Colegiado do Curso de Gradua\u00e7\u00e3o em Direito.<\/p>\n<p><a href=\"https:\/\/wp.ufpel.edu.br\/direito\/files\/2025\/08\/Regulamento-SAJ.pdf\">Regimento do Servi\u00e7o de Assist\u00eancia Jur\u00eddica (SAJ):<\/a>Regras de funcionamento do Servi\u00e7o de Assist\u00eancia Jur\u00eddica.<\/p>\n<p><a href=\"https:\/\/wp.ufpel.edu.br\/scs\/2018\/05\/21\/consun-lanca-resolucao-que-trata-de-solenidades-de-colacao-de-grau-na-ufpel\/\">Normas para Cola\u00e7\u00e3o de Grau (Resolu\u00e7\u00e3o COCEPE n\u00ba 05\/2018):<\/a> Orienta\u00e7\u00f5es e procedimentos para a cerim\u00f4nia de cola\u00e7\u00e3o de grau.<\/p>\n<p><a href=\"https:\/\/wp.ufpel.edu.br\/direito\/files\/2011\/05\/DECRETO-RECONHECIMENTO-CURSO-DE-DIREITO.pdf\">Decreto n\u00ba 792, de 04 de maio de 1936:<\/a> Decreto que declarou a Faculdade sob inspe\u00e7\u00e3o federal permanente (documento hist\u00f3rico\/legal de reconhecimento).<\/p>\n<p>&nbsp;<\/p>\n<p><span style=\"text-decoration: underline;\"><strong>PROJETO PEDAG\u00d3GICO DO CURSO<\/strong><\/span><\/p>\n<p><a href=\"https:\/\/wp.ufpel.edu.br\/direito\/files\/2025\/08\/PPC-08-25.pdf\">Projeto Pedag\u00f3gico do Curso (PPC) 2025<\/a><\/p>\n<p>&nbsp;<\/p>\n<p><span style=\"text-decoration: underline;\"><strong>TRABALHO DE CONCLUS\u00c3O DE CURSO<\/strong><\/span><\/p>\n<p><a href=\"https:\/\/wp.ufpel.edu.br\/direito\/files\/2025\/08\/REGULAMENTO-DO-TCC.pdf\">Regulamento do TCC<\/a>: Normas espec\u00edficas que regem o Trabalho de Conclus\u00e3o de Curso.<\/p>\n<p><a href=\"https:\/\/wp.ufpel.edu.br\/direito\/files\/2025\/09\/Manual-de-Normas-da-UFPEL.pdf\">Manual de Normas para Trabalhos Acad\u00eamicos da UFPel:<\/a> Orienta\u00e7\u00f5es para formata\u00e7\u00e3o e estrutura de trabalhos.<\/p>\n<p><a href=\"https:\/\/wp.ufpel.edu.br\/direito\/files\/2026\/03\/0-TCC-Modelo-de-pre-projeto-versao-2023-atualizado-em-02.26-1.docx\">Modelo de Pr\u00e9-projeto (2026):<\/a> Modelo para a proposta inicial do TCC.<\/p>\n<p><a href=\"https:\/\/wp.ufpel.edu.br\/direito\/files\/2020\/03\/modelo-Parecer-Final-Orientador-PDF.pdf\">Modelo de TCC Parecer dos Orientadores:<\/a>\u00a0Formul\u00e1rio para avalia\u00e7\u00e3o dos orientadores.<\/p>\n<p><a href=\"https:\/\/wp.ufpel.edu.br\/direito\/files\/2026\/03\/TCC_Direito_UFPEL_2026.pdf\">TCC Direito UFPEL 2026<\/a>: Datas do cronograma de TCC para 2026.<\/p>\n<p>&nbsp;<\/p>\n<p><span style=\"text-decoration: underline;\"><strong>EST\u00c1GIOS<\/strong><\/span><\/p>\n<p><a href=\"https:\/\/wp.ufpel.edu.br\/direito\/files\/2025\/08\/Regulamento-dos-Estagios-Nao-Obrigatorios-2025.pdf\">Regulamento dos Est\u00e1gios N\u00e3o Obrigat\u00f3rios \u2013 2025 (PPC atual):<\/a> Normas para a realiza\u00e7\u00e3o de est\u00e1gios n\u00e3o obrigat\u00f3rios sob o curr\u00edculo atual.<\/p>\n<p><a href=\"https:\/\/wp.ufpel.edu.br\/direito\/files\/2025\/08\/MODELO-TERMO-DE-COMPROMISSO-DE-ESTAGIO-atualizado.doc\">Modelo de Termo de Compromisso de Est\u00e1gio:<\/a> Modelo para formaliza\u00e7\u00e3o do est\u00e1gio.<\/p>\n<p><a href=\"https:\/\/wp.ufpel.edu.br\/direito\/files\/2022\/04\/Modelo-Plano-de-Trabalho-Estagio-Nao-Obrigatorio.docx\">Modelo de Plano de Trabalho do Est\u00e1gio N\u00e3o Obrigat\u00f3rio:<\/a> Roteiro para o plano de atividades do est\u00e1gio.<\/p>\n<p><a href=\"https:\/\/wp.ufpel.edu.br\/direito\/files\/2022\/04\/Modelo-Informacoes-doa-discente.docx\">Modelo de Informa\u00e7\u00f5es do(a) Discente:<\/a> Formul\u00e1rio para registro de dados do estudante estagi\u00e1rio.<\/p>\n<p><a href=\"https:\/\/wp.ufpel.edu.br\/direito\/files\/2022\/04\/Modelo-Termo-Aditivo-de-Estagio.docx\">Modelo de Termo Aditivo de Est\u00e1gio:<\/a> Modelo para altera\u00e7\u00f5es no termo de compromisso de est\u00e1gio.<\/p>\n<p>&nbsp;<\/p>\n<p><span style=\"text-decoration: underline;\"><strong>FORMUL\u00c1RIOS E REQUERIMENTOS DIVERSOS<\/strong><\/span><\/p>\n<p><a href=\"https:\/\/wp.ufpel.edu.br\/direito\/files\/2011\/04\/Comprovante-de-Comparecimento-a-Realiza\u00e7\u00e3o-de-Prova.pdf\">Comprovante de comparecimento \u00e0 realiza\u00e7\u00e3o de prova:<\/a> Modelo para justificar presen\u00e7a em avalia\u00e7\u00f5es.<\/p>\n<p><a href=\"https:\/\/wp.ufpel.edu.br\/direito\/files\/2011\/04\/Regime-Especial-Exerc\u00edcios-Domiciliares.pdf\">Regime Especial de Exerc\u00edcios Domiciliares:<\/a> Requerimento para regime de estudos domiciliares.<\/p>\n<p><a href=\"https:\/\/wp.ufpel.edu.br\/direito\/files\/2025\/08\/Formulario-de-Requerimento-dos-Editais-do-Curso.pdf\">Formul\u00e1rio de Requerimento dos Editais do Curso:<\/a> Formul\u00e1rio gen\u00e9rico para participa\u00e7\u00e3o em editais.<\/p>\n","protected":false},"excerpt":{"rendered":"<p>Esta se\u00e7\u00e3o re\u00fane os regulamentos, normas, modelos e formul\u00e1rios essenciais para a comunidade acad\u00eamica da Faculdade de Direito da UFPel. O objetivo \u00e9 proporcionar um acesso r\u00e1pido e descomplicado \u00e0s informa\u00e7\u00f5es que regem as atividades de ensino, pesquisa, extens\u00e3o e gest\u00e3o. &nbsp; REGULAMENTOS E REGIMENTOS INSTITUCIONAIS Estatuto da UFPel: Documento que estrutura e disp\u00f5e sobre [&hellip;]<\/p>\n","protected":false},"author":97,"featured_media":0,"parent":0,"menu_order":8,"comment_status":"closed","ping_status":"closed","template":"","meta":{"footnotes":""},"class_list":["post-2639","page","type-page","status-publish","hentry"],"publishpress_future_action":{"enabled":false,"date":"2026-04-13 17:15:55","action":"change-status","newStatus":"draft","terms":[],"taxonomy":"","extraData":[]},"publishpress_future_workflow_manual_trigger":{"enabledWorkflows":[]},"_links":{"self":[{"href":"https:\/\/wp.ufpel.edu.br\/direito\/wp-json\/wp\/v2\/pages\/2639","targetHints":{"allow":["GET"]}}],"collection":[{"href":"https:\/\/wp.ufpel.edu.br\/direito\/wp-json\/wp\/v2\/pages"}],"about":[{"href":"https:\/\/wp.ufpel.edu.br\/direito\/wp-json\/wp\/v2\/types\/page"}],"author":[{"embeddable":true,"href":"https:\/\/wp.ufpel.edu.br\/direito\/wp-json\/wp\/v2\/users\/97"}],"replies":[{"embeddable":true,"href":"https:\/\/wp.ufpel.edu.br\/direito\/wp-json\/wp\/v2\/comments?post=2639"}],"version-history":[{"count":4,"href":"https:\/\/wp.ufpel.edu.br\/direito\/wp-json\/wp\/v2\/pages\/2639\/revisions"}],"predecessor-version":[{"id":3038,"href":"https:\/\/wp.ufpel.edu.br\/direito\/wp-json\/wp\/v2\/pages\/2639\/revisions\/3038"}],"wp:attachment":[{"href":"https:\/\/wp.ufpel.edu.br\/direito\/wp-json\/wp\/v2\/media?parent=2639"}],"curies":[{"name":"wp","href":"https:\/\/api.w.org\/{rel}","templated":true}]}}