{"id":243,"date":"2011-04-14T10:44:05","date_gmt":"2011-04-14T13:44:05","guid":{"rendered":"https:\/\/wp.ufpel.edu.br\/direito\/"},"modified":"2011-05-23T17:45:32","modified_gmt":"2011-05-23T20:45:32","slug":"hermeneutica-juridica","status":"publish","type":"page","link":"https:\/\/wp.ufpel.edu.br\/direito\/faculdade\/organizacao\/departamentos\/terceiro-departamento\/hermeneutica-juridica\/","title":{"rendered":"Hermen\u00eautica Jur\u00eddica"},"content":{"rendered":"<p style=\"text-align: justify\">HERMEN\u00caUTICA JUR\u00cdDICA:\u00a0O conceito de Hermen\u00eautica. A aplica\u00e7\u00e3o do Direito &#8211; teorias de interpreta\u00e7\u00e3o. A no\u00e7\u00e3o de integra\u00e7\u00e3o normativa. Os meios de integra\u00e7\u00e3o. Problemas de integra\u00e7\u00e3o. As principais correntes hermen\u00eauticas.<\/p>\n","protected":false},"excerpt":{"rendered":"<p>HERMEN\u00caUTICA JUR\u00cdDICA:\u00a0O conceito de Hermen\u00eautica. A aplica\u00e7\u00e3o do Direito &#8211; teorias de interpreta\u00e7\u00e3o. A no\u00e7\u00e3o de integra\u00e7\u00e3o normativa. Os meios de integra\u00e7\u00e3o. Problemas de integra\u00e7\u00e3o. As principais correntes hermen\u00eauticas.<\/p>\n","protected":false},"author":97,"featured_media":0,"parent":81,"menu_order":15,"comment_status":"closed","ping_status":"open","template":"","meta":{"footnotes":""},"class_list":["post-243","page","type-page","status-publish","hentry"],"publishpress_future_action":{"enabled":false,"date":"2026-04-15 02:28:19","action":"change-status","newStatus":"draft","terms":[],"taxonomy":"","extraData":[]},"publishpress_future_workflow_manual_trigger":{"enabledWorkflows":[]},"_links":{"self":[{"href":"https:\/\/wp.ufpel.edu.br\/direito\/wp-json\/wp\/v2\/pages\/243","targetHints":{"allow":["GET"]}}],"collection":[{"href":"https:\/\/wp.ufpel.edu.br\/direito\/wp-json\/wp\/v2\/pages"}],"about":[{"href":"https:\/\/wp.ufpel.edu.br\/direito\/wp-json\/wp\/v2\/types\/page"}],"author":[{"embeddable":true,"href":"https:\/\/wp.ufpel.edu.br\/direito\/wp-json\/wp\/v2\/users\/97"}],"replies":[{"embeddable":true,"href":"https:\/\/wp.ufpel.edu.br\/direito\/wp-json\/wp\/v2\/comments?post=243"}],"version-history":[{"count":3,"href":"https:\/\/wp.ufpel.edu.br\/direito\/wp-json\/wp\/v2\/pages\/243\/revisions"}],"predecessor-version":[{"id":486,"href":"https:\/\/wp.ufpel.edu.br\/direito\/wp-json\/wp\/v2\/pages\/243\/revisions\/486"}],"up":[{"embeddable":true,"href":"https:\/\/wp.ufpel.edu.br\/direito\/wp-json\/wp\/v2\/pages\/81"}],"wp:attachment":[{"href":"https:\/\/wp.ufpel.edu.br\/direito\/wp-json\/wp\/v2\/media?parent=243"}],"curies":[{"name":"wp","href":"https:\/\/api.w.org\/{rel}","templated":true}]}}