{"id":241,"date":"2011-04-14T10:43:36","date_gmt":"2011-04-14T13:43:36","guid":{"rendered":"https:\/\/wp.ufpel.edu.br\/direito\/"},"modified":"2011-05-23T17:41:38","modified_gmt":"2011-05-23T20:41:38","slug":"filosofia-geral-e-juridica","status":"publish","type":"page","link":"https:\/\/wp.ufpel.edu.br\/direito\/faculdade\/organizacao\/departamentos\/terceiro-departamento\/filosofia-geral-e-juridica\/","title":{"rendered":"Filosofia Geral e Jur\u00eddica"},"content":{"rendered":"<p style=\"text-align: justify\">FILOSOFIA GERAL E JUR\u00cdDICA:\u00a0Gnoseologia. Origem, ess\u00eancia, possibilidade e formas do conhecimento. O empirismo, o racionalismo e o criticismo. Direito como coordena\u00e7\u00e3o de condutas humanas. Democracia e conte\u00fado normativo. A axiologia jur\u00eddica. Jusnaturalismo e juspositivismo: evolu\u00e7\u00e3o hist\u00f3rica das correntes. Direito e ideologia. Obst\u00e1culos epistemol\u00f3gicos \u00e0 constitui\u00e7\u00e3o de uma ci\u00eancia jur\u00eddica. Metodologia jur\u00eddica. A jurisprud\u00eancia dos conceitos. A jurisprud\u00eancia dos interesses. A jurisprud\u00eancia da valora\u00e7\u00e3o. A sistem\u00e1tica e a t\u00f3pica. Considera\u00e7\u00f5es acerca da jusfilosofia latino-americana atual.<\/p>\n<p style=\"text-align: justify\">\n","protected":false},"excerpt":{"rendered":"<p>FILOSOFIA GERAL E JUR\u00cdDICA:\u00a0Gnoseologia. Origem, ess\u00eancia, possibilidade e formas do conhecimento. O empirismo, o racionalismo e o criticismo. Direito como coordena\u00e7\u00e3o de condutas humanas. Democracia e conte\u00fado normativo. A axiologia jur\u00eddica. Jusnaturalismo e juspositivismo: evolu\u00e7\u00e3o hist\u00f3rica das correntes. Direito e ideologia. Obst\u00e1culos epistemol\u00f3gicos \u00e0 constitui\u00e7\u00e3o de uma ci\u00eancia jur\u00eddica. Metodologia jur\u00eddica. A jurisprud\u00eancia dos conceitos. [&hellip;]<\/p>\n","protected":false},"author":97,"featured_media":0,"parent":81,"menu_order":14,"comment_status":"closed","ping_status":"open","template":"","meta":{"footnotes":""},"class_list":["post-241","page","type-page","status-publish","hentry"],"publishpress_future_action":{"enabled":false,"date":"2026-04-11 20:56:56","action":"change-status","newStatus":"draft","terms":[],"taxonomy":"","extraData":[]},"publishpress_future_workflow_manual_trigger":{"enabledWorkflows":[]},"_links":{"self":[{"href":"https:\/\/wp.ufpel.edu.br\/direito\/wp-json\/wp\/v2\/pages\/241","targetHints":{"allow":["GET"]}}],"collection":[{"href":"https:\/\/wp.ufpel.edu.br\/direito\/wp-json\/wp\/v2\/pages"}],"about":[{"href":"https:\/\/wp.ufpel.edu.br\/direito\/wp-json\/wp\/v2\/types\/page"}],"author":[{"embeddable":true,"href":"https:\/\/wp.ufpel.edu.br\/direito\/wp-json\/wp\/v2\/users\/97"}],"replies":[{"embeddable":true,"href":"https:\/\/wp.ufpel.edu.br\/direito\/wp-json\/wp\/v2\/comments?post=241"}],"version-history":[{"count":2,"href":"https:\/\/wp.ufpel.edu.br\/direito\/wp-json\/wp\/v2\/pages\/241\/revisions"}],"predecessor-version":[{"id":481,"href":"https:\/\/wp.ufpel.edu.br\/direito\/wp-json\/wp\/v2\/pages\/241\/revisions\/481"}],"up":[{"embeddable":true,"href":"https:\/\/wp.ufpel.edu.br\/direito\/wp-json\/wp\/v2\/pages\/81"}],"wp:attachment":[{"href":"https:\/\/wp.ufpel.edu.br\/direito\/wp-json\/wp\/v2\/media?parent=241"}],"curies":[{"name":"wp","href":"https:\/\/api.w.org\/{rel}","templated":true}]}}