{"id":202,"date":"2011-04-08T11:32:54","date_gmt":"2011-04-08T14:32:54","guid":{"rendered":"https:\/\/wp.ufpel.edu.br\/direito\/"},"modified":"2011-05-23T17:47:12","modified_gmt":"2011-05-23T20:47:12","slug":"direito-processual-constitucional","status":"publish","type":"page","link":"https:\/\/wp.ufpel.edu.br\/direito\/faculdade\/organizacao\/departamentos\/terceiro-departamento\/direito-processual-constitucional\/","title":{"rendered":"Direito Processual Constitucional"},"content":{"rendered":"<p style=\"text-align: justify\">DIREITO PROCESSUAL CONSTITUCIONAL: A\u00a0garantia constitucional do direito de a\u00e7\u00e3o. O devido processo legal e os \u201crem\u00e9dios\u201d constitucionais ou \u201ca\u00e7\u00f5es de cidadania\u201d. Instrumentos processuais-constitucionais consagrados na Constitui\u00e7\u00e3o de 1988 voltados \u00e0 prote\u00e7\u00e3o e \u00e0 concretiza\u00e7\u00e3o dos direitos fundamentais.<\/p>\n","protected":false},"excerpt":{"rendered":"<p>DIREITO PROCESSUAL CONSTITUCIONAL: A\u00a0garantia constitucional do direito de a\u00e7\u00e3o. O devido processo legal e os \u201crem\u00e9dios\u201d constitucionais ou \u201ca\u00e7\u00f5es de cidadania\u201d. Instrumentos processuais-constitucionais consagrados na Constitui\u00e7\u00e3o de 1988 voltados \u00e0 prote\u00e7\u00e3o e \u00e0 concretiza\u00e7\u00e3o dos direitos fundamentais.<\/p>\n","protected":false},"author":97,"featured_media":0,"parent":81,"menu_order":9,"comment_status":"closed","ping_status":"open","template":"","meta":{"footnotes":""},"class_list":["post-202","page","type-page","status-publish","hentry"],"publishpress_future_action":{"enabled":false,"date":"2026-05-05 04:00:07","action":"change-status","newStatus":"draft","terms":[],"taxonomy":"","extraData":[]},"publishpress_future_workflow_manual_trigger":{"enabledWorkflows":[]},"_links":{"self":[{"href":"https:\/\/wp.ufpel.edu.br\/direito\/wp-json\/wp\/v2\/pages\/202","targetHints":{"allow":["GET"]}}],"collection":[{"href":"https:\/\/wp.ufpel.edu.br\/direito\/wp-json\/wp\/v2\/pages"}],"about":[{"href":"https:\/\/wp.ufpel.edu.br\/direito\/wp-json\/wp\/v2\/types\/page"}],"author":[{"embeddable":true,"href":"https:\/\/wp.ufpel.edu.br\/direito\/wp-json\/wp\/v2\/users\/97"}],"replies":[{"embeddable":true,"href":"https:\/\/wp.ufpel.edu.br\/direito\/wp-json\/wp\/v2\/comments?post=202"}],"version-history":[{"count":3,"href":"https:\/\/wp.ufpel.edu.br\/direito\/wp-json\/wp\/v2\/pages\/202\/revisions"}],"predecessor-version":[{"id":488,"href":"https:\/\/wp.ufpel.edu.br\/direito\/wp-json\/wp\/v2\/pages\/202\/revisions\/488"}],"up":[{"embeddable":true,"href":"https:\/\/wp.ufpel.edu.br\/direito\/wp-json\/wp\/v2\/pages\/81"}],"wp:attachment":[{"href":"https:\/\/wp.ufpel.edu.br\/direito\/wp-json\/wp\/v2\/media?parent=202"}],"curies":[{"name":"wp","href":"https:\/\/api.w.org\/{rel}","templated":true}]}}

<p style="text-align: justify">DIREITO PROCESSUAL CONSTITUCIONAL: A garantia constitucional do direito de ação. O devido processo legal e os “remédios” constitucionais ou “ações de cidadania”. Instrumentos processuais-constitucionais consagrados na Constituição de 1988 voltados à proteção e à concretização dos direitos fundamentais.</p>

<p>DIREITO PROCESSUAL CONSTITUCIONAL: A garantia constitucional do direito de ação. O devido processo legal e os “remédios” constitucionais ou “ações de cidadania”. Instrumentos processuais-constitucionais consagrados na Constituição de 1988 voltados à proteção e à concretização dos direitos fundamentais.</p>
