{"id":192,"date":"2011-04-08T11:28:08","date_gmt":"2011-04-08T14:28:08","guid":{"rendered":"https:\/\/wp.ufpel.edu.br\/direito\/"},"modified":"2011-05-23T17:42:43","modified_gmt":"2011-05-23T20:42:43","slug":"direito-financeiro","status":"publish","type":"page","link":"https:\/\/wp.ufpel.edu.br\/direito\/faculdade\/organizacao\/departamentos\/terceiro-departamento\/direito-financeiro\/","title":{"rendered":"Direito Financeiro"},"content":{"rendered":"<p style=\"text-align: justify\">DIREITO FINANCEIRO:\u00a0Atividade financeira do Estado. Ci\u00eancia das Finan\u00e7as e o enfoque econ\u00f4mico da atividade financeira. Conceito e Objeto do Direito Financeiro, sua autonomia e rela\u00e7\u00e3o com os demais ramos do Direito. Despesa P\u00fablica. Receita P\u00fablica. Or\u00e7amento. Cr\u00e9dito P\u00fablico. D\u00edvida P\u00fablica. D\u00edvida externa brasileira.<\/p>\n<p>Para acessar a disciplina <em>on line<\/em> <a href=\"http:\/\/avainstitucional.ufpel.edu.br\/login\/index.php\">clique aqui.<\/a><\/p>\n","protected":false},"excerpt":{"rendered":"<p>DIREITO FINANCEIRO:\u00a0Atividade financeira do Estado. Ci\u00eancia das Finan\u00e7as e o enfoque econ\u00f4mico da atividade financeira. Conceito e Objeto do Direito Financeiro, sua autonomia e rela\u00e7\u00e3o com os demais ramos do Direito. Despesa P\u00fablica. Receita P\u00fablica. Or\u00e7amento. Cr\u00e9dito P\u00fablico. D\u00edvida P\u00fablica. D\u00edvida externa brasileira. Para acessar a disciplina on line clique aqui.<\/p>\n","protected":false},"author":97,"featured_media":0,"parent":81,"menu_order":5,"comment_status":"closed","ping_status":"open","template":"","meta":{"footnotes":""},"class_list":["post-192","page","type-page","status-publish","hentry"],"publishpress_future_action":{"enabled":false,"date":"2026-05-06 10:13:42","action":"change-status","newStatus":"draft","terms":[],"taxonomy":"","extraData":[]},"publishpress_future_workflow_manual_trigger":{"enabledWorkflows":[]},"_links":{"self":[{"href":"https:\/\/wp.ufpel.edu.br\/direito\/wp-json\/wp\/v2\/pages\/192","targetHints":{"allow":["GET"]}}],"collection":[{"href":"https:\/\/wp.ufpel.edu.br\/direito\/wp-json\/wp\/v2\/pages"}],"about":[{"href":"https:\/\/wp.ufpel.edu.br\/direito\/wp-json\/wp\/v2\/types\/page"}],"author":[{"embeddable":true,"href":"https:\/\/wp.ufpel.edu.br\/direito\/wp-json\/wp\/v2\/users\/97"}],"replies":[{"embeddable":true,"href":"https:\/\/wp.ufpel.edu.br\/direito\/wp-json\/wp\/v2\/comments?post=192"}],"version-history":[{"count":4,"href":"https:\/\/wp.ufpel.edu.br\/direito\/wp-json\/wp\/v2\/pages\/192\/revisions"}],"predecessor-version":[{"id":482,"href":"https:\/\/wp.ufpel.edu.br\/direito\/wp-json\/wp\/v2\/pages\/192\/revisions\/482"}],"up":[{"embeddable":true,"href":"https:\/\/wp.ufpel.edu.br\/direito\/wp-json\/wp\/v2\/pages\/81"}],"wp:attachment":[{"href":"https:\/\/wp.ufpel.edu.br\/direito\/wp-json\/wp\/v2\/media?parent=192"}],"curies":[{"name":"wp","href":"https:\/\/api.w.org\/{rel}","templated":true}]}}

<p style="text-align: justify">DIREITO FINANCEIRO: Atividade financeira do Estado. Ciência das Finanças e o enfoque econômico da atividade financeira. Conceito e Objeto do Direito Financeiro, sua autonomia e relação com os demais ramos do Direito. Despesa Pública. Receita Pública. Orçamento. Crédito Público. Dívida Pública. Dívida externa brasileira.</p>
<p>Para acessar a disciplina <em>on line</em> <a href="http://avainstitucional.ufpel.edu.br/login/index.php">clique aqui.</a></p>

<p>DIREITO FINANCEIRO: Atividade financeira do Estado. Ciência das Finanças e o enfoque econômico da atividade financeira. Conceito e Objeto do Direito Financeiro, sua autonomia e relação com os demais ramos do Direito. Despesa Pública. Receita Pública. Orçamento. Crédito Público. Dívida Pública. Dívida externa brasileira. Para acessar a disciplina on line clique aqui.</p>
