{"id":169,"date":"2011-04-08T11:12:45","date_gmt":"2011-04-08T14:12:45","guid":{"rendered":"https:\/\/wp.ufpel.edu.br\/direito\/"},"modified":"2011-05-23T17:54:01","modified_gmt":"2011-05-23T20:54:01","slug":"direito-previdenciario","status":"publish","type":"page","link":"https:\/\/wp.ufpel.edu.br\/direito\/faculdade\/organizacao\/departamentos\/segundo-departamento\/direito-previdenciario\/","title":{"rendered":"Direito Previdenci\u00e1rio"},"content":{"rendered":"<p style=\"text-align: justify\">DIREITO PREVIDENCI\u00c1RIO:\u00a0Hist\u00f3ria da previd\u00eancia social. Principais sistemas previdenci\u00e1rios. Conceito de Direito Previdenci\u00e1rio. Segurados. Dependentes. Presta\u00e7\u00f5es e benef\u00edcios previdenci\u00e1rios. Prescri\u00e7\u00e3o. Custeio. Previd\u00eancia Social no Brasil. Acidente do trabalho e enfermidade profissional.<\/p>\n","protected":false},"excerpt":{"rendered":"<p>DIREITO PREVIDENCI\u00c1RIO:\u00a0Hist\u00f3ria da previd\u00eancia social. Principais sistemas previdenci\u00e1rios. Conceito de Direito Previdenci\u00e1rio. Segurados. Dependentes. Presta\u00e7\u00f5es e benef\u00edcios previdenci\u00e1rios. Prescri\u00e7\u00e3o. Custeio. Previd\u00eancia Social no Brasil. Acidente do trabalho e enfermidade profissional.<\/p>\n","protected":false},"author":97,"featured_media":0,"parent":79,"menu_order":4,"comment_status":"closed","ping_status":"closed","template":"","meta":{"footnotes":""},"class_list":["post-169","page","type-page","status-publish","hentry"],"publishpress_future_action":{"enabled":false,"date":"2026-05-06 09:38:16","action":"change-status","newStatus":"draft","terms":[],"taxonomy":"","extraData":[]},"publishpress_future_workflow_manual_trigger":{"enabledWorkflows":[]},"_links":{"self":[{"href":"https:\/\/wp.ufpel.edu.br\/direito\/wp-json\/wp\/v2\/pages\/169","targetHints":{"allow":["GET"]}}],"collection":[{"href":"https:\/\/wp.ufpel.edu.br\/direito\/wp-json\/wp\/v2\/pages"}],"about":[{"href":"https:\/\/wp.ufpel.edu.br\/direito\/wp-json\/wp\/v2\/types\/page"}],"author":[{"embeddable":true,"href":"https:\/\/wp.ufpel.edu.br\/direito\/wp-json\/wp\/v2\/users\/97"}],"replies":[{"embeddable":true,"href":"https:\/\/wp.ufpel.edu.br\/direito\/wp-json\/wp\/v2\/comments?post=169"}],"version-history":[{"count":5,"href":"https:\/\/wp.ufpel.edu.br\/direito\/wp-json\/wp\/v2\/pages\/169\/revisions"}],"predecessor-version":[{"id":497,"href":"https:\/\/wp.ufpel.edu.br\/direito\/wp-json\/wp\/v2\/pages\/169\/revisions\/497"}],"up":[{"embeddable":true,"href":"https:\/\/wp.ufpel.edu.br\/direito\/wp-json\/wp\/v2\/pages\/79"}],"wp:attachment":[{"href":"https:\/\/wp.ufpel.edu.br\/direito\/wp-json\/wp\/v2\/media?parent=169"}],"curies":[{"name":"wp","href":"https:\/\/api.w.org\/{rel}","templated":true}]}}

Direito Previdenciário

<p style="text-align: justify">DIREITO PREVIDENCIÁRIO: História da previdência social. Principais sistemas previdenciários. Conceito de Direito Previdenciário. Segurados. Dependentes. Prestações e benefícios previdenciários. Prescrição. Custeio. Previdência Social no Brasil. Acidente do trabalho e enfermidade profissional.</p>

<p>DIREITO PREVIDENCIÁRIO: História da previdência social. Principais sistemas previdenciários. Conceito de Direito Previdenciário. Segurados. Dependentes. Prestações e benefícios previdenciários. Prescrição. Custeio. Previdência Social no Brasil. Acidente do trabalho e enfermidade profissional.</p>
