{"id":167,"date":"2011-04-08T11:12:27","date_gmt":"2011-04-08T14:12:27","guid":{"rendered":"https:\/\/wp.ufpel.edu.br\/direito\/"},"modified":"2011-05-23T17:41:00","modified_gmt":"2011-05-23T20:41:00","slug":"direito-penal","status":"publish","type":"page","link":"https:\/\/wp.ufpel.edu.br\/direito\/faculdade\/organizacao\/departamentos\/segundo-departamento\/direito-penal\/","title":{"rendered":"Direito Penal"},"content":{"rendered":"<p>DIREITO PENAL I:\u00a0Conceito, hist\u00f3ria e rela\u00e7\u00f5es do Direito Penal. Teoria da Norma. Teoria do Crime.<\/p>\n<p>DIREITO PENAL II:\u00a0Teoria da Pena. A\u00e7\u00e3o Penal. Extin\u00e7\u00e3o da punibilidade. Crimes em esp\u00e9cie (crimes contra a pessoa).<\/p>\n<p>DIREITO PENAL III:\u00a0Crimes em esp\u00e9cie: crimes de perigo; crimes contra a honra; crimes contra o patrim\u00f4nio; crimes contra a f\u00e9 p\u00fablica; crimes contra a administra\u00e7\u00e3o. Leis Penais extravagantes.<\/p>\n","protected":false},"excerpt":{"rendered":"<p>DIREITO PENAL I:\u00a0Conceito, hist\u00f3ria e rela\u00e7\u00f5es do Direito Penal. Teoria da Norma. Teoria do Crime. DIREITO PENAL II:\u00a0Teoria da Pena. A\u00e7\u00e3o Penal. Extin\u00e7\u00e3o da punibilidade. Crimes em esp\u00e9cie (crimes contra a pessoa). DIREITO PENAL III:\u00a0Crimes em esp\u00e9cie: crimes de perigo; crimes contra a honra; crimes contra o patrim\u00f4nio; crimes contra a f\u00e9 p\u00fablica; crimes contra [&hellip;]<\/p>\n","protected":false},"author":97,"featured_media":0,"parent":79,"menu_order":3,"comment_status":"closed","ping_status":"open","template":"","meta":{"footnotes":""},"class_list":["post-167","page","type-page","status-publish","hentry"],"publishpress_future_action":{"enabled":false,"date":"2026-04-23 04:00:21","action":"change-status","newStatus":"draft","terms":[],"taxonomy":"","extraData":[]},"publishpress_future_workflow_manual_trigger":{"enabledWorkflows":[]},"_links":{"self":[{"href":"https:\/\/wp.ufpel.edu.br\/direito\/wp-json\/wp\/v2\/pages\/167","targetHints":{"allow":["GET"]}}],"collection":[{"href":"https:\/\/wp.ufpel.edu.br\/direito\/wp-json\/wp\/v2\/pages"}],"about":[{"href":"https:\/\/wp.ufpel.edu.br\/direito\/wp-json\/wp\/v2\/types\/page"}],"author":[{"embeddable":true,"href":"https:\/\/wp.ufpel.edu.br\/direito\/wp-json\/wp\/v2\/users\/97"}],"replies":[{"embeddable":true,"href":"https:\/\/wp.ufpel.edu.br\/direito\/wp-json\/wp\/v2\/comments?post=167"}],"version-history":[{"count":6,"href":"https:\/\/wp.ufpel.edu.br\/direito\/wp-json\/wp\/v2\/pages\/167\/revisions"}],"predecessor-version":[{"id":480,"href":"https:\/\/wp.ufpel.edu.br\/direito\/wp-json\/wp\/v2\/pages\/167\/revisions\/480"}],"up":[{"embeddable":true,"href":"https:\/\/wp.ufpel.edu.br\/direito\/wp-json\/wp\/v2\/pages\/79"}],"wp:attachment":[{"href":"https:\/\/wp.ufpel.edu.br\/direito\/wp-json\/wp\/v2\/media?parent=167"}],"curies":[{"name":"wp","href":"https:\/\/api.w.org\/{rel}","templated":true}]}}