{"id":147,"date":"2011-04-08T08:31:00","date_gmt":"2011-04-08T11:31:00","guid":{"rendered":"https:\/\/wp.ufpel.edu.br\/direito\/"},"modified":"2025-08-18T20:59:44","modified_gmt":"2025-08-18T23:59:44","slug":"servico-de-assistencia-judiciaria","status":"publish","type":"page","link":"https:\/\/wp.ufpel.edu.br\/direito\/faculdade\/organizacao\/departamentos\/primeiro-departamento\/servico-de-assistencia-judiciaria\/","title":{"rendered":"Servi\u00e7o de Assist\u00eancia Jur\u00eddica"},"content":{"rendered":"<p><a href=\"https:\/\/wp.ufpel.edu.br\/direito\/files\/2019\/10\/SAJ-POST.png\"><img class=\"size-medium wp-image-1920 aligncenter\"  src=\"data:image\/svg+xml,%3Csvg xmlns=\"http:\/\/www.w3.org\/2000\/svg\" viewBox=\"0 0 1 1\"%3E%3C\/svg%3E\" data-src=\"https:\/\/wp.ufpel.edu.br\/direito\/files\/2019\/10\/SAJ-POST-300x107.png\" class=\"lazy-load\" loading=\"lazy\" decoding=\"async\" alt=\"\" width=\"300\" height=\"107\" \/><\/a><\/p>\n<p align=\"justify\"><span style=\"font-size: medium;\"><b><span style=\"color: #000000;\"><span style=\"font-family: inherit, serif;\"><span style=\"font-size: x-large;\"><span style=\"font-family: Times New Roman, serif;\">1. INFORMA\u00c7\u00d5ES SOBRE O SERVI\u00c7O DE ASSIST\u00caNCIA JUR\u00cdDICA (SAJ):<\/span><\/span><\/span><\/span><\/b><\/span><\/p>\n<p align=\"justify\"><span style=\"color: #000000;\">\u2013 <span style=\"font-family: Times New Roman, serif;\"><span style=\"font-size: medium;\"><b><span style=\"font-family: Arial, serif;\"><span style=\"font-size: large;\">Finalidade: <\/span><\/span><\/b><\/span><span style=\"font-family: Arial, serif;\"><span style=\"font-size: large;\">Prestar Assist\u00eancia Jur\u00eddica Integral e Gratuita \u00e0 popula\u00e7\u00e3o vulner\u00e1vel e de baixa renda, por meio dos alunos estagi\u00e1rios do 5\u00ba e 6\u00ba anos da Faculdade de Direito<\/span><\/span><span style=\"font-family: Arial, serif;\"><span style=\"font-size: large;\">, supervisionados pelos professores orientadores de est\u00e1gio.<\/span><\/span><\/span><\/span><\/p>\n<p align=\"justify\"><span style=\"color: #000000;\">\u2013 <span style=\"font-family: Times New Roman, serif;\"><span style=\"font-size: medium;\"><b><span style=\"font-family: inherit, serif;\"><span style=\"font-size: large;\">P\u00fablico alvo:<\/span><\/span><\/b><\/span><span style=\"font-family: Arial, serif;\"><span style=\"font-size: large;\">\u00a0pessoas cuja renda familiar n\u00e3o ultrapasse 3 (tr\u00eas) sal\u00e1rios m\u00ednimos\u00a0e cujo o patrim\u00f4nio n\u00e3o ultrapasse 200 sal\u00e1rios m\u00ednimos.<\/span><\/span><\/span><\/span><\/p>\n<p align=\"justify\"><span style=\"color: #000000;\">\u2013 <span style=\"font-family: Times New Roman, serif;\"><span style=\"font-size: medium;\"><b><span style=\"font-family: inherit, serif;\"><span style=\"font-size: large;\">Hor\u00e1rio de atendimento:<\/span><\/span><\/b><\/span><span style=\"font-family: Arial, serif;\"><span style=\"font-size: large;\">\u00a0 de segunda \u00e0 sexta-feira, das 7 horas \u00e0s 19 horas.<\/span><\/span><\/span><\/span><\/p>\n<p align=\"justify\"><span style=\"color: #000000;\">\u2013 <span style=\"font-family: Times New Roman, serif;\"><span style=\"font-size: medium;\"><b><span style=\"font-family: inherit, serif;\"><span style=\"font-size: large;\">E-mail:<\/span><\/span><\/b><\/span><span style=\"font-family: Arial, serif;\"><span style=\"font-size: large;\">\u00a0saj.ufpel@gmail.com<\/span><\/span><\/span><\/span><\/p>\n<p align=\"justify\"><span style=\"color: #000000;\">\u2013 <span style=\"font-family: Times New Roman, serif;\"><span style=\"font-size: medium;\"><b><span style=\"font-family: inherit, serif;\"><span style=\"font-size: large;\">Telefone:<\/span><\/span><\/b><\/span><span style=\"font-family: Arial, serif;\"><span style=\"font-size: large;\">\u00a0(53) 3284-4325<\/span><\/span><\/span><\/span><\/p>\n<p align=\"justify\"><span style=\"color: #000000;\">\u2013 <span style=\"font-family: Times New Roman, serif;\"><span style=\"font-size: medium;\"><b><span style=\"font-family: inherit, serif;\"><span style=\"font-size: large;\">Endere\u00e7o:<\/span><\/span><\/b><\/span><span style=\"font-family: Arial, serif;\"><span style=\"font-size: large;\">\u00a0Rua Almirante Barroso, n\u00ba 1202, t\u00e9rreo \u2013 CEP 96010-280 \u2013 Centro \u2013 Campus II &#8211; Pelotas\/RS.<\/span><\/span><\/span><\/span><\/p>\n<p align=\"justify\"><span style=\"color: #000000;\">\u2013 <span style=\"font-family: Times New Roman, serif;\"><span style=\"font-size: medium;\"><b><span style=\"font-family: inherit, serif;\"><span style=\"font-size: large;\">Coordenador:<\/span><\/span><\/b><\/span><span style=\"font-family: Arial, serif;\"><span style=\"font-size: large;\"> Prof. Dr. Marcos Caprio Fonseca Soares.<\/span><\/span><\/span><\/span><\/p>\n<p align=\"justify\"><span style=\"color: #000000;\">\u2013 <span style=\"font-family: Times New Roman, serif;\"><span style=\"font-size: medium;\"><b><span style=\"font-family: inherit, serif;\"><span style=\"font-size: large;\">Regulamento:<\/span><\/span><\/b><\/span><span style=\"font-family: Arial, serif;\"><span style=\"font-size: large;\">\u00a0<\/span><\/span><\/span><\/span><span style=\"color: #000000;\"><span style=\"font-family: Times New Roman, serif;\"><b> <\/b><span style=\"font-family: Arial, serif;\"><span style=\"font-size: large;\"><a href=\"https:\/\/wp.ufpel.edu.br\/direito\/files\/2025\/08\/Regulamento-SAJ.pdf\">REGULAMENTO DO SERVI\u00c7O DE ASSIST\u00caNCIA JUR\u00cdDICA &#8211; SAJ (Curr\u00edculo Atual &#8211; 2025)<\/a><\/span><\/span><\/span><\/span><\/p>\n","protected":false},"excerpt":{"rendered":"<p>1. INFORMA\u00c7\u00d5ES SOBRE O SERVI\u00c7O DE ASSIST\u00caNCIA JUR\u00cdDICA (SAJ): \u2013 Finalidade: Prestar Assist\u00eancia Jur\u00eddica Integral e Gratuita \u00e0 popula\u00e7\u00e3o vulner\u00e1vel e de baixa renda, por meio dos alunos estagi\u00e1rios do 5\u00ba e 6\u00ba anos da Faculdade de Direito, supervisionados pelos professores orientadores de est\u00e1gio. \u2013 P\u00fablico alvo:\u00a0pessoas cuja renda familiar n\u00e3o ultrapasse 3 (tr\u00eas) sal\u00e1rios [&hellip;]<\/p>\n","protected":false},"author":97,"featured_media":0,"parent":77,"menu_order":5,"comment_status":"closed","ping_status":"closed","template":"","meta":{"footnotes":""},"class_list":["post-147","page","type-page","status-publish","hentry"],"publishpress_future_action":{"enabled":false,"date":"2026-04-15 17:43:17","action":"change-status","newStatus":"draft","terms":[],"taxonomy":"","extraData":[]},"publishpress_future_workflow_manual_trigger":{"enabledWorkflows":[]},"_links":{"self":[{"href":"https:\/\/wp.ufpel.edu.br\/direito\/wp-json\/wp\/v2\/pages\/147","targetHints":{"allow":["GET"]}}],"collection":[{"href":"https:\/\/wp.ufpel.edu.br\/direito\/wp-json\/wp\/v2\/pages"}],"about":[{"href":"https:\/\/wp.ufpel.edu.br\/direito\/wp-json\/wp\/v2\/types\/page"}],"author":[{"embeddable":true,"href":"https:\/\/wp.ufpel.edu.br\/direito\/wp-json\/wp\/v2\/users\/97"}],"replies":[{"embeddable":true,"href":"https:\/\/wp.ufpel.edu.br\/direito\/wp-json\/wp\/v2\/comments?post=147"}],"version-history":[{"count":3,"href":"https:\/\/wp.ufpel.edu.br\/direito\/wp-json\/wp\/v2\/pages\/147\/revisions"}],"predecessor-version":[{"id":2707,"href":"https:\/\/wp.ufpel.edu.br\/direito\/wp-json\/wp\/v2\/pages\/147\/revisions\/2707"}],"up":[{"embeddable":true,"href":"https:\/\/wp.ufpel.edu.br\/direito\/wp-json\/wp\/v2\/pages\/77"}],"wp:attachment":[{"href":"https:\/\/wp.ufpel.edu.br\/direito\/wp-json\/wp\/v2\/media?parent=147"}],"curies":[{"name":"wp","href":"https:\/\/api.w.org\/{rel}","templated":true}]}}