{"id":141,"date":"2011-04-08T08:28:30","date_gmt":"2011-04-08T11:28:30","guid":{"rendered":"https:\/\/wp.ufpel.edu.br\/direito\/"},"modified":"2011-05-23T17:49:41","modified_gmt":"2011-05-23T20:49:41","slug":"direito-empresarial","status":"publish","type":"page","link":"https:\/\/wp.ufpel.edu.br\/direito\/faculdade\/organizacao\/departamentos\/primeiro-departamento\/direito-empresarial\/","title":{"rendered":"Direito Empresarial"},"content":{"rendered":"<p style=\"text-align: justify\">DIREITO EMPRESARIAL I:\u00a0Conceito de Direito Empresarial. O empres\u00e1rio. As sociedades empresariais. As sociedades an\u00f4nimas. T\u00edtulos de Cr\u00e9dito.<\/p>\n<p style=\"text-align: justify\">DIREITO EMPRESARIAL II: Fal\u00eancia. Concordata. Quest\u00f5es referentes ao Direito Falimentar. Propriedade Industrial. Contratos mercantis. O regime das pequenas empresas.<\/p>\n","protected":false},"excerpt":{"rendered":"<p>DIREITO EMPRESARIAL I:\u00a0Conceito de Direito Empresarial. O empres\u00e1rio. As sociedades empresariais. As sociedades an\u00f4nimas. T\u00edtulos de Cr\u00e9dito. DIREITO EMPRESARIAL II: Fal\u00eancia. Concordata. Quest\u00f5es referentes ao Direito Falimentar. Propriedade Industrial. Contratos mercantis. O regime das pequenas empresas.<\/p>\n","protected":false},"author":97,"featured_media":0,"parent":77,"menu_order":3,"comment_status":"closed","ping_status":"open","template":"","meta":{"footnotes":""},"class_list":["post-141","page","type-page","status-publish","hentry"],"publishpress_future_action":{"enabled":false,"date":"2026-04-12 16:12:37","action":"change-status","newStatus":"draft","terms":[],"taxonomy":"","extraData":[]},"publishpress_future_workflow_manual_trigger":{"enabledWorkflows":[]},"_links":{"self":[{"href":"https:\/\/wp.ufpel.edu.br\/direito\/wp-json\/wp\/v2\/pages\/141","targetHints":{"allow":["GET"]}}],"collection":[{"href":"https:\/\/wp.ufpel.edu.br\/direito\/wp-json\/wp\/v2\/pages"}],"about":[{"href":"https:\/\/wp.ufpel.edu.br\/direito\/wp-json\/wp\/v2\/types\/page"}],"author":[{"embeddable":true,"href":"https:\/\/wp.ufpel.edu.br\/direito\/wp-json\/wp\/v2\/users\/97"}],"replies":[{"embeddable":true,"href":"https:\/\/wp.ufpel.edu.br\/direito\/wp-json\/wp\/v2\/comments?post=141"}],"version-history":[{"count":3,"href":"https:\/\/wp.ufpel.edu.br\/direito\/wp-json\/wp\/v2\/pages\/141\/revisions"}],"predecessor-version":[{"id":490,"href":"https:\/\/wp.ufpel.edu.br\/direito\/wp-json\/wp\/v2\/pages\/141\/revisions\/490"}],"up":[{"embeddable":true,"href":"https:\/\/wp.ufpel.edu.br\/direito\/wp-json\/wp\/v2\/pages\/77"}],"wp:attachment":[{"href":"https:\/\/wp.ufpel.edu.br\/direito\/wp-json\/wp\/v2\/media?parent=141"}],"curies":[{"name":"wp","href":"https:\/\/api.w.org\/{rel}","templated":true}]}}