{"id":1301,"date":"2014-09-18T10:02:25","date_gmt":"2014-09-18T13:02:25","guid":{"rendered":"https:\/\/wp.ufpel.edu.br\/direito\/?page_id=1301"},"modified":"2026-03-18T11:54:29","modified_gmt":"2026-03-18T14:54:29","slug":"gepucs","status":"publish","type":"page","link":"https:\/\/wp.ufpel.edu.br\/direito\/epex\/gepucs\/","title":{"rendered":"Grupo de Estudos em Puni\u00e7\u00e3o e Controle Social &#8211; GEPUCS"},"content":{"rendered":"<p style=\"text-align: justify\"><span style=\"color: #000000\">O<\/span><strong><span style=\"color: #000000\"> GEPUCS &#8211; <\/span><\/strong><span style=\"color: #000000\">O Grupo de Estudos em Puni\u00e7\u00e3o e Controle Social se destina ao estudo dos variados m\u00e9todos de puni\u00e7\u00e3o e controle social, a partir de uma perspectiva de vulnerabilidade de determinados grupos sociais, especialmente no Brasil. O problema est\u00e1 focado na an\u00e1lise sobre as ideias relacionadas ao sistema penal, refletindo os aspectos que decorrem da pol\u00edtica criminal, do c\u00f3digo penal e de processo penal brasileiros, al\u00e9m da situa\u00e7\u00e3o do sistema penitenci\u00e1rio e as abordagens em criminologia. O grupo \u00e9 coordenado pelo Prof. Ms. Bruno Rotta Almeida.<br \/>\n<\/span><\/p>\n<p style=\"text-align: justify\"><span style=\"color: #000000\">Acompanhe tamb\u00e9m o GEPUCS em\u00a0seu blog e em sua p\u00e1gina:<\/span><\/p>\n<p style=\"text-align: justify\"><strong>http:\/\/gepucs.blogspot.com.br\/<\/strong><\/p>\n<p style=\"text-align: justify\"><strong>https:\/\/wp.ufpel.edu.br\/libertas\/grupos-de-estudo\/grupo-de-estudos-em-punicao-e-controle-social\/<\/strong><\/p>\n","protected":false},"excerpt":{"rendered":"<p>O GEPUCS &#8211; O Grupo de Estudos em Puni\u00e7\u00e3o e Controle Social se destina ao estudo dos variados m\u00e9todos de puni\u00e7\u00e3o e controle social, a partir de uma perspectiva de vulnerabilidade de determinados grupos sociais, especialmente no Brasil. O problema est\u00e1 focado na an\u00e1lise sobre as ideias relacionadas ao sistema penal, refletindo os aspectos que [&hellip;]<\/p>\n","protected":false},"author":97,"featured_media":0,"parent":1271,"menu_order":8,"comment_status":"closed","ping_status":"closed","template":"","meta":{"footnotes":""},"class_list":["post-1301","page","type-page","status-publish","hentry"],"publishpress_future_action":{"enabled":false,"date":"2026-04-14 15:18:17","action":"change-status","newStatus":"draft","terms":[],"taxonomy":"","extraData":[]},"publishpress_future_workflow_manual_trigger":{"enabledWorkflows":[]},"_links":{"self":[{"href":"https:\/\/wp.ufpel.edu.br\/direito\/wp-json\/wp\/v2\/pages\/1301","targetHints":{"allow":["GET"]}}],"collection":[{"href":"https:\/\/wp.ufpel.edu.br\/direito\/wp-json\/wp\/v2\/pages"}],"about":[{"href":"https:\/\/wp.ufpel.edu.br\/direito\/wp-json\/wp\/v2\/types\/page"}],"author":[{"embeddable":true,"href":"https:\/\/wp.ufpel.edu.br\/direito\/wp-json\/wp\/v2\/users\/97"}],"replies":[{"embeddable":true,"href":"https:\/\/wp.ufpel.edu.br\/direito\/wp-json\/wp\/v2\/comments?post=1301"}],"version-history":[{"count":4,"href":"https:\/\/wp.ufpel.edu.br\/direito\/wp-json\/wp\/v2\/pages\/1301\/revisions"}],"predecessor-version":[{"id":1307,"href":"https:\/\/wp.ufpel.edu.br\/direito\/wp-json\/wp\/v2\/pages\/1301\/revisions\/1307"}],"up":[{"embeddable":true,"href":"https:\/\/wp.ufpel.edu.br\/direito\/wp-json\/wp\/v2\/pages\/1271"}],"wp:attachment":[{"href":"https:\/\/wp.ufpel.edu.br\/direito\/wp-json\/wp\/v2\/media?parent=1301"}],"curies":[{"name":"wp","href":"https:\/\/api.w.org\/{rel}","templated":true}]}}