{"id":10,"date":"2015-07-07T11:56:53","date_gmt":"2015-07-07T14:56:53","guid":{"rendered":"https:\/\/wp.ufpel.edu.br\/digital\/?page_id=10"},"modified":"2015-12-06T02:05:01","modified_gmt":"2015-12-06T04:05:01","slug":"tutoriais","status":"publish","type":"page","link":"https:\/\/wp.ufpel.edu.br\/digital\/tutoriais\/","title":{"rendered":"Tutoriais e Guias"},"content":{"rendered":"<p>Esse espa\u00e7o \u00e9 destinado \u00e0 divulga\u00e7\u00e3o de Tutorias e Guias sobre sistemas de gerenciamento de conte\u00fados. Os tutoriais s\u00e3o voltados a estudantes de jornalismo e visa trazer subs\u00eddios para pr\u00e1ticas relacionadas ao Webjornalismo e \u00e0 Comunica\u00e7\u00e3o Digital.<\/p>\n<h6><span style=\"color: #ff6600\"><strong>1. Tutorial BLOGGER<\/strong><\/span><\/h6>\n<p>O Blogger \u00e9 um Sistema de Gerenciamento de Conte\u00fado baseado na sistem\u00e1tica de weblogs. O sistema \u00e9 de propriedade do Google e permite a cria\u00e7\u00e3o gratuita de uma p\u00e1gina de f\u00e1cil edi\u00e7\u00e3o que pode ser utilizada como di\u00e1rio pessoal e meio de produ\u00e7\u00e3o jornal\u00edstica.<\/p>\n<p><strong>Tutorial: <\/strong><span style=\"color: #ff6600\"><strong><a href=\"https:\/\/wp.ufpel.edu.br\/digital\/files\/2015\/07\/tutorial-blogger.pdf\" target=\"_blank\">tutorial-blogger<\/a><\/strong><\/span><\/p>\n<h6><span style=\"color: #ff6600\"><strong>2. Tutorial WordPress<\/strong><\/span><\/h6>\n<p>Sistema de Gerenciamento de Conte\u00fado com c\u00f3digo aberto, desenvolvido por uma comunidade\u00a0 de programadores.Um internauta com conhecimentos avan\u00e7ados em servidores pode instalar seu WordPress em um servidor pr\u00f3prio e configur\u00e1-lo de acordo com as suas necessidades. Al\u00e9m disso, o internauta pode criar p\u00e1ginas utilizando sistemas disponibilizados e administrados por empresas, com vers\u00f5es gratuitas e pagas.<\/p>\n<p><strong>Tutorial: <a href=\"https:\/\/wp.ufpel.edu.br\/digital\/files\/2015\/07\/tutorial-wordpress.pdf\">tutorial-wordpress<\/a><br \/>\n<\/strong><\/p>\n<h6><span style=\"color: #ff6600\"><strong>3. Tutorial Infogram<br \/>\n<\/strong><\/span><\/h6>\n<p>Plataforma para cria\u00e7\u00e3o de infogr\u00e1ficos, representa\u00e7\u00f5es visuais que facilitam a compreens\u00e3o de conte\u00fado, muito utilizadas no jornalismo. Dispon\u00edvel em vers\u00e3o gratuita, que permite ao autor criar 10 infogr\u00e1ficos e carregar 10 imagens, sem compartilhamento privado, download ou conex\u00e3o em tempo real.<\/p>\n<p><strong>Tutorial:\u00a0<a href=\"https:\/\/wp.ufpel.edu.br\/digital\/files\/2015\/07\/Tutorial-Infogram-versaofinal.pdf\">Tutorial-Infogram-versaofinal<\/a><\/strong><\/p>\n<h6><span style=\"color: #ff6600\"><strong>4. Guia Aplicativos de Edi\u00e7\u00e3o de Imagens e de Audiovisuais<br \/>\n<\/strong><\/span><\/h6>\n<p>Este Guia apresenta Aplicativos destinados \u00e0 edi\u00e7\u00e3o de\u00a0Imagens e de Audiovisuais, os quais podem ser utilizados na produ\u00e7\u00e3o jornal\u00edstica.<\/p>\n<p><strong>Guia:\u00a0<a href=\"https:\/\/wp.ufpel.edu.br\/digital\/files\/2015\/07\/Guia-Aplicativos-final.pdf\">Guia &#8211; Aplicativos-final<\/a> <\/strong><\/p>\n<h6><span style=\"color: #ff6600\"><strong>5. Guia Sistemas de Gerenciamento de Conte\u00fados<br \/>\n<\/strong><\/span><\/h6>\n<p>Este Guia apresenta indica\u00e7\u00f5es de Sistemas de Gerenciamento de Conte\u00fados, visando auxiliar a produ\u00e7\u00e3o jornal\u00edstica para a Internet.<\/p>\n<p><strong>Guia:\u00a0<a href=\"https:\/\/wp.ufpel.edu.br\/digital\/files\/2015\/07\/Guia-SGCs.pdf\">Guia &#8211; SGCs<\/a> <\/strong><\/p>\n","protected":false},"excerpt":{"rendered":"<p>Esse espa\u00e7o \u00e9 destinado \u00e0 divulga\u00e7\u00e3o de Tutorias e Guias sobre sistemas de gerenciamento de conte\u00fados. Os tutoriais s\u00e3o voltados a estudantes de jornalismo e visa trazer subs\u00eddios para pr\u00e1ticas relacionadas ao Webjornalismo e \u00e0 Comunica\u00e7\u00e3o Digital. 1. Tutorial BLOGGER O Blogger \u00e9 um Sistema de Gerenciamento de Conte\u00fado baseado na sistem\u00e1tica de weblogs. O&hellip;<\/p>\n","protected":false},"author":525,"featured_media":0,"parent":0,"menu_order":0,"comment_status":"closed","ping_status":"closed","template":"","meta":{"footnotes":""},"class_list":["post-10","page","type-page","status-publish","hentry"],"_links":{"self":[{"href":"https:\/\/wp.ufpel.edu.br\/digital\/wp-json\/wp\/v2\/pages\/10","targetHints":{"allow":["GET"]}}],"collection":[{"href":"https:\/\/wp.ufpel.edu.br\/digital\/wp-json\/wp\/v2\/pages"}],"about":[{"href":"https:\/\/wp.ufpel.edu.br\/digital\/wp-json\/wp\/v2\/types\/page"}],"author":[{"embeddable":true,"href":"https:\/\/wp.ufpel.edu.br\/digital\/wp-json\/wp\/v2\/users\/525"}],"replies":[{"embeddable":true,"href":"https:\/\/wp.ufpel.edu.br\/digital\/wp-json\/wp\/v2\/comments?post=10"}],"version-history":[{"count":11,"href":"https:\/\/wp.ufpel.edu.br\/digital\/wp-json\/wp\/v2\/pages\/10\/revisions"}],"predecessor-version":[{"id":63,"href":"https:\/\/wp.ufpel.edu.br\/digital\/wp-json\/wp\/v2\/pages\/10\/revisions\/63"}],"wp:attachment":[{"href":"https:\/\/wp.ufpel.edu.br\/digital\/wp-json\/wp\/v2\/media?parent=10"}],"curies":[{"name":"wp","href":"https:\/\/api.w.org\/{rel}","templated":true}]}}