{"id":18,"date":"2016-10-15T11:31:23","date_gmt":"2016-10-15T14:31:23","guid":{"rendered":"https:\/\/wp.ufpel.edu.br\/dgenerus\/?page_id=18"},"modified":"2016-10-15T11:46:55","modified_gmt":"2016-10-15T14:46:55","slug":"linhas-de-pesquisa","status":"publish","type":"page","link":"https:\/\/wp.ufpel.edu.br\/dgenerus\/linhas-de-pesquisa\/","title":{"rendered":"Linhas de Pesquisa"},"content":{"rendered":"<p>&nbsp;<\/p>\n<ul>\n<li>A educa\u00e7\u00e3o do campo, o campo e a comunidade:\u00a0Sujeitos, curr\u00edculos e cultura.<\/li>\n<li>Arte, literatura e g\u00eanero.<\/li>\n<li>Corpo, sexualidade, g\u00eanero, reprodu\u00e7\u00e3o e sa\u00fade.<\/li>\n<li>Cultura e Viol\u00eancia de G\u00eanero.<\/li>\n<li>Estudos feministas e de g\u00eanero.<\/li>\n<li>G\u00eanero e Trabalho.<\/li>\n<li>G\u00eanero, Ra\u00e7a e Etnia.<\/li>\n<li>G\u00eanero, Sexualidade e Educa\u00e7\u00e3o.<\/li>\n<\/ul>\n<p>&nbsp;<\/p>\n<p>&nbsp;<\/p>\n<p>&nbsp;<\/p>\n","protected":false},"excerpt":{"rendered":"<p>&nbsp; A educa\u00e7\u00e3o do campo, o campo e a comunidade:\u00a0Sujeitos, curr\u00edculos e cultura. Arte, literatura e g\u00eanero. Corpo, sexualidade, g\u00eanero, reprodu\u00e7\u00e3o e sa\u00fade. Cultura e Viol\u00eancia de G\u00eanero. Estudos feministas e de g\u00eanero. G\u00eanero e Trabalho. G\u00eanero, Ra\u00e7a e Etnia. G\u00eanero, Sexualidade e Educa\u00e7\u00e3o. &nbsp; &nbsp; &nbsp;<\/p>\n","protected":false},"author":699,"featured_media":0,"parent":0,"menu_order":3,"comment_status":"closed","ping_status":"closed","template":"","meta":{"footnotes":""},"class_list":["post-18","page","type-page","status-publish","hentry"],"_links":{"self":[{"href":"https:\/\/wp.ufpel.edu.br\/dgenerus\/wp-json\/wp\/v2\/pages\/18","targetHints":{"allow":["GET"]}}],"collection":[{"href":"https:\/\/wp.ufpel.edu.br\/dgenerus\/wp-json\/wp\/v2\/pages"}],"about":[{"href":"https:\/\/wp.ufpel.edu.br\/dgenerus\/wp-json\/wp\/v2\/types\/page"}],"author":[{"embeddable":true,"href":"https:\/\/wp.ufpel.edu.br\/dgenerus\/wp-json\/wp\/v2\/users\/699"}],"replies":[{"embeddable":true,"href":"https:\/\/wp.ufpel.edu.br\/dgenerus\/wp-json\/wp\/v2\/comments?post=18"}],"version-history":[{"count":3,"href":"https:\/\/wp.ufpel.edu.br\/dgenerus\/wp-json\/wp\/v2\/pages\/18\/revisions"}],"predecessor-version":[{"id":38,"href":"https:\/\/wp.ufpel.edu.br\/dgenerus\/wp-json\/wp\/v2\/pages\/18\/revisions\/38"}],"wp:attachment":[{"href":"https:\/\/wp.ufpel.edu.br\/dgenerus\/wp-json\/wp\/v2\/media?parent=18"}],"curies":[{"name":"wp","href":"https:\/\/api.w.org\/{rel}","templated":true}]}}