{"id":78,"date":"2018-08-16T15:55:37","date_gmt":"2018-08-16T18:55:37","guid":{"rendered":"https:\/\/wp.ufpel.edu.br\/dfs\/?page_id=78"},"modified":"2018-08-23T15:41:20","modified_gmt":"2018-08-23T18:41:20","slug":"museu_de_entomologia_ceslau_maria_biezanko","status":"publish","type":"page","link":"https:\/\/wp.ufpel.edu.br\/dfs\/museu_de_entomologia_ceslau_maria_biezanko\/","title":{"rendered":"Museu de Entomologia Ceslau Maria Biezanko"},"content":{"rendered":"<h3>Respons\u00e1vel: Engenheiro Agr\u00f4nomo, Dr. Eduardo Ely e Silva<\/h3>\n<p>Possui \u00e1rea de 30m2 com sistema de condicionamento e desumidifica\u00e7\u00e3o de ar, salas de curatoria, preparo e manuseio de cole\u00e7\u00f5es, 2 microsc\u00f3pios estereosc\u00f3picos e 1 microsc\u00f3pio \u00f3tico. Possui mais de 30.000 exemplares, distribuidos em 50 fam\u00edlias, destacando-se como maior acervo da regi\u00e3o em Lepidoptera, Coleoptera, Hemiptera, Homoptera, Orthoptera, cujas cole\u00e7\u00f5es foram grandemente enriquecidas ap\u00f3s a aquisi\u00e7\u00e3o da cole\u00e7\u00e3o do Prof. Ceslau Biezanko.<\/p>\n","protected":false},"excerpt":{"rendered":"<p>Respons\u00e1vel: Engenheiro Agr\u00f4nomo, Dr. Eduardo Ely e Silva Possui \u00e1rea de 30m2 com sistema de condicionamento e desumidifica\u00e7\u00e3o de ar, salas de curatoria, preparo e manuseio de cole\u00e7\u00f5es, 2 microsc\u00f3pios estereosc\u00f3picos e 1 microsc\u00f3pio \u00f3tico. Possui mais de 30.000 exemplares, distribuidos em 50 fam\u00edlias, destacando-se como maior acervo da regi\u00e3o em Lepidoptera, Coleoptera, Hemiptera, Homoptera, [&hellip;]<\/p>\n","protected":false},"author":819,"featured_media":0,"parent":0,"menu_order":0,"comment_status":"closed","ping_status":"closed","template":"","meta":{"footnotes":""},"class_list":["post-78","page","type-page","status-publish","hentry","post"],"_links":{"self":[{"href":"https:\/\/wp.ufpel.edu.br\/dfs\/wp-json\/wp\/v2\/pages\/78","targetHints":{"allow":["GET"]}}],"collection":[{"href":"https:\/\/wp.ufpel.edu.br\/dfs\/wp-json\/wp\/v2\/pages"}],"about":[{"href":"https:\/\/wp.ufpel.edu.br\/dfs\/wp-json\/wp\/v2\/types\/page"}],"author":[{"embeddable":true,"href":"https:\/\/wp.ufpel.edu.br\/dfs\/wp-json\/wp\/v2\/users\/819"}],"replies":[{"embeddable":true,"href":"https:\/\/wp.ufpel.edu.br\/dfs\/wp-json\/wp\/v2\/comments?post=78"}],"version-history":[{"count":2,"href":"https:\/\/wp.ufpel.edu.br\/dfs\/wp-json\/wp\/v2\/pages\/78\/revisions"}],"predecessor-version":[{"id":168,"href":"https:\/\/wp.ufpel.edu.br\/dfs\/wp-json\/wp\/v2\/pages\/78\/revisions\/168"}],"wp:attachment":[{"href":"https:\/\/wp.ufpel.edu.br\/dfs\/wp-json\/wp\/v2\/media?parent=78"}],"curies":[{"name":"wp","href":"https:\/\/api.w.org\/{rel}","templated":true}]}}