{"id":184,"date":"2018-08-23T12:01:02","date_gmt":"2018-08-23T15:01:02","guid":{"rendered":"https:\/\/wp.ufpel.edu.br\/dfs\/?page_id=184"},"modified":"2019-03-21T11:36:25","modified_gmt":"2019-03-21T14:36:25","slug":"laboratorio-de-praticas-em-fitopatologia","status":"publish","type":"page","link":"https:\/\/wp.ufpel.edu.br\/dfs\/laboratorios\/laboratorio-de-praticas-em-fitopatologia\/","title":{"rendered":"Laborat\u00f3rio de Pr\u00e1ticas em Fitopatologia Prof. Gilberto Ceciliano Luzzardi"},"content":{"rendered":"<h3>Respons\u00e1vel: Prof. Dr. Edemar Antonio Rossetto<\/h3>\n<p>\u00c1rea de 80m2, 35 microsc\u00f3pios binoculares, 35 microsc\u00f3pios estereosc\u00f3picos binoculares, c\u00e2mara de fluxo laminar, micr\u00f3tono, 2 geladeiras, 1 freezer, 2 BOD, destilador de \u00e1gua, autoclave horizontal, balan\u00e7a de precis\u00e3o, deonizador de \u00e1gua, bomba de v\u00e1cuo e compressor, 2 fornos de esteriliza\u00e7\u00e3o, c\u00e2mara seca para armazenamento do equipamento \u00f3tico, balc\u00f5es e cadeiras para 45 alunos, projetor de slides, retroprojetos, videocassete e monitor 29&#8243;.<\/p>\n","protected":false},"excerpt":{"rendered":"<p>Respons\u00e1vel: Prof. Dr. Edemar Antonio Rossetto \u00c1rea de 80m2, 35 microsc\u00f3pios binoculares, 35 microsc\u00f3pios estereosc\u00f3picos binoculares, c\u00e2mara de fluxo laminar, micr\u00f3tono, 2 geladeiras, 1 freezer, 2 BOD, destilador de \u00e1gua, autoclave horizontal, balan\u00e7a de precis\u00e3o, deonizador de \u00e1gua, bomba de v\u00e1cuo e compressor, 2 fornos de esteriliza\u00e7\u00e3o, c\u00e2mara seca para armazenamento do equipamento \u00f3tico, balc\u00f5es [&hellip;]<\/p>\n","protected":false},"author":819,"featured_media":0,"parent":262,"menu_order":0,"comment_status":"closed","ping_status":"closed","template":"","meta":{"footnotes":""},"class_list":["post-184","page","type-page","status-publish","hentry","post"],"_links":{"self":[{"href":"https:\/\/wp.ufpel.edu.br\/dfs\/wp-json\/wp\/v2\/pages\/184","targetHints":{"allow":["GET"]}}],"collection":[{"href":"https:\/\/wp.ufpel.edu.br\/dfs\/wp-json\/wp\/v2\/pages"}],"about":[{"href":"https:\/\/wp.ufpel.edu.br\/dfs\/wp-json\/wp\/v2\/types\/page"}],"author":[{"embeddable":true,"href":"https:\/\/wp.ufpel.edu.br\/dfs\/wp-json\/wp\/v2\/users\/819"}],"replies":[{"embeddable":true,"href":"https:\/\/wp.ufpel.edu.br\/dfs\/wp-json\/wp\/v2\/comments?post=184"}],"version-history":[{"count":2,"href":"https:\/\/wp.ufpel.edu.br\/dfs\/wp-json\/wp\/v2\/pages\/184\/revisions"}],"predecessor-version":[{"id":219,"href":"https:\/\/wp.ufpel.edu.br\/dfs\/wp-json\/wp\/v2\/pages\/184\/revisions\/219"}],"up":[{"embeddable":true,"href":"https:\/\/wp.ufpel.edu.br\/dfs\/wp-json\/wp\/v2\/pages\/262"}],"wp:attachment":[{"href":"https:\/\/wp.ufpel.edu.br\/dfs\/wp-json\/wp\/v2\/media?parent=184"}],"curies":[{"name":"wp","href":"https:\/\/api.w.org\/{rel}","templated":true}]}}