{"id":73,"date":"2022-02-01T21:21:49","date_gmt":"2022-02-02T00:21:49","guid":{"rendered":"https:\/\/wp.ufpel.edu.br\/desmistificando\/?page_id=73"},"modified":"2022-04-08T18:04:26","modified_gmt":"2022-04-08T21:04:26","slug":"resumos-e-mapas-mentais","status":"publish","type":"page","link":"https:\/\/wp.ufpel.edu.br\/desmistificando\/resumos-e-mapas-mentais\/","title":{"rendered":"Resumos e Mapas Mentais"},"content":{"rendered":"<p>Todo mundo sabe a press\u00e3o e a ansiedade que o vestibular pode causar no estudante. Ent\u00e3o o projeto Desmistificando a Ci\u00eancia decidiu te ajudar com isso!<\/p>\n<p>Usem e abusem dos materiais que preparamos pra voc\u00eas \ud83d\ude42<\/p>\n<p>&nbsp;<\/p>\n<p><img loading=\"lazy\" decoding=\"async\" class=\"alignnone size-medium wp-image-212\" src=\"https:\/\/wp.ufpel.edu.br\/desmistificando\/files\/2022\/04\/Captura-de-tela-2022-04-08-180410-400x310.png\" alt=\"\" width=\"400\" height=\"310\" srcset=\"https:\/\/wp.ufpel.edu.br\/desmistificando\/files\/2022\/04\/Captura-de-tela-2022-04-08-180410-400x310.png 400w, https:\/\/wp.ufpel.edu.br\/desmistificando\/files\/2022\/04\/Captura-de-tela-2022-04-08-180410-768x596.png 768w, https:\/\/wp.ufpel.edu.br\/desmistificando\/files\/2022\/04\/Captura-de-tela-2022-04-08-180410-600x465.png 600w, https:\/\/wp.ufpel.edu.br\/desmistificando\/files\/2022\/04\/Captura-de-tela-2022-04-08-180410.png 815w\" sizes=\"auto, (max-width: 400px) 100vw, 400px\" \/><\/p>\n","protected":false},"excerpt":{"rendered":"<p>Todo mundo sabe a press\u00e3o e a ansiedade que o vestibular pode causar no estudante. Ent\u00e3o o projeto Desmistificando a Ci\u00eancia decidiu te ajudar com isso! Usem e abusem dos materiais que preparamos pra voc\u00eas \ud83d\ude42 &nbsp;<\/p>\n","protected":false},"author":1218,"featured_media":0,"parent":0,"menu_order":0,"comment_status":"closed","ping_status":"closed","template":"","meta":{"footnotes":""},"class_list":["post-73","page","type-page","status-publish","hentry"],"_links":{"self":[{"href":"https:\/\/wp.ufpel.edu.br\/desmistificando\/wp-json\/wp\/v2\/pages\/73","targetHints":{"allow":["GET"]}}],"collection":[{"href":"https:\/\/wp.ufpel.edu.br\/desmistificando\/wp-json\/wp\/v2\/pages"}],"about":[{"href":"https:\/\/wp.ufpel.edu.br\/desmistificando\/wp-json\/wp\/v2\/types\/page"}],"author":[{"embeddable":true,"href":"https:\/\/wp.ufpel.edu.br\/desmistificando\/wp-json\/wp\/v2\/users\/1218"}],"replies":[{"embeddable":true,"href":"https:\/\/wp.ufpel.edu.br\/desmistificando\/wp-json\/wp\/v2\/comments?post=73"}],"version-history":[{"count":3,"href":"https:\/\/wp.ufpel.edu.br\/desmistificando\/wp-json\/wp\/v2\/pages\/73\/revisions"}],"predecessor-version":[{"id":213,"href":"https:\/\/wp.ufpel.edu.br\/desmistificando\/wp-json\/wp\/v2\/pages\/73\/revisions\/213"}],"wp:attachment":[{"href":"https:\/\/wp.ufpel.edu.br\/desmistificando\/wp-json\/wp\/v2\/media?parent=73"}],"curies":[{"name":"wp","href":"https:\/\/api.w.org\/{rel}","templated":true}]}}