{"id":697,"date":"2020-06-10T17:20:17","date_gmt":"2020-06-10T20:20:17","guid":{"rendered":"https:\/\/wp.ufpel.edu.br\/deslocc\/?page_id=697"},"modified":"2023-03-11T14:09:35","modified_gmt":"2023-03-11T17:09:35","slug":"publicacoes-em-eventos-cientificos","status":"publish","type":"page","link":"https:\/\/wp.ufpel.edu.br\/deslocc\/publicacoes-em-eventos-cientificos\/","title":{"rendered":"Publica\u00e7\u00f5es em eventos cient\u00edficos"},"content":{"rendered":"<p>&nbsp;<\/p>\n<h3 style=\"text-align: center;\"><strong><a href=\"https:\/\/wp.ufpel.edu.br\/deslocc\/?p=1422&amp;preview=true\" rel=\"attachment wp-att-1416\"><img loading=\"lazy\" decoding=\"async\" class=\"alignnone wp-image-1416\" src=\"https:\/\/wp.ufpel.edu.br\/deslocc\/files\/2023\/03\/Captura-da-Web_11-3-2023_134358_.jpeg\" alt=\"\" width=\"346\" height=\"194\" \/><\/a><\/strong><\/h3>\n<h3 style=\"text-align: center;\"><a href=\"https:\/\/wp.ufpel.edu.br\/deslocc\/?p=1422&amp;preview=true\"><strong>Participa\u00e7\u00e3o dos integrantes do grupo de pesquisa Deslocc no SIIEPE 2022<\/strong><\/a><\/h3>\n<p>&nbsp;<\/p>\n<p>&nbsp;<\/p>\n<h3 style=\"text-align: center;\"><a href=\"https:\/\/wp.ufpel.edu.br\/deslocc\/?p=1418&amp;preview=true\" rel=\"attachment wp-att-1414\"><img loading=\"lazy\" decoding=\"async\" class=\" wp-image-1414 aligncenter\" src=\"https:\/\/wp.ufpel.edu.br\/deslocc\/files\/2023\/03\/Captura-da-Web_11-3-2023_13613_.jpeg\" alt=\"\" width=\"349\" height=\"192\" \/><\/a><\/h3>\n<h3 style=\"text-align: center;\"><a href=\"https:\/\/wp.ufpel.edu.br\/deslocc\/?p=1418&amp;preview=true\"><strong>Participa\u00e7\u00e3o dos integrantes do grupo de pesquisa Deslocc no SIIEPE 2021<\/strong><\/a><\/h3>\n<h3><\/h3>\n<p>&nbsp;<\/p>\n<p>&nbsp;<\/p>\n<h3><a href=\"https:\/\/wp.ufpel.edu.br\/deslocc\/2023\/03\/11\/participacao-dos-integrantes-do-grupo-de-pesquisa-deslocc-no-siiepe-2020\/\" rel=\"attachment wp-att-1413\"><img loading=\"lazy\" decoding=\"async\" class=\"wp-image-1413 aligncenter\" src=\"https:\/\/wp.ufpel.edu.br\/deslocc\/files\/2023\/03\/Captura-da-Web_11-3-2023_13357_.jpeg\" alt=\"\" width=\"345\" height=\"195\" \/><\/a><\/h3>\n<h3 style=\"text-align: center;\"><a href=\"https:\/\/wp.ufpel.edu.br\/deslocc\/2023\/03\/11\/participacao-dos-integrantes-do-grupo-de-pesquisa-deslocc-no-siiepe-2020\/\">Participa\u00e7\u00e3o dos integrantes do grupo de pesquisa Deslocc no SIIEPE 2020<\/a><\/h3>\n<p>&nbsp;<\/p>\n<p>&nbsp;<\/p>\n<p>&nbsp;<\/p>\n<p style=\"text-align: justify;\"><a href=\"https:\/\/wp.ufpel.edu.br\/deslocc\/2016\/10\/16\/participacao-dos-integrantes-do-grupo-de-pesquisa-deslocc-cnpq-ufpel-no-siiepe-ufpel\/\"><img loading=\"lazy\" decoding=\"async\" class=\"wp-image-726 aligncenter\" src=\"https:\/\/wp.ufpel.edu.br\/deslocc\/files\/2016\/10\/siiepe-2019-300x191.jpg\" alt=\"\" width=\"347\" height=\"218\" \/><\/a><\/p>\n<h3 style=\"text-align: center;\"><a href=\"https:\/\/wp.ufpel.edu.br\/deslocc\/2016\/10\/16\/participacao-dos-integrantes-do-grupo-de-pesquisa-deslocc-cnpq-ufpel-no-siiepe-ufpel\/\"><strong>Participa\u00e7\u00e3o dos integrantes do grupo de pesquisa Deslocc no SIIEPE 2019<\/strong><\/a><\/h3>\n<p>&nbsp;<\/p>\n<p>&nbsp;<\/p>\n<p>&nbsp;<\/p>\n<p style=\"text-align: center;\"><a href=\"https:\/\/wp.ufpel.edu.br\/deslocc\/2019\/06\/10\/participacao-dos-integrantes-do-grupo-de-pesquisa-deslocc-no-siiepe-2018\/\"><img loading=\"lazy\" decoding=\"async\" class=\"alignnone wp-image-752\" src=\"https:\/\/wp.ufpel.edu.br\/deslocc\/files\/2019\/06\/Siiepe-2018-300x190.png\" alt=\"\" width=\"354\" height=\"224\" srcset=\"https:\/\/wp.ufpel.edu.br\/deslocc\/files\/2019\/06\/Siiepe-2018-300x190.png 300w, https:\/\/wp.ufpel.edu.br\/deslocc\/files\/2019\/06\/Siiepe-2018.png 410w\" sizes=\"auto, (max-width: 354px) 100vw, 354px\" \/><\/a><\/p>\n<h3 class=\"entry-title\" style=\"text-align: center;\"><a href=\"https:\/\/wp.ufpel.edu.br\/deslocc\/2019\/06\/10\/participacao-dos-integrantes-do-grupo-de-pesquisa-deslocc-no-siiepe-2018\/\">Participa\u00e7\u00e3o dos integrantes do grupo de pesquisa Deslocc no SIIEPE 2018<\/a><\/h3>\n<p>&nbsp;<\/p>\n<p>&nbsp;<\/p>\n<p>&nbsp;<\/p>\n<p style=\"text-align: center;\"><a href=\"https:\/\/wp.ufpel.edu.br\/deslocc\/2022\/04\/18\/participacao-dos-integrantes-do-grupo-de-pesquisa-deslocc-no-siiepe\/\"><img loading=\"lazy\" decoding=\"async\" class=\"alignnone wp-image-760\" src=\"https:\/\/wp.ufpel.edu.br\/deslocc\/files\/2022\/04\/siepe-2016-300x86.png\" alt=\"\" width=\"350\" height=\"100\" \/><\/a><\/p>\n<h3 class=\"entry-title\" style=\"text-align: center;\"><a href=\"https:\/\/wp.ufpel.edu.br\/deslocc\/2022\/04\/18\/participacao-dos-integrantes-do-grupo-de-pesquisa-deslocc-no-siiepe\/\">Participa\u00e7\u00e3o dos integrantes do grupo de pesquisa Deslocc no SIIEPE 2016<\/a><\/h3>\n<p>&nbsp;<\/p>\n<p>&nbsp;<\/p>\n","protected":false},"excerpt":{"rendered":"<p>&nbsp; Participa\u00e7\u00e3o dos integrantes do grupo de pesquisa Deslocc no SIIEPE 2022 &nbsp; [&hellip;]<\/p>\n","protected":false},"author":1012,"featured_media":0,"parent":0,"menu_order":0,"comment_status":"closed","ping_status":"closed","template":"","meta":{"footnotes":""},"class_list":["post-697","page","type-page","status-publish","hentry","post"],"jetpack_sharing_enabled":true,"_links":{"self":[{"href":"https:\/\/wp.ufpel.edu.br\/deslocc\/wp-json\/wp\/v2\/pages\/697","targetHints":{"allow":["GET"]}}],"collection":[{"href":"https:\/\/wp.ufpel.edu.br\/deslocc\/wp-json\/wp\/v2\/pages"}],"about":[{"href":"https:\/\/wp.ufpel.edu.br\/deslocc\/wp-json\/wp\/v2\/types\/page"}],"author":[{"embeddable":true,"href":"https:\/\/wp.ufpel.edu.br\/deslocc\/wp-json\/wp\/v2\/users\/1012"}],"replies":[{"embeddable":true,"href":"https:\/\/wp.ufpel.edu.br\/deslocc\/wp-json\/wp\/v2\/comments?post=697"}],"version-history":[{"count":20,"href":"https:\/\/wp.ufpel.edu.br\/deslocc\/wp-json\/wp\/v2\/pages\/697\/revisions"}],"predecessor-version":[{"id":1426,"href":"https:\/\/wp.ufpel.edu.br\/deslocc\/wp-json\/wp\/v2\/pages\/697\/revisions\/1426"}],"wp:attachment":[{"href":"https:\/\/wp.ufpel.edu.br\/deslocc\/wp-json\/wp\/v2\/media?parent=697"}],"curies":[{"name":"wp","href":"https:\/\/api.w.org\/{rel}","templated":true}]}}