{"id":549,"date":"2021-04-19T21:46:33","date_gmt":"2021-04-20T00:46:33","guid":{"rendered":"https:\/\/wp.ufpel.edu.br\/deslocc\/?page_id=549"},"modified":"2021-04-19T21:50:50","modified_gmt":"2021-04-20T00:50:50","slug":"barentena","status":"publish","type":"page","link":"https:\/\/wp.ufpel.edu.br\/deslocc\/barentena\/","title":{"rendered":"BARENTENA"},"content":{"rendered":"<div>\n<div dir=\"ltr\" style=\"text-align: left\">Barentena \u00e9 um lugar de troca.\u00a0Abrimos as janelas virtuais de nossas casas, para a nossa sala de conversar. Compartilhamos presen\u00e7a e troca de ideias. Pensamentos e estrat\u00e9gias num grande encontro, onde bebemoramos com ch\u00e1s, caf\u00e9s, \u00e1guas, vinho, cerveja e o que tiver em casa para celebrar a vida.<\/div>\n<div dir=\"ltr\" style=\"text-align: left\">Tanto de a\u00e7\u00f5es art\u00edsticas quanto de experi\u00eancias. Neste momento t\u00e3o singular, \u00e9 uma pausa para compreender o que passamos, onde comentamos sobre processos e atravessamentos deste com nossas exist\u00eancias.<\/div>\n<div style=\"text-align: left\">Um bar onde, juntos, tomamos ch\u00e1, cerveja, vinho e \u00e1gua, comemos, festejamos e falamos sobre as estrat\u00e9gias. Socializar sem se colocar em risco. Fazemos uma conex\u00e3o com \u201cnosoutros\u201d, oriundos de diversos lugares do Brasil: um coletivo virtual de trocas entre corpos virtuais em metamorfose.<\/div>\n<div style=\"text-align: left\">Estamos mergulhados e imersos em casa, tentando lidar com o \u201cnovo normal\u201d como podemos. O v\u00edrus nos obriga a decantar a vida. Nossos processos investigativos, atravessados pela deriva do espa\u00e7o dom\u00e9stico, assumimos alguns devires. Devir arquip\u00e9lago, devir casulo, devir arranha, devir formiga, devir gato, devir p\u00e1ssaro: todas estas for\u00e7as geo-biol\u00f3gicas que, neste momento de experi\u00eancia interna, nos ajudam a encontrar pot\u00eancia dentro casa.<\/div>\n<div style=\"text-align: left\">Este encontro pela internet, abrange como forma de express\u00e3o as mais diversas linguagens art\u00edsticas: caminho inventivo sobre as sensa\u00e7\u00f5es de vida e as tristezas da mortes: a presen\u00e7a e o perigo que vem de fora. Assim, a Barentena anuncia um n\u00facleo onde n\u00f3s deixamos fluir as percep\u00e7\u00f5es e for\u00e7as, dando contorno as impress\u00f5es que surgem. Nestes instantes, reverberamos os lugares \u2013 escoamento dos espa\u00e7os habitados &#8211; com o corpo. Colocar a pr\u00e1tica compartilhada do artista em sintonia com o acontecimento singular da pandemia.<\/div>\n<div style=\"text-align: left\">No que toca a temporalidade e efemeridade que circunda este per\u00edodo, os efeitos que causam o distanciamento social trazem \u00e0 tona express\u00f5es: uma paisagem se faz necess\u00e1ria para compreender esta ocasi\u00e3o. Criamos novas janelas para nossas casas e estas s\u00e3o habitas e preenchidas com relatos e carinhos aos que est\u00e3o distantes. Aproximamo-nos do outros e nos tornamos um: \u201cnosoutros\u201d. Esta mesma janela tamb\u00e9m nos mostra que estamos permeados com um novo vizinho: o v\u00edrus. Este, for\u00e7a-nos a novos encontros e outras formas de exist\u00eancia que escapam do adoecimento. Uma pausa para novas formas de exist\u00eancia.<\/div>\n<div style=\"text-align: left\">N\u00f3s, animais, nos modificamos e o v\u00edrus tamb\u00e9m. Com isso, questionamo-nos: O quanto somos livres? Porque superestimamos a liberdade? Porque a mobilidade do outro \u00e9 perigosa para mim? Quais foram as condi\u00e7\u00f5es que permitiram a exist\u00eancia deste v\u00edrus? Como romper as estruturas e modos de vida hegem\u00f4nicos para ter pot\u00eancia de exist\u00eancia?<\/div>\n<div style=\"text-align: left\">Nosso processo toca e afecta diretamente nossas exist\u00eancias e, nesta circunst\u00e2ncia, pensar sobre o contexto nos faz dar consist\u00eancia aos saberes produzidos. Sentir, projetar novas ideias, desacelerar o consumo e estar saud\u00e1vel s\u00e3o formas de n\u00e3o cair no abismo da banaliza\u00e7\u00e3o da import\u00e2ncia deste momento. Um novo pensador surge: o oikospat\u00e9tico. Se na Gr\u00e9cia antiga os peripat\u00e9ticos eram os pensadores que passeavam ao ar livre com o seu grupo, o oikospat\u00e9tico (oikos, no grego antigo, era a denomina\u00e7\u00e3o de casa) anda pela casa, conectado pela internet com os outros para pensar.<\/div>\n<div><\/div>\n<div style=\"text-align: left\">Barentena \u00e9 organizado por Tatiana Duarte e Thiago Rodeghiero<\/div>\n<\/div>\n<div dir=\"ltr\"><\/div>\n<div dir=\"ltr\"><\/div>\n<div dir=\"ltr\"><img loading=\"lazy\" decoding=\"async\" class=\"size-full wp-image-546 aligncenter\" src=\"https:\/\/wp.ufpel.edu.br\/deslocc\/files\/2021\/04\/BARENTENA.jpg\" alt=\"\" width=\"267\" height=\"400\" \/><\/div>\n<div dir=\"ltr\"><\/div>\n<div dir=\"ltr\"><img loading=\"lazy\" decoding=\"async\" class=\"size-full wp-image-550 aligncenter\" src=\"https:\/\/wp.ufpel.edu.br\/deslocc\/files\/2021\/04\/barentena2.jpg\" alt=\"\" width=\"400\" height=\"267\" srcset=\"https:\/\/wp.ufpel.edu.br\/deslocc\/files\/2021\/04\/barentena2.jpg 400w, https:\/\/wp.ufpel.edu.br\/deslocc\/files\/2021\/04\/barentena2-272x182.jpg 272w\" sizes=\"auto, (max-width: 400px) 100vw, 400px\" \/><\/div>\n<div dir=\"ltr\"><\/div>\n<div dir=\"ltr\"><img loading=\"lazy\" decoding=\"async\" class=\"size-medium wp-image-551 aligncenter\" src=\"https:\/\/wp.ufpel.edu.br\/deslocc\/files\/2021\/04\/barentena3.jpg\" alt=\"\" width=\"400\" height=\"267\" srcset=\"https:\/\/wp.ufpel.edu.br\/deslocc\/files\/2021\/04\/barentena3.jpg 400w, https:\/\/wp.ufpel.edu.br\/deslocc\/files\/2021\/04\/barentena3-272x182.jpg 272w\" sizes=\"auto, (max-width: 400px) 100vw, 400px\" \/><\/div>\n","protected":false},"excerpt":{"rendered":"<p>Barentena \u00e9 um lugar de troca.\u00a0Abrimos as janelas virtuais de nossas casas, para [&hellip;]<\/p>\n","protected":false},"author":1012,"featured_media":0,"parent":0,"menu_order":0,"comment_status":"closed","ping_status":"closed","template":"","meta":{"footnotes":""},"class_list":["post-549","page","type-page","status-publish","hentry","post"],"jetpack_sharing_enabled":true,"_links":{"self":[{"href":"https:\/\/wp.ufpel.edu.br\/deslocc\/wp-json\/wp\/v2\/pages\/549","targetHints":{"allow":["GET"]}}],"collection":[{"href":"https:\/\/wp.ufpel.edu.br\/deslocc\/wp-json\/wp\/v2\/pages"}],"about":[{"href":"https:\/\/wp.ufpel.edu.br\/deslocc\/wp-json\/wp\/v2\/types\/page"}],"author":[{"embeddable":true,"href":"https:\/\/wp.ufpel.edu.br\/deslocc\/wp-json\/wp\/v2\/users\/1012"}],"replies":[{"embeddable":true,"href":"https:\/\/wp.ufpel.edu.br\/deslocc\/wp-json\/wp\/v2\/comments?post=549"}],"version-history":[{"count":4,"href":"https:\/\/wp.ufpel.edu.br\/deslocc\/wp-json\/wp\/v2\/pages\/549\/revisions"}],"predecessor-version":[{"id":557,"href":"https:\/\/wp.ufpel.edu.br\/deslocc\/wp-json\/wp\/v2\/pages\/549\/revisions\/557"}],"wp:attachment":[{"href":"https:\/\/wp.ufpel.edu.br\/deslocc\/wp-json\/wp\/v2\/media?parent=549"}],"curies":[{"name":"wp","href":"https:\/\/api.w.org\/{rel}","templated":true}]}}