{"id":201,"date":"2018-09-17T12:46:29","date_gmt":"2018-09-17T15:46:29","guid":{"rendered":"https:\/\/wp.ufpel.edu.br\/designhealthycities\/?page_id=201"},"modified":"2018-09-18T13:04:37","modified_gmt":"2018-09-18T16:04:37","slug":"inscricoes","status":"publish","type":"page","link":"https:\/\/wp.ufpel.edu.br\/designhealthycities\/inscricoes\/","title":{"rendered":"INSCRI\u00c7\u00d5ES\/REGISTRATIONS"},"content":{"rendered":"<p><img loading=\"lazy\" decoding=\"async\" class=\"aligncenter wp-image-332\" src=\"https:\/\/wp.ufpel.edu.br\/designhealthycities\/files\/2018\/09\/15271863_1636818249677220_1944666199056136178_o_Fotor-400x225.jpg\" alt=\"\" width=\"900\" height=\"506\" srcset=\"https:\/\/wp.ufpel.edu.br\/designhealthycities\/files\/2018\/09\/15271863_1636818249677220_1944666199056136178_o_Fotor-400x225.jpg 400w, https:\/\/wp.ufpel.edu.br\/designhealthycities\/files\/2018\/09\/15271863_1636818249677220_1944666199056136178_o_Fotor-768x432.jpg 768w, https:\/\/wp.ufpel.edu.br\/designhealthycities\/files\/2018\/09\/15271863_1636818249677220_1944666199056136178_o_Fotor-1024x576.jpg 1024w, https:\/\/wp.ufpel.edu.br\/designhealthycities\/files\/2018\/09\/15271863_1636818249677220_1944666199056136178_o_Fotor-500x281.jpg 500w, https:\/\/wp.ufpel.edu.br\/designhealthycities\/files\/2018\/09\/15271863_1636818249677220_1944666199056136178_o_Fotor.jpg 2048w\" sizes=\"auto, (max-width: 900px) 100vw, 900px\" \/><\/p>\n<p><span style=\"background-color: #333333;color: #ffffff;font-size: 12pt\"><strong>cadastro e submiss\u00e3o<\/strong><\/span><\/p>\n<p style=\"text-align: justify\"><span style=\"font-size: 12pt\">Informa\u00e7\u00f5es em breve.<\/span><\/p>\n<p style=\"text-align: justify\"><span style=\"background-color: #333333;color: #ffffff;font-size: 12pt\"><strong>normas submiss\u00e3o<\/strong><\/span><\/p>\n<p style=\"text-align: justify\"><span style=\"font-size: 12pt\">Sess\u00f5es Tem\u00e1ticas \u2013 Normas para Submiss\u00e3o de Artigos <\/span><\/p>\n<p style=\"text-align: justify\"><span style=\"font-size: 12pt\">Cada uma das 5 Sess\u00f5es Tem\u00e1ticas (STs) poder\u00e1 ser subdividida em SUBSE\u00c7\u00d5ES, cujo n\u00famero depender\u00e1 do n\u00famero total de trabalhos aprovados. O n\u00famero de trabalhos aprovados em uma Sess\u00e3o Tem\u00e1tica \u00e9 proporcional ao n\u00famero de submiss\u00f5es na sess\u00e3o espec\u00edfica em rela\u00e7\u00e3o ao total de submiss\u00f5es realizadas em todas as Sess\u00f5es. Cada SUBSESS\u00c3O ter\u00e1 dura\u00e7\u00e3o m\u00e1xima de 1h30 minutos. <\/span><\/p>\n<p style=\"text-align: justify\"><span style=\"font-size: 12pt\">Os artigos poder\u00e3o ser propostos por professores, pesquisadores, estudantes de p\u00f3s-gradua\u00e7\u00e3o e de gradua\u00e7\u00e3o, e ser\u00e3o analisados por comiss\u00e3o cient\u00edfica, composta por especialistas no tema da sess\u00e3o. A Comiss\u00e3o Cient\u00edfica de cada uma das Sess\u00f5es Tem\u00e1ticas selecionar\u00e1 os trabalhos com base na sua adequa\u00e7\u00e3o formal, originalidade, relev\u00e2ncia e contribui\u00e7\u00e3o cient\u00edfica e acad\u00eamica para a \u00c1REA. <\/span><\/p>\n<p style=\"text-align: justify\"><span style=\"font-size: 12pt\">Os trabalhos s\u00f3 poder\u00e3o ser encaminhados por meio do sistema de submiss\u00e3o googleformulario dispon\u00edvel no website do evento (menu INSCRI\u00c7\u00d5ES, CADASTRO\/SUBMISS\u00c3O). O envio dos artigos deve seguir o modelo divulgado (ver<a href=\"http:\/\/anpur.org.br\/xviiienanpur\/wp-content\/uploads\/2018\/06\/TEMPLATE-SESS%C3%95ES-TEM%C3%81TICAS_tudo-junto.docx\"> TEMPLATE \u2013 SESS\u00c3O TEM\u00c1TICA<\/a>). No sistema, cada submiss\u00e3o ter\u00e1 de informar um RESUMO de, no m\u00e1ximo, 1.000 caracteres (aproximadamente 150 palavras), que ser\u00e1 utilizado \u2013 se o trabalho for aprovado e o interessado realizar a sua inscri\u00e7\u00e3o \u2013 para inclus\u00e3o no CADERNO DE RESUMOS impresso e nos ANAIS eletr\u00f4nicos. O envio dos trabalhos deve ser em formato PDF. <\/span><\/p>\n<p style=\"text-align: justify\"><span style=\"font-size: 12pt\">Cada artigo poder\u00e1 ter, al\u00e9m do autor principal, no m\u00e1ximo, TR\u00caS co-autores. Cada artigo ter\u00e1 limite m\u00e1ximo de 10.000 palavras. <\/span><\/p>\n<p style=\"text-align: justify\"><span style=\"font-size: 12pt\">Ser\u00e3o aceitos para avalia\u00e7\u00e3o trabalhos em portugu\u00eas, espanhol e ingl\u00eas. <\/span><\/p>\n<p style=\"text-align: justify\"><span style=\"font-size: 12pt\">Os artigos aprovados ser\u00e3o distribu\u00eddos em duas categorias: os selecionados para a) apresenta\u00e7\u00e3o oral e publica\u00e7\u00e3o no Caderno de Resumos e nos Anais eletr\u00f4nicos; e b) para publica\u00e7\u00e3o no Caderno de Resumos e nos Anais eletr\u00f4nicos apenas. <\/span><\/p>\n<p style=\"text-align: justify\"><span style=\"font-size: 12pt\">Em ambos os casos, os interessados ter\u00e3o de realizar sua inscri\u00e7\u00e3o e pagamento de taxa dentro do calend\u00e1rio divulgado para ter a sua apresenta\u00e7\u00e3o inclu\u00edda na programa\u00e7\u00e3o final, no Caderno de Resumos e nos Anais eletr\u00f4nicos. <\/span><\/p>\n<p style=\"text-align: justify\"><span style=\"font-size: 12pt\">A apresenta\u00e7\u00e3o de artigos nas Sess\u00f5es Tem\u00e1ticas e a sua inclus\u00e3o no Caderno de Resumos (impresso) e nos Anais (eletr\u00f4nicos) est\u00e3o condicionadas \u00e0 inscri\u00e7\u00e3o e ao pagamento das taxas do evento por pelo menos um dos autores. Todos os autores\/coautores presentes ao evento ter\u00e3o de realizar inscri\u00e7\u00e3o e pagamento de taxa.<\/span><\/p>\n<p style=\"text-align: justify\"><span style=\"font-size: 12pt\"><strong><span style=\"background-color: #333333;color: #ffffff\">datas importantes<\/span><\/strong><\/span><\/p>\n<p style=\"text-align: justify\"><span style=\"font-size: 12pt\">Submiss\u00e3o de artigos para as Sess\u00f5es Tem\u00e1ticas: 12\/10\/2018 a 01\/12\/2018 <\/span><\/p>\n<p style=\"text-align: justify\"><span style=\"font-size: 12pt\">Divulga\u00e7\u00e3o dos resultados: 22\/12\/2018 <\/span><\/p>\n<p style=\"text-align: justify\"><span style=\"font-size: 12pt\">Inscri\u00e7\u00f5es e pagamentos de taxas: a partir de 22\/12\/2018 <\/span><\/p>\n<p style=\"text-align: justify\"><span style=\"font-size: 12pt\">Inscri\u00e7\u00e3o de livros para sess\u00f5es de Lan\u00e7amento: at\u00e9 o dia 01\/03\/2019 <\/span><\/p>\n<p style=\"text-align: justify\"><span style=\"font-size: 12pt\">Divulga\u00e7\u00e3o da programa\u00e7\u00e3o final do evento: 15\/03\/2019 <\/span><\/p>\n<p style=\"text-align: justify\"><span style=\"font-size: 12pt\">Evento: 7 a 9\/04\/2019 <\/span><\/p>\n<p style=\"text-align: justify\"><span style=\"font-size: 12pt\"><strong><span style=\"background-color: #333333;color: #ffffff\">taxas de inscri\u00e7\u00e3o<\/span><\/strong><\/span><\/p>\n<p style=\"text-align: justify\"><span style=\"font-size: 12pt\">via pay-pal ou mercado pago, a adriana tem que abrir uma conta, ou via GRU (mas acho que nao vale a pena\u2026) <\/span><\/p>\n<p style=\"text-align: justify\"><span style=\"font-size: 12pt\">Profissional R$300,00 (s\u00f3cios IAPS R$ 200,00)<\/span><\/p>\n<p style=\"text-align: justify\"><span style=\"font-size: 12pt\">Aluno de P\u00f3s-Gradua\u00e7\u00e3o R$150,00 (s\u00f3cios IAPS R$ 100,00)<\/span><\/p>\n<p style=\"text-align: justify\"><span style=\"font-size: 12pt\">Alunos de Gradua\u00e7\u00e3o R$50,00<\/span><\/p>\n<p style=\"text-align: justify\"><span style=\"font-size: 12pt\">Ouvintes R$50,00<\/span><\/p>\n<p style=\"text-align: justify\"><span style=\"font-size: 12pt\"><strong><span style=\"background-color: #333333;color: #ffffff\">placeage<\/span><\/strong><\/span><\/p>\n<p style=\"text-align: justify\"><span style=\"font-size: 12pt\"><a href=\"http:\/\/placeage.org\">http:\/\/placeage.org<\/a><\/span><\/p>\n<p><span style=\"background-color: #333333;color: #ffffff\"><strong>contato<\/strong><\/span><\/p>\n<p><a href=\"mailto:designhealthycities@gmail.com\">designhealthycities@gmail.com<\/a><\/p>\n","protected":false},"excerpt":{"rendered":"<p>cadastro e submiss\u00e3o Informa\u00e7\u00f5es em breve. normas submiss\u00e3o Sess\u00f5es Tem\u00e1ticas \u2013 Normas para Submiss\u00e3o de Artigos Cada uma das 5 Sess\u00f5es Tem\u00e1ticas (STs) poder\u00e1 ser subdividida em SUBSE\u00c7\u00d5ES, cujo n\u00famero depender\u00e1 do n\u00famero total de trabalhos aprovados. O n\u00famero de trabalhos aprovados em uma Sess\u00e3o Tem\u00e1tica \u00e9 proporcional ao n\u00famero de submiss\u00f5es na sess\u00e3o espec\u00edfica [&hellip;]<\/p>\n","protected":false},"author":716,"featured_media":0,"parent":0,"menu_order":0,"comment_status":"closed","ping_status":"closed","template":"showcase.php","meta":{"footnotes":""},"class_list":["post-201","page","type-page","status-publish","hentry","post"],"_links":{"self":[{"href":"https:\/\/wp.ufpel.edu.br\/designhealthycities\/wp-json\/wp\/v2\/pages\/201","targetHints":{"allow":["GET"]}}],"collection":[{"href":"https:\/\/wp.ufpel.edu.br\/designhealthycities\/wp-json\/wp\/v2\/pages"}],"about":[{"href":"https:\/\/wp.ufpel.edu.br\/designhealthycities\/wp-json\/wp\/v2\/types\/page"}],"author":[{"embeddable":true,"href":"https:\/\/wp.ufpel.edu.br\/designhealthycities\/wp-json\/wp\/v2\/users\/716"}],"replies":[{"embeddable":true,"href":"https:\/\/wp.ufpel.edu.br\/designhealthycities\/wp-json\/wp\/v2\/comments?post=201"}],"version-history":[{"count":8,"href":"https:\/\/wp.ufpel.edu.br\/designhealthycities\/wp-json\/wp\/v2\/pages\/201\/revisions"}],"predecessor-version":[{"id":407,"href":"https:\/\/wp.ufpel.edu.br\/designhealthycities\/wp-json\/wp\/v2\/pages\/201\/revisions\/407"}],"wp:attachment":[{"href":"https:\/\/wp.ufpel.edu.br\/designhealthycities\/wp-json\/wp\/v2\/media?parent=201"}],"curies":[{"name":"wp","href":"https:\/\/api.w.org\/{rel}","templated":true}]}}