{"id":179,"date":"2018-09-17T12:20:09","date_gmt":"2018-09-17T15:20:09","guid":{"rendered":"https:\/\/wp.ufpel.edu.br\/designhealthycities\/?page_id=179"},"modified":"2018-09-18T13:17:38","modified_gmt":"2018-09-18T16:17:38","slug":"simposio-symposium","status":"publish","type":"page","link":"https:\/\/wp.ufpel.edu.br\/designhealthycities\/","title":{"rendered":"SIMP\u00d3SIO\/SYMPOSIUM"},"content":{"rendered":"<p><img loading=\"lazy\" decoding=\"async\" class=\"aligncenter wp-image-311\" src=\"https:\/\/wp.ufpel.edu.br\/designhealthycities\/files\/2018\/09\/aranha-400x225.jpg\" alt=\"\" width=\"900\" height=\"506\" srcset=\"https:\/\/wp.ufpel.edu.br\/designhealthycities\/files\/2018\/09\/aranha-400x225.jpg 400w, https:\/\/wp.ufpel.edu.br\/designhealthycities\/files\/2018\/09\/aranha-768x432.jpg 768w, https:\/\/wp.ufpel.edu.br\/designhealthycities\/files\/2018\/09\/aranha-500x281.jpg 500w, https:\/\/wp.ufpel.edu.br\/designhealthycities\/files\/2018\/09\/aranha.jpg 960w\" sizes=\"auto, (max-width: 900px) 100vw, 900px\" \/><\/p>\n<p style=\"text-align: justify\"><span style=\"background-color: #333333;color: #ffffff;font-size: 12pt\"><strong>sobre o simp\u00f3sio<span style=\"background-color: #ffffff;color: #808080\">\/about the symposium<\/span><\/strong><\/span><\/p>\n<table class=\"aligncenter\" style=\"width: 100%;border-collapse: collapse\" border=\"1\">\n<tbody>\n<tr>\n<td style=\"width: 50%\">\n<p style=\"text-align: justify;padding-left: 30px\"><span style=\"font-size: 12pt\"><span style=\"font-weight: 400\">O Simp\u00f3sio <\/span><b>COMO PROJETAR CIDADES SAUD\u00c1VEIS EM UM MUNDO DE DESIGUALDADES<\/b><span style=\"font-weight: 400\">, est\u00e1 sendo promovido pela primeira vez na cidade de Pelotas\/Rio Grande do Sul\/Brasil, entre os dias 8, 9 e 10 de abril de 2019, no Centro de P\u00f3s-Gradua\u00e7\u00e3o e Pesquisas em Ci\u00eancias Humanas, Sociais, Sociais Aplicadas, Artes e Linguagem (CEHUS &#8211; <\/span><a href=\"https:\/\/wp.ufpel.edu.br\/cehus\/\"><span style=\"font-weight: 400\">https:\/\/wp.ufpel.edu.br\/cehus\/<\/span><\/a><span style=\"font-weight: 400\">). Organizado pelo Laborat\u00f3rio de Estudos Comportamentais (LabCom &#8211; <\/span><a href=\"https:\/\/www.labcom.space\/\"><span style=\"font-weight: 400\">https:\/\/www.labcom.space\/<\/span><\/a><span style=\"font-weight: 400\">), Programa de P\u00f3s-gradua\u00e7\u00e3o em Arquitetura e Urbanismo (PROGRAU &#8211; <\/span><a href=\"http:\/\/prograu.ufpel.edu.br\/\"><span style=\"font-weight: 400\">http:\/\/prograu.ufpel.edu.br\/<\/span><\/a><span style=\"font-weight: 400\">), Faculdade de Arquitetura e Urbanismo (FAUrb) da Universidade Federal de Pelotas (UFPel &#8211; <\/span><a href=\"http:\/\/portal.ufpel.edu.br\/\"><span style=\"font-weight: 400\">http:\/\/portal.ufpel.edu.br\/<\/span><\/a><span style=\"font-weight: 400\">).<\/span><\/span><\/p>\n<p style=\"text-align: justify;padding-left: 30px\"><span style=\"font-size: 12pt\"><span style=\"font-weight: 400\">A partir da pesquisa internacional \u201c<\/span><span style=\"font-weight: 400\">Projetando Lugares com Idosos: Rumo \u00e0s Comunidades Amigas do Envelhecimento\u201d <\/span><span style=\"font-weight: 400\">(<\/span><a href=\"http:\/\/placeage.org\/en\/\"><span style=\"font-weight: 400\">http:\/\/placeage.org<\/span><\/a><span style=\"font-weight: 400\">), financiada<\/span><span style=\"font-weight: 400\"> pelo Fundo Newton e ESRC em parceria internacional da Universidade Heriot-Watt em Edimburgo, no Reino Unido, e pela Universidade Federal de Pelotas, em Pelotas, no Brasil, entre 2016-2019, reconhecemos <\/span><span style=\"font-weight: 400\">que simplesmente mudar a forma constru\u00edda n\u00e3o \u00e9 suficiente para criar um ambiente mais inclusivo, pois os lugares s\u00e3o mais do que espa\u00e7os f\u00edsicos. Ambientes vi\u00e1veis \u200b\u200bs\u00e3o articulados atrav\u00e9s de um forte sentido de lugar, definido como os v\u00ednculos sociais, psicol\u00f3gicos e emocionais que as pessoas t\u00eam com seu ambiente. <\/span><\/span><\/p>\n<p style=\"text-align: justify;padding-left: 30px\"><span style=\"font-size: 12pt\"><span style=\"font-weight: 400\">O evento tem apoio do Internacional Association People Environment Studies (IAPS &#8211; <\/span><a href=\"https:\/\/iaps-association.org\/\"><span style=\"font-weight: 400\">https:\/\/iaps-association.org\/<\/span><\/a><span style=\"font-weight: 400\">) e Newton Fund (<\/span><a href=\"http:\/\/www.newtonfund.ac.uk\/\"><span style=\"font-weight: 400\">http:\/\/www.newtonfund.ac.uk\/<\/span><\/a><span style=\"font-weight: 400\">). O IAPS \u00e9 uma associa\u00e7\u00e3o multidisciplinar que integra pesquisadores e profissionais com interesse no campo do ambiente-comportamento, possuindo car\u00e1ter colaborativo e de discuss\u00e3o disciplinar. Foi oficialmente fundado em 1981, ainda que no princ\u00edpio tenha se estabelecido com confer\u00eancias de sucesso no territ\u00f3rio europeu, atualmente possui reconhecimento internacional. A Newton Fund <\/span><span style=\"font-weight: 400\">\u00e9 uma iniciativa do governo brit\u00e2nico que visa promover o desenvolvimento social e econ\u00f4mico dos pa\u00edses parceiros, por meio de pesquisa, ci\u00eancia e da tecnologia.<\/span><\/span><\/p>\n<p style=\"text-align: justify;padding-left: 30px\"><span style=\"font-size: 12pt\"><span style=\"font-weight: 400\">Ser\u00e3o aceitos artigos para apresenta\u00e7\u00e3o oral e publica\u00e7\u00e3o em anais nas seguintes sess\u00f5es tem\u00e1ticas: <\/span><span style=\"font-weight: 400\">1. Desafios da Habita\u00e7\u00e3o; 2. Mem\u00f3ria, Identidade e Sentido de Lugar; 3. Desenho Universal e Acessibilidade; 4. <\/span><span style=\"font-weight: 400\">Sa\u00fade, Bem-estar e Meio Ambiente e;<\/span><span style=\"font-weight: 400\"> 5. <\/span><span style=\"font-weight: 400\">Participa\u00e7\u00e3o Social, Inclus\u00e3o Social e Pol\u00edticas P\u00fablicas.<\/span><\/span><\/p>\n<\/td>\n<td style=\"width: 50%;text-align: justify\">\n<p style=\"text-align: justify;padding-left: 30px\"><span style=\"font-size: 12pt;color: #808080\">The Symposium <\/span><span style=\"color: #808080\"><b>HOW TO DESIGN HEALTHY CITIES IN A WORLD OF INEQUALITIES\u00a0<\/b><\/span><span style=\"font-size: 12pt;color: #808080\">is being promoted for the first time in the city of Pelotas \/ Rio Grande do Sul \/ Brazil, between April 8, 9 and 10, 2019, at the Graduate and Research in Humanities, Social Sciences, Applied Social Sciences, Arts and Language (CEHUS &#8211; https:\/\/wp.ufpel.edu.br\/cehus\/). Organized by the Laboratory of Behavioral Studies (LabCom &#8211; https:\/\/www.labcom.space\/), Postgraduate Program in Architecture and Urbanism (PROGRAU &#8211; http:\/\/prograu.ufpel.edu.br\/), Faculty of Architecture and Urbanism (FAUrb) of the Federal University of Pelotas (UFPel &#8211; http:\/\/portal.ufpel.edu.br\/). <\/span><\/p>\n<p style=\"text-align: justify;padding-left: 30px\"><span style=\"font-size: 12pt;color: #808080\">From the international survey &#8220;Designing Places with the Elderly: Towards Aging Communities&#8221; (http:\/\/placeage.org), funded by the Newton Fund and ESRC in an international partnership of Heriot-Watt University in Edinburgh, UK, and by the Federal University of Pelotas in Pelotas, Brazil, between 2016-2019, we recognize that simply changing the built form is not enough to create a more inclusive environment, since places are more than physical spaces. Viable environments are articulated through a strong sense of place, defined as the social, psychological and emotional bonds that people have with their environment. <\/span><\/p>\n<p style=\"text-align: justify;padding-left: 30px\"><span style=\"font-size: 12pt;color: #808080\">The event is supported by the International Association for Environment Studies (IAPS &#8211; https:\/\/iaps-association.org\/) and Newton Fund (http:\/\/www.newtonfund.ac.uk\/). The IAPS is a multidisciplinary association that integrates researchers and professionals with interest in the field of environment-behavior, having a collaborative character and disciplinary discussion. It was officially founded in 1981, although in the beginning it has established itself with successful conferences in the European territory, currently has international recognition. The Newton Fund is an initiative of the British government aimed at promoting the social and economic development of partner countries through research, science and technology.<\/span><\/p>\n<p style=\"text-align: justify;padding-left: 30px\"><span style=\"font-size: 12pt;color: #808080\">Papers will be accepted for oral presentation and publication in annals in the following thematic sessions: 1. Housing Challenges; 2. Memory, Identity and Sense of Place; 3. Universal Design and Accessibility; 4. Health, Welfare and Environment and; 5. Social Participation, Social Inclusion and Public Policies.<\/span><\/p>\n<\/td>\n<\/tr>\n<\/tbody>\n<\/table>\n<p style=\"text-align: justify\">\n","protected":false},"excerpt":{"rendered":"<p>sobre o simp\u00f3sio\/about the symposium O Simp\u00f3sio COMO PROJETAR CIDADES SAUD\u00c1VEIS EM UM MUNDO DE DESIGUALDADES, est\u00e1 sendo promovido pela primeira vez na cidade de Pelotas\/Rio Grande do Sul\/Brasil, entre os dias 8, 9 e 10 de abril de 2019, no Centro de P\u00f3s-Gradua\u00e7\u00e3o e Pesquisas em Ci\u00eancias Humanas, Sociais, Sociais Aplicadas, Artes e Linguagem [&hellip;]<\/p>\n","protected":false},"author":716,"featured_media":0,"parent":0,"menu_order":0,"comment_status":"closed","ping_status":"closed","template":"showcase.php","meta":{"footnotes":""},"class_list":["post-179","page","type-page","status-publish","hentry","post"],"_links":{"self":[{"href":"https:\/\/wp.ufpel.edu.br\/designhealthycities\/wp-json\/wp\/v2\/pages\/179","targetHints":{"allow":["GET"]}}],"collection":[{"href":"https:\/\/wp.ufpel.edu.br\/designhealthycities\/wp-json\/wp\/v2\/pages"}],"about":[{"href":"https:\/\/wp.ufpel.edu.br\/designhealthycities\/wp-json\/wp\/v2\/types\/page"}],"author":[{"embeddable":true,"href":"https:\/\/wp.ufpel.edu.br\/designhealthycities\/wp-json\/wp\/v2\/users\/716"}],"replies":[{"embeddable":true,"href":"https:\/\/wp.ufpel.edu.br\/designhealthycities\/wp-json\/wp\/v2\/comments?post=179"}],"version-history":[{"count":39,"href":"https:\/\/wp.ufpel.edu.br\/designhealthycities\/wp-json\/wp\/v2\/pages\/179\/revisions"}],"predecessor-version":[{"id":419,"href":"https:\/\/wp.ufpel.edu.br\/designhealthycities\/wp-json\/wp\/v2\/pages\/179\/revisions\/419"}],"wp:attachment":[{"href":"https:\/\/wp.ufpel.edu.br\/designhealthycities\/wp-json\/wp\/v2\/media?parent=179"}],"curies":[{"name":"wp","href":"https:\/\/api.w.org\/{rel}","templated":true}]}}