{"id":71,"date":"2024-08-28T16:01:02","date_gmt":"2024-08-28T19:01:02","guid":{"rendered":"https:\/\/wp.ufpel.edu.br\/design\/?page_id=71"},"modified":"2025-04-28T15:36:45","modified_gmt":"2025-04-28T18:36:45","slug":"home","status":"publish","type":"page","link":"https:\/\/wp.ufpel.edu.br\/design\/","title":{"rendered":"Home"},"content":{"rendered":"<div id=\"pl-71\"  class=\"panel-layout\" ><div id=\"pg-71-0\"  class=\"panel-grid panel-has-style\" ><div class=\"siteorigin-panels-stretch panel-row-style panel-row-style-for-71-0\" data-stretch-type=\"full-width-stretch\" ><div id=\"pgc-71-0-0\"  class=\"panel-grid-cell\" ><div id=\"panel-71-0-0-0\" class=\"so-panel widget widget_sow-image panel-first-child panel-last-child\" data-index=\"0\" ><div\n\t\t\t\n\t\t\tclass=\"so-widget-sow-image so-widget-sow-image-default-8b5b6f678277-71\"\n\t\t\t\n\t\t>\n<div class=\"sow-image-container\">\n\t\t<img \n\tsrc=\"https:\/\/wp.ufpel.edu.br\/design\/files\/2024\/11\/Capa-site-Site.jpg\" width=\"2157\" height=\"800\" srcset=\"https:\/\/wp.ufpel.edu.br\/design\/files\/2024\/11\/Capa-site-Site.jpg 2157w, https:\/\/wp.ufpel.edu.br\/design\/files\/2024\/11\/Capa-site-Site-400x148.jpg 400w, https:\/\/wp.ufpel.edu.br\/design\/files\/2024\/11\/Capa-site-Site-1024x380.jpg 1024w, https:\/\/wp.ufpel.edu.br\/design\/files\/2024\/11\/Capa-site-Site-768x285.jpg 768w, https:\/\/wp.ufpel.edu.br\/design\/files\/2024\/11\/Capa-site-Site-1536x570.jpg 1536w, https:\/\/wp.ufpel.edu.br\/design\/files\/2024\/11\/Capa-site-Site-2048x760.jpg 2048w\" sizes=\"(max-width: 2157px) 100vw, 2157px\" title=\"Capa site Site\" alt=\"\" \t\tclass=\"so-widget-image\"\/>\n\t<\/div>\n\n<\/div><\/div><\/div><\/div><\/div><div id=\"pg-71-1\"  class=\"panel-grid panel-no-style\" ><div id=\"pgc-71-1-0\"  class=\"panel-grid-cell\" ><div id=\"panel-71-1-0-0\" class=\"so-panel widget widget_siteorigin-panels-builder panel-first-child panel-last-child\" data-index=\"1\" ><div id=\"pl-w680fcabd7d286\"  class=\"panel-layout\" ><div id=\"pg-w680fcabd7d286-0\"  class=\"panel-grid panel-no-style\" ><div id=\"pgc-w680fcabd7d286-0-0\"  class=\"panel-grid-cell\" ><div id=\"panel-w680fcabd7d286-0-0-0\" class=\"so-panel widget widget_sow-post-carousel panel-first-child panel-last-child\" data-index=\"0\" ><div\n\t\t\t\n\t\t\tclass=\"so-widget-sow-post-carousel so-widget-sow-post-carousel-base-0471499d4c66\"\n\t\t\t\n\t\t>\t<div\n\t\tclass=\"sow-post-carousel-wrapper sow-post-carousel-theme-base\"\n\t\tstyle=\"overflow: hidden; max-width: 100%; min-height: 182px\"\n\t>\n\t\t<div class=\"sow-carousel-title\">\n\t\t\t<div class=\"sow-carousel-navigation \">\n\t\t\t\t\t\t<a href=\"#\" class=\"sow-carousel-next\" title=\"Pr\u00f3ximo\" aria-label=\"Next Posts\" role=\"button\"><\/a>\n\t\t\t\t\t\t<a href=\"#\" class=\"sow-carousel-previous\" title=\"Anterior\" aria-label=\"Previous Posts\" role=\"button\"><\/a>\n\t\t\t\t\t<\/div>\n\t<\/div>\n\n<div class=\"sow-carousel-container \">\n\t\t<div class=\"sow-carousel-wrapper\"\n\t\tdata-dir=\"ltr\"\n\t\tstyle=\"opacity: 0;\"\n\t\tdata-widget=\"post\" data-fetching=\"false\" data-page=\"1\" data-ajax-url=\"https:\/\/wp.ufpel.edu.br\/design\/wp-admin\/admin-ajax.php?_widgets_nonce=e242799e1d\" data-item_count=\"4\" data-carousel_settings=\"{&quot;loop&quot;:true,&quot;animation&quot;:&quot;ease&quot;,&quot;animation_speed&quot;:400,&quot;autoplay&quot;:&quot;off&quot;,&quot;pauseOnHover&quot;:&quot;&quot;,&quot;autoplaySpeed&quot;:8000,&quot;item_overflow&quot;:true,&quot;autoplay_continuous_scroll&quot;:false}\" data-responsive=\"{&quot;desktop_slides_to_scroll&quot;:1,&quot;tablet_landscape_breakpoint&quot;:1366,&quot;tablet_landscape_slides_to_scroll&quot;:2,&quot;tablet_portrait_breakpoint&quot;:1025,&quot;tablet_portrait_slides_to_scroll&quot;:2,&quot;mobile_breakpoint&quot;:480,&quot;mobile_slides_to_scroll&quot;:1}\" data-variable_width=\"true\" \t>\n\t\t<div\n\t\t\tclass=\"sow-carousel-items\"\n\t\t\t\t\t>\n\t\t\t\t<div class=\"sow-carousel-item\" tabindex=\"-1\" style=\"float: left;\">\n\t\t<div class=\"sow-carousel-thumbnail\">\n\t\t\t\t\t\t\t<a\n\t\t\t\t\thref=\"https:\/\/wp.ufpel.edu.br\/design\/2025\/04\/28\/noticia-4\/\"\n\t\t\t\t\tclass=\"sow-carousel-default-thumbnail\"\n\t\t\t\t\t\t\t\t\t\t\t\t\t\t\taria-labelledby=\"sow-carousel-id-663\"\n\t\t\t\t\ttabindex=\"-1\"\n\t\t\t\t>\n\t\t\t\t\t<span class=\"overlay\"><\/span>\n\t\t\t\t<\/a>\n\t\t\t\t\t<\/div>\n\t\t<h3 class=\"sow-carousel-item-title\">\n\t\t\t<a\n\t\t\t\thref=\"https:\/\/wp.ufpel.edu.br\/design\/2025\/04\/28\/noticia-4\/\"\n\t\t\t\tid=\"sow-carousel-id-663\"\n\t\t\t\t\t\t\t\ttabindex=\"-1\"\n\t\t\t>\n\n\t\t\t\tNot\u00edcia 4\t\t\t<\/a>\n\t\t<\/h3>\n\t<\/div>\n\t\t<div class=\"sow-carousel-item\" tabindex=\"-1\" style=\"float: left;\">\n\t\t<div class=\"sow-carousel-thumbnail\">\n\t\t\t\t\t\t\t<a\n\t\t\t\t\thref=\"https:\/\/wp.ufpel.edu.br\/design\/2024\/09\/12\/noticia-3\/\"\n\t\t\t\t\t\t\t\t\t\tstyle=\"background-image: url( https:\/\/wp.ufpel.edu.br\/design\/files\/2024\/08\/Rectangle-47-272x182.png )\"\n\t\t\t\t\taria-labelledby=\"sow-carousel-id-481\"\n\t\t\t\t\ttabindex=\"-1\"\n\t\t\t\t>\n\t\t\t\t\t<span class=\"overlay\"><\/span>\n\t\t\t\t<\/a>\n\t\t\t\t\t<\/div>\n\t\t<h3 class=\"sow-carousel-item-title\">\n\t\t\t<a\n\t\t\t\thref=\"https:\/\/wp.ufpel.edu.br\/design\/2024\/09\/12\/noticia-3\/\"\n\t\t\t\tid=\"sow-carousel-id-481\"\n\t\t\t\t\t\t\t\ttabindex=\"-1\"\n\t\t\t>\n\n\t\t\t\tNot\u00edcia 3\t\t\t<\/a>\n\t\t<\/h3>\n\t<\/div>\n\t\t<div class=\"sow-carousel-item\" tabindex=\"-1\" style=\"float: left;\">\n\t\t<div class=\"sow-carousel-thumbnail\">\n\t\t\t\t\t\t\t<a\n\t\t\t\t\thref=\"https:\/\/wp.ufpel.edu.br\/design\/2024\/09\/12\/noticia-2\/\"\n\t\t\t\t\t\t\t\t\t\tstyle=\"background-image: url( https:\/\/wp.ufpel.edu.br\/design\/files\/2024\/08\/Rectangle-47-272x182.png )\"\n\t\t\t\t\taria-labelledby=\"sow-carousel-id-478\"\n\t\t\t\t\ttabindex=\"-1\"\n\t\t\t\t>\n\t\t\t\t\t<span class=\"overlay\"><\/span>\n\t\t\t\t<\/a>\n\t\t\t\t\t<\/div>\n\t\t<h3 class=\"sow-carousel-item-title\">\n\t\t\t<a\n\t\t\t\thref=\"https:\/\/wp.ufpel.edu.br\/design\/2024\/09\/12\/noticia-2\/\"\n\t\t\t\tid=\"sow-carousel-id-478\"\n\t\t\t\t\t\t\t\ttabindex=\"-1\"\n\t\t\t>\n\n\t\t\t\tNot\u00edcia 2\t\t\t<\/a>\n\t\t<\/h3>\n\t<\/div>\n\t\t<div class=\"sow-carousel-item\" tabindex=\"-1\" style=\"float: left;\">\n\t\t<div class=\"sow-carousel-thumbnail\">\n\t\t\t\t\t\t\t<a\n\t\t\t\t\thref=\"https:\/\/wp.ufpel.edu.br\/design\/2024\/09\/02\/noticia-1\/\"\n\t\t\t\t\t\t\t\t\t\tstyle=\"background-image: url( https:\/\/wp.ufpel.edu.br\/design\/files\/2024\/08\/Rectangle-47-272x182.png )\"\n\t\t\t\t\taria-labelledby=\"sow-carousel-id-314\"\n\t\t\t\t\ttabindex=\"-1\"\n\t\t\t\t>\n\t\t\t\t\t<span class=\"overlay\"><\/span>\n\t\t\t\t<\/a>\n\t\t\t\t\t<\/div>\n\t\t<h3 class=\"sow-carousel-item-title\">\n\t\t\t<a\n\t\t\t\thref=\"https:\/\/wp.ufpel.edu.br\/design\/2024\/09\/02\/noticia-1\/\"\n\t\t\t\tid=\"sow-carousel-id-314\"\n\t\t\t\t\t\t\t\ttabindex=\"-1\"\n\t\t\t>\n\n\t\t\t\tNot\u00edcia 1\t\t\t<\/a>\n\t\t<\/h3>\n\t<\/div>\n\t\t\t<\/div>\n\t\t\t<\/div>\n\n\t<\/div>\n\t\t<input type=\"hidden\" name=\"instance_hash\" value=\"f9b5ced2\"\/>\n\t<\/div>\n<\/div><\/div><\/div><\/div><\/div><\/div><\/div><\/div><div id=\"pg-71-2\"  class=\"panel-grid panel-has-style\" ><div class=\"siteorigin-panels-stretch panel-row-style panel-row-style-for-71-2\" data-stretch-type=\"full\" ><div id=\"pgc-71-2-0\"  class=\"panel-grid-cell\" ><div id=\"panel-71-2-0-0\" class=\"so-panel widget widget_sow-editor panel-first-child panel-last-child\" data-index=\"2\" ><div class=\"panel-widget-style panel-widget-style-for-71-2-0-0\" ><div\n\t\t\t\n\t\t\tclass=\"so-widget-sow-editor so-widget-sow-editor-base\"\n\t\t\t\n\t\t>\n<div class=\"siteorigin-widget-tinymce textwidget\">\n\t<h1><span style=\"color: #0076db; font-family: helvetica, arial, sans-serif;\">Bacharel em Design<\/span><\/h1>\n<p><span style=\"color: #fffff;\">O curso de bacharelado em design da Universidade Federal de Pelotas (Pelotas\/RS) \u00e9 uma gradua\u00e7\u00e3o de quatro anos na \u00e1rea do design que objetiva formar profissionais que atuem no desenvolvimento de interfaces digitais nos diversos dispositivos tecnol\u00f3gicos: desde p\u00e1ginas da web at\u00e9 conte\u00fado para dispositivos m\u00f3veis. \u00a0Foco projetual em identidade visual, design editorial, design de embalagens, ilustra\u00e7\u00e3o, produ\u00e7\u00e3o gr\u00e1fica e envolvimento em projetos de identidade institucional das organiza\u00e7\u00f5es.<\/span><\/p>\n<\/div>\n<\/div><\/div><\/div><\/div><div id=\"pgc-71-2-1\"  class=\"panel-grid-cell\" ><div id=\"panel-71-2-1-0\" class=\"so-panel widget widget_media_video panel-first-child panel-last-child\" data-index=\"3\" ><div style=\"width:100%;\" class=\"wp-video\"><video class=\"wp-video-shortcode\" id=\"video-314-1\" preload=\"metadata\" controls=\"controls\"><source type=\"video\/youtube\" src=\"https:\/\/youtu.be\/mnSmVj0p5RM?list=PLxdMudD6RObYIFLTHxkF1zK5li0Unjq0w&#038;_=1\" \/><a href=\"https:\/\/youtu.be\/mnSmVj0p5RM?list=PLxdMudD6RObYIFLTHxkF1zK5li0Unjq0w\">https:\/\/youtu.be\/mnSmVj0p5RM?list=PLxdMudD6RObYIFLTHxkF1zK5li0Unjq0w<\/a><\/video><\/div><\/div><\/div><\/div><\/div><div id=\"pg-71-3\"  class=\"panel-grid panel-has-style\" ><div class=\"panel-row-style panel-row-style-for-71-3\" ><div id=\"pgc-71-3-0\"  class=\"panel-grid-cell panel-grid-cell-empty\" ><\/div><div id=\"pgc-71-3-1\"  class=\"panel-grid-cell panel-grid-cell-mobile-last\" ><div id=\"panel-71-3-1-0\" class=\"so-panel widget widget_sow-editor panel-first-child panel-last-child\" data-index=\"4\" ><div\n\t\t\t\n\t\t\tclass=\"so-widget-sow-editor so-widget-sow-editor-base\"\n\t\t\t\n\t\t>\n<div class=\"siteorigin-widget-tinymce textwidget\">\n\t<h2 style=\"text-align: center;\"><span style=\"color: #000000;\">Acesso r\u00e1pido<\/span><\/h2>\n<\/div>\n<\/div><\/div><\/div><div id=\"pgc-71-3-2\"  class=\"panel-grid-cell panel-grid-cell-empty\" ><\/div><\/div><\/div><div id=\"pg-71-4\"  class=\"panel-grid panel-no-style\" ><div id=\"pgc-71-4-0\"  class=\"panel-grid-cell panel-grid-cell-empty\" ><\/div><div id=\"pgc-71-4-1\"  class=\"panel-grid-cell\" ><div id=\"panel-71-4-1-0\" class=\"so-panel widget widget_media_image panel-first-child\" data-index=\"5\" ><a href=\"https:\/\/wp.ufpel.edu.br\/cra\/calendarios-academicos\/\"><img loading=\"lazy\" decoding=\"async\" width=\"220\" height=\"113\" src=\"https:\/\/wp.ufpel.edu.br\/design\/files\/2025\/03\/calendario-1-1.png\" class=\"image wp-image-609  attachment-full size-full\" alt=\"\" style=\"max-width: 100%; height: auto;\" \/><\/a><\/div><div id=\"panel-71-4-1-1\" class=\"so-panel widget widget_media_image panel-last-child\" data-index=\"6\" ><img loading=\"lazy\" decoding=\"async\" width=\"220\" height=\"113\" src=\"https:\/\/wp.ufpel.edu.br\/design\/files\/2025\/03\/agendamento-1.png\" class=\"image wp-image-608  attachment-full size-full\" alt=\"\" style=\"max-width: 100%; height: auto;\" \/><\/div><\/div><div id=\"pgc-71-4-2\"  class=\"panel-grid-cell panel-grid-cell-mobile-last\" ><div id=\"panel-71-4-2-0\" class=\"so-panel widget widget_media_image panel-first-child\" data-index=\"7\" ><img loading=\"lazy\" decoding=\"async\" width=\"220\" height=\"113\" src=\"https:\/\/wp.ufpel.edu.br\/design\/files\/2025\/03\/calendario-2.png\" class=\"image wp-image-610  attachment-full size-full\" alt=\"\" style=\"max-width: 100%; height: auto;\" \/><\/div><div id=\"panel-71-4-2-1\" class=\"so-panel widget widget_media_image panel-last-child\" data-index=\"8\" ><img loading=\"lazy\" decoding=\"async\" width=\"220\" height=\"113\" src=\"https:\/\/wp.ufpel.edu.br\/design\/files\/2025\/03\/vagas-de-estagio-2.png\" class=\"image wp-image-611  attachment-full size-full\" alt=\"\" style=\"max-width: 100%; height: auto;\" \/><\/div><\/div><div id=\"pgc-71-4-3\"  class=\"panel-grid-cell panel-grid-cell-empty\" ><\/div><\/div><div id=\"pg-71-5\"  class=\"panel-grid panel-has-style\" ><div class=\"so-rounded siteorigin-panels-stretch panel-row-style panel-row-style-for-71-5\" data-stretch-type=\"full\" ><div id=\"pgc-71-5-0\"  class=\"panel-grid-cell\" ><div id=\"panel-71-5-0-0\" class=\"so-panel widget widget_media_image panel-first-child panel-last-child\" data-index=\"9\" ><img loading=\"lazy\" decoding=\"async\" width=\"2133\" height=\"833\" src=\"https:\/\/wp.ufpel.edu.br\/design\/files\/2025\/03\/Suldesign.png\" class=\"image wp-image-632  attachment-full size-full\" alt=\"Est\u00fadio Suldesign\" style=\"max-width: 100%; height: auto;\" srcset=\"https:\/\/wp.ufpel.edu.br\/design\/files\/2025\/03\/Suldesign.png 2133w, https:\/\/wp.ufpel.edu.br\/design\/files\/2025\/03\/Suldesign-400x156.png 400w, https:\/\/wp.ufpel.edu.br\/design\/files\/2025\/03\/Suldesign-1024x400.png 1024w, https:\/\/wp.ufpel.edu.br\/design\/files\/2025\/03\/Suldesign-768x300.png 768w, https:\/\/wp.ufpel.edu.br\/design\/files\/2025\/03\/Suldesign-1536x600.png 1536w, https:\/\/wp.ufpel.edu.br\/design\/files\/2025\/03\/Suldesign-2048x800.png 2048w\" sizes=\"auto, (max-width: 2133px) 100vw, 2133px\" \/><\/div><\/div><div id=\"pgc-71-5-1\"  class=\"panel-grid-cell\" ><div id=\"panel-71-5-1-0\" class=\"so-panel widget widget_media_image panel-first-child panel-last-child\" data-index=\"10\" ><img loading=\"lazy\" decoding=\"async\" width=\"206\" height=\"233\" src=\"https:\/\/wp.ufpel.edu.br\/design\/files\/2024\/08\/Group-73.png\" class=\"image wp-image-182  attachment-full size-full\" alt=\"\" style=\"max-width: 100%; height: auto;\" \/><\/div><\/div><div id=\"pgc-71-5-2\"  class=\"panel-grid-cell\" ><div id=\"panel-71-5-2-0\" class=\"so-panel widget widget_media_image panel-first-child panel-last-child\" data-index=\"11\" ><img loading=\"lazy\" decoding=\"async\" width=\"120\" height=\"48\" src=\"https:\/\/wp.ufpel.edu.br\/design\/files\/2025\/03\/LABXD-1.png\" class=\"image wp-image-636  attachment-full size-full\" alt=\"\" style=\"max-width: 100%; height: auto;\" \/><\/div><\/div><div id=\"pgc-71-5-3\"  class=\"panel-grid-cell\" ><div id=\"panel-71-5-3-0\" class=\"so-panel widget widget_sow-editor panel-first-child panel-last-child\" data-index=\"12\" ><div\n\t\t\t\n\t\t\tclass=\"so-widget-sow-editor so-widget-sow-editor-base\"\n\t\t\t\n\t\t>\n<div class=\"siteorigin-widget-tinymce textwidget\">\n\t<h2><span style=\"color: #00000;\">Pesquisa, Ensino e Extens\u00e3o<\/span><\/h2>\n<p><span style=\"color: #ffffff;\">Lorem Ipsum\u00a0\u00e9 simplesmente uma simula\u00e7\u00e3o de texto da ind\u00fastria tipogr\u00e1fica e de impressos, e vem sendo utilizado desde o s\u00e9culo XVI, quando um impressor desconhecido pegou uma bandeja de tipos e os embaralhou para fazer um livro de modelos de tipos.<\/span><\/p>\n<\/div>\n<\/div><\/div><\/div><\/div><\/div><div id=\"pg-71-6\"  class=\"panel-grid panel-has-style\" ><div class=\"panel-row-style panel-row-style-for-71-6\" ><div id=\"pgc-71-6-0\"  class=\"panel-grid-cell\" ><div id=\"panel-71-6-0-0\" class=\"so-panel widget widget_media_video panel-first-child panel-last-child\" data-index=\"13\" ><div style=\"width:100%;\" class=\"wp-video\"><video class=\"wp-video-shortcode\" id=\"video-314-2\" preload=\"metadata\" controls=\"controls\"><source type=\"video\/youtube\" src=\"https:\/\/youtu.be\/DpiD7SaSR-Q?_=2\" \/><a href=\"https:\/\/youtu.be\/DpiD7SaSR-Q\">https:\/\/youtu.be\/DpiD7SaSR-Q<\/a><\/video><\/div><\/div><\/div><div id=\"pgc-71-6-1\"  class=\"panel-grid-cell\" ><div id=\"panel-71-6-1-0\" class=\"so-panel widget widget_sow-editor panel-first-child panel-last-child\" data-index=\"14\" ><div\n\t\t\t\n\t\t\tclass=\"so-widget-sow-editor so-widget-sow-editor-base\"\n\t\t\t\n\t\t>\n<div class=\"siteorigin-widget-tinymce textwidget\">\n\t<h3 class=\"widget-title\">Centro de Artes - UFPEL<\/h3>\n<div class=\"siteorigin-widget-tinymce textwidget\">\n<p>O Centro de Artes da Universidade Federal de Pelotas agrega os cursos das \u00e1reas de artes visuais, design, design de jogos, cinema, dan\u00e7a, m\u00fasica e teatro. O Centro oferece 18 cursos de gradua\u00e7\u00e3o nestas \u00e1reas e tr\u00eas curso de p\u00f3s-gradua\u00e7\u00e3o em artes. Tamb\u00e9m se destaca na atua\u00e7\u00e3o da unidade, de forma tradicional, a oferta de diversas atividades de extens\u00e3o \u00e0 comunidade, al\u00e9m dos \u00f3rg\u00e3os suplementares: <em>MALG - M\u00faseu de Arte Leopoldo Gottuzzo, MabSul - Musei Afro-Brasil-Sul e Conservat\u00f3rio de M\u00fasica.<\/em><\/p>\n<\/div>\n<\/div>\n<\/div><\/div><\/div><\/div><\/div><\/div>","protected":false},"excerpt":{"rendered":"<p>Bacharel em Design O curso de bacharelado em design da Universidade Federal de Pelotas (Pelotas\/RS) \u00e9 uma gradua\u00e7\u00e3o de quatro anos na \u00e1rea do design que objetiva formar profissionais que atuem no desenvolvimento de interfaces digitais nos diversos dispositivos tecnol\u00f3gicos: desde p\u00e1ginas da web at\u00e9 conte\u00fado para dispositivos m\u00f3veis. \u00a0Foco projetual em identidade visual, design [&hellip;]<\/p>\n","protected":false},"author":928,"featured_media":0,"parent":0,"menu_order":0,"comment_status":"closed","ping_status":"closed","template":"","meta":{"footnotes":""},"class_list":["post-71","page","type-page","status-publish","hentry","post","post-with-thumbnail","post-with-thumbnail-large"],"yoast_head":"<!-- This site is optimized with the Yoast SEO plugin v26.7 - https:\/\/yoast.com\/wordpress\/plugins\/seo\/ -->\n<title>Home - Design<\/title>\n<meta name=\"robots\" content=\"index, follow, max-snippet:-1, max-image-preview:large, max-video-preview:-1\" \/>\n<link rel=\"canonical\" href=\"https:\/\/wp.ufpel.edu.br\/design\/\" \/>\n<meta property=\"og:locale\" content=\"pt_BR\" \/>\n<meta property=\"og:type\" content=\"article\" \/>\n<meta property=\"og:title\" content=\"Home - Design\" \/>\n<meta property=\"og:description\" content=\"Bacharel em Design O curso de bacharelado em design da Universidade Federal de Pelotas (Pelotas\/RS) \u00e9 uma gradua\u00e7\u00e3o de quatro anos na \u00e1rea do design que objetiva formar profissionais que atuem no desenvolvimento de interfaces digitais nos diversos dispositivos tecnol\u00f3gicos: desde p\u00e1ginas da web at\u00e9 conte\u00fado para dispositivos m\u00f3veis. \u00a0Foco projetual em identidade visual, design [&hellip;]\" \/>\n<meta property=\"og:url\" content=\"https:\/\/wp.ufpel.edu.br\/design\/\" \/>\n<meta property=\"og:site_name\" content=\"Design\" \/>\n<meta property=\"article:modified_time\" content=\"2025-04-28T18:36:45+00:00\" \/>\n<meta name=\"twitter:card\" content=\"summary_large_image\" \/>\n<meta name=\"twitter:label1\" content=\"Est. tempo de leitura\" \/>\n\t<meta name=\"twitter:data1\" content=\"3 minutos\" \/>\n<script type=\"application\/ld+json\" class=\"yoast-schema-graph\">{\"@context\":\"https:\/\/schema.org\",\"@graph\":[{\"@type\":\"WebPage\",\"@id\":\"https:\/\/wp.ufpel.edu.br\/design\/\",\"url\":\"https:\/\/wp.ufpel.edu.br\/design\/\",\"name\":\"Home - Design\",\"isPartOf\":{\"@id\":\"https:\/\/wp.ufpel.edu.br\/design\/#website\"},\"datePublished\":\"2024-08-28T19:01:02+00:00\",\"dateModified\":\"2025-04-28T18:36:45+00:00\",\"breadcrumb\":{\"@id\":\"https:\/\/wp.ufpel.edu.br\/design\/#breadcrumb\"},\"inLanguage\":\"pt-BR\",\"potentialAction\":[{\"@type\":\"ReadAction\",\"target\":[\"https:\/\/wp.ufpel.edu.br\/design\/\"]}]},{\"@type\":\"BreadcrumbList\",\"@id\":\"https:\/\/wp.ufpel.edu.br\/design\/#breadcrumb\",\"itemListElement\":[{\"@type\":\"ListItem\",\"position\":1,\"name\":\"In\u00edcio\",\"item\":\"https:\/\/wp.ufpel.edu.br\/design\/\"},{\"@type\":\"ListItem\",\"position\":2,\"name\":\"Home\"}]},{\"@type\":\"WebSite\",\"@id\":\"https:\/\/wp.ufpel.edu.br\/design\/#website\",\"url\":\"https:\/\/wp.ufpel.edu.br\/design\/\",\"name\":\"Design\",\"description\":\"Universidade Federal de Pelotas\",\"publisher\":{\"@id\":\"https:\/\/wp.ufpel.edu.br\/design\/#organization\"},\"potentialAction\":[{\"@type\":\"SearchAction\",\"target\":{\"@type\":\"EntryPoint\",\"urlTemplate\":\"https:\/\/wp.ufpel.edu.br\/design\/?s={search_term_string}\"},\"query-input\":{\"@type\":\"PropertyValueSpecification\",\"valueRequired\":true,\"valueName\":\"search_term_string\"}}],\"inLanguage\":\"pt-BR\"},{\"@type\":\"Organization\",\"@id\":\"https:\/\/wp.ufpel.edu.br\/design\/#organization\",\"name\":\"Design\",\"url\":\"https:\/\/wp.ufpel.edu.br\/design\/\",\"logo\":{\"@type\":\"ImageObject\",\"inLanguage\":\"pt-BR\",\"@id\":\"https:\/\/wp.ufpel.edu.br\/design\/#\/schema\/logo\/image\/\",\"url\":\"https:\/\/wp.ufpel.edu.br\/design\/files\/2024\/09\/Logo-Branco.png\",\"contentUrl\":\"https:\/\/wp.ufpel.edu.br\/design\/files\/2024\/09\/Logo-Branco.png\",\"width\":192,\"height\":40,\"caption\":\"Design\"},\"image\":{\"@id\":\"https:\/\/wp.ufpel.edu.br\/design\/#\/schema\/logo\/image\/\"}}]}<\/script>\n<!-- \/ Yoast SEO plugin. -->","yoast_head_json":{"title":"Home - Design","robots":{"index":"index","follow":"follow","max-snippet":"max-snippet:-1","max-image-preview":"max-image-preview:large","max-video-preview":"max-video-preview:-1"},"canonical":"https:\/\/wp.ufpel.edu.br\/design\/","og_locale":"pt_BR","og_type":"article","og_title":"Home - Design","og_description":"Bacharel em Design O curso de bacharelado em design da Universidade Federal de Pelotas (Pelotas\/RS) \u00e9 uma gradua\u00e7\u00e3o de quatro anos na \u00e1rea do design que objetiva formar profissionais que atuem no desenvolvimento de interfaces digitais nos diversos dispositivos tecnol\u00f3gicos: desde p\u00e1ginas da web at\u00e9 conte\u00fado para dispositivos m\u00f3veis. \u00a0Foco projetual em identidade visual, design [&hellip;]","og_url":"https:\/\/wp.ufpel.edu.br\/design\/","og_site_name":"Design","article_modified_time":"2025-04-28T18:36:45+00:00","twitter_card":"summary_large_image","twitter_misc":{"Est. tempo de leitura":"3 minutos"},"schema":{"@context":"https:\/\/schema.org","@graph":[{"@type":"WebPage","@id":"https:\/\/wp.ufpel.edu.br\/design\/","url":"https:\/\/wp.ufpel.edu.br\/design\/","name":"Home - Design","isPartOf":{"@id":"https:\/\/wp.ufpel.edu.br\/design\/#website"},"datePublished":"2024-08-28T19:01:02+00:00","dateModified":"2025-04-28T18:36:45+00:00","breadcrumb":{"@id":"https:\/\/wp.ufpel.edu.br\/design\/#breadcrumb"},"inLanguage":"pt-BR","potentialAction":[{"@type":"ReadAction","target":["https:\/\/wp.ufpel.edu.br\/design\/"]}]},{"@type":"BreadcrumbList","@id":"https:\/\/wp.ufpel.edu.br\/design\/#breadcrumb","itemListElement":[{"@type":"ListItem","position":1,"name":"In\u00edcio","item":"https:\/\/wp.ufpel.edu.br\/design\/"},{"@type":"ListItem","position":2,"name":"Home"}]},{"@type":"WebSite","@id":"https:\/\/wp.ufpel.edu.br\/design\/#website","url":"https:\/\/wp.ufpel.edu.br\/design\/","name":"Design","description":"Universidade Federal de Pelotas","publisher":{"@id":"https:\/\/wp.ufpel.edu.br\/design\/#organization"},"potentialAction":[{"@type":"SearchAction","target":{"@type":"EntryPoint","urlTemplate":"https:\/\/wp.ufpel.edu.br\/design\/?s={search_term_string}"},"query-input":{"@type":"PropertyValueSpecification","valueRequired":true,"valueName":"search_term_string"}}],"inLanguage":"pt-BR"},{"@type":"Organization","@id":"https:\/\/wp.ufpel.edu.br\/design\/#organization","name":"Design","url":"https:\/\/wp.ufpel.edu.br\/design\/","logo":{"@type":"ImageObject","inLanguage":"pt-BR","@id":"https:\/\/wp.ufpel.edu.br\/design\/#\/schema\/logo\/image\/","url":"https:\/\/wp.ufpel.edu.br\/design\/files\/2024\/09\/Logo-Branco.png","contentUrl":"https:\/\/wp.ufpel.edu.br\/design\/files\/2024\/09\/Logo-Branco.png","width":192,"height":40,"caption":"Design"},"image":{"@id":"https:\/\/wp.ufpel.edu.br\/design\/#\/schema\/logo\/image\/"}}]}},"jetpack_sharing_enabled":true,"_links":{"self":[{"href":"https:\/\/wp.ufpel.edu.br\/design\/wp-json\/wp\/v2\/pages\/71","targetHints":{"allow":["GET"]}}],"collection":[{"href":"https:\/\/wp.ufpel.edu.br\/design\/wp-json\/wp\/v2\/pages"}],"about":[{"href":"https:\/\/wp.ufpel.edu.br\/design\/wp-json\/wp\/v2\/types\/page"}],"author":[{"embeddable":true,"href":"https:\/\/wp.ufpel.edu.br\/design\/wp-json\/wp\/v2\/users\/928"}],"replies":[{"embeddable":true,"href":"https:\/\/wp.ufpel.edu.br\/design\/wp-json\/wp\/v2\/comments?post=71"}],"version-history":[{"count":268,"href":"https:\/\/wp.ufpel.edu.br\/design\/wp-json\/wp\/v2\/pages\/71\/revisions"}],"predecessor-version":[{"id":688,"href":"https:\/\/wp.ufpel.edu.br\/design\/wp-json\/wp\/v2\/pages\/71\/revisions\/688"}],"wp:attachment":[{"href":"https:\/\/wp.ufpel.edu.br\/design\/wp-json\/wp\/v2\/media?parent=71"}],"curies":[{"name":"wp","href":"https:\/\/api.w.org\/{rel}","templated":true}]}}