{"id":385,"date":"2019-06-18T15:11:21","date_gmt":"2019-06-18T18:11:21","guid":{"rendered":"https:\/\/wp.ufpel.edu.br\/desenvolvimentosocialzonasul\/?page_id=385"},"modified":"2019-06-18T15:12:31","modified_gmt":"2019-06-18T18:12:31","slug":"curso-de-servicos-e-cuidados-na-atencao-do-idoso","status":"publish","type":"page","link":"https:\/\/wp.ufpel.edu.br\/desenvolvimentosocialzonasul\/projetos\/curso-de-servicos-e-cuidados-na-atencao-do-idoso\/","title":{"rendered":"Curso de Servi\u00e7os e Cuidados na Aten\u00e7\u00e3o do Idoso"},"content":{"rendered":"<p>O projeto Servi\u00e7os e Cuidados na Aten\u00e7\u00e3o do Idoso surge no intuito de atender uma demanda reprimida dos munic\u00edpios da Zona Sul na qualifica\u00e7\u00e3o dos profissionais que trabalham nas Institui\u00e7\u00f5es de Longa Perman\u00eancia para Idosos e das Secretarias de Sa\u00fade da regi\u00e3o. O Projeto tem como objetivo principal promover oficinas que auxiliam nas demandas relacionadas aos cuidados com idosos, qualidade de vida, servi\u00e7os da \u00e1rea de administra\u00e7\u00e3o em residenciais, lares e institui\u00e7\u00f5es de longa perman\u00eancia.<\/p>\n<p>O curso \u00e9 dividido em tr\u00eas m\u00f3dulos. Cada um deles \u00e9 representado por \u00e1reas especificas ao atendimento do idoso: administra\u00e7\u00e3o e servi\u00e7os, sa\u00fade e lazer. Os m\u00f3dulos est\u00e3o organizados de maneira a garantir uma maior dinamicidade e qualidade no atendimento aos idosos.<\/p>\n<p>O primeiro m\u00f3dulo envolve quest\u00f5es de gest\u00e3o em servi\u00e7os, administra\u00e7\u00e3o, organiza\u00e7\u00e3o de fluxos e rotinas administrativas, compras, registros e capta\u00e7\u00e3o de recursos por meio de projetos.<\/p>\n<p>O segundo m\u00f3dulo est\u00e1 relacionado \u00e0 sa\u00fade e qualidade de vida, assim como estrat\u00e9gias protocolares na administra\u00e7\u00e3o de servi\u00e7os de sa\u00fade, atualidades na reabilita\u00e7\u00e3o, a import\u00e2ncia do trabalho multidisciplinar, a alimenta\u00e7\u00e3o saud\u00e1vel e a sa\u00fade psicossocial.<\/p>\n<p>O terceiro m\u00f3dulo compreende a introdu\u00e7\u00e3o de servi\u00e7os voltados ao lazer. Dentre elas est\u00e3o atividades sociais, m\u00fasica, jogos e artesanato por meio de oficinas.<\/p>\n<p>O projeto \u00e9 coordenado pela Pr\u00f3-Reitoria de Extens\u00e3o e Cultura da UFPel em parceria com o Instituto Federal Sul-Rio-Grandense (IFSul) e a Associa\u00e7\u00e3o dos Munic\u00edpios da Zona Sul (Azonasul). As oficinas contar\u00e3o com a participa\u00e7\u00e3o de professores e t\u00e9cnicos do IFSul.<\/p>\n<p>&nbsp;<\/p>\n","protected":false},"excerpt":{"rendered":"<p>O projeto Servi\u00e7os e Cuidados na Aten\u00e7\u00e3o do Idoso surge no intuito de atender uma demanda reprimida dos munic\u00edpios da Zona Sul na qualifica\u00e7\u00e3o dos profissionais que trabalham nas Institui\u00e7\u00f5es de Longa Perman\u00eancia para Idosos e das Secretarias de Sa\u00fade da regi\u00e3o. O Projeto tem como objetivo principal promover oficinas que auxiliam nas demandas relacionadas [&hellip;]<\/p>\n","protected":false},"author":888,"featured_media":0,"parent":13,"menu_order":0,"comment_status":"closed","ping_status":"closed","template":"","meta":{"footnotes":""},"class_list":["post-385","page","type-page","status-publish","hentry"],"_links":{"self":[{"href":"https:\/\/wp.ufpel.edu.br\/desenvolvimentosocialzonasul\/wp-json\/wp\/v2\/pages\/385","targetHints":{"allow":["GET"]}}],"collection":[{"href":"https:\/\/wp.ufpel.edu.br\/desenvolvimentosocialzonasul\/wp-json\/wp\/v2\/pages"}],"about":[{"href":"https:\/\/wp.ufpel.edu.br\/desenvolvimentosocialzonasul\/wp-json\/wp\/v2\/types\/page"}],"author":[{"embeddable":true,"href":"https:\/\/wp.ufpel.edu.br\/desenvolvimentosocialzonasul\/wp-json\/wp\/v2\/users\/888"}],"replies":[{"embeddable":true,"href":"https:\/\/wp.ufpel.edu.br\/desenvolvimentosocialzonasul\/wp-json\/wp\/v2\/comments?post=385"}],"version-history":[{"count":1,"href":"https:\/\/wp.ufpel.edu.br\/desenvolvimentosocialzonasul\/wp-json\/wp\/v2\/pages\/385\/revisions"}],"predecessor-version":[{"id":387,"href":"https:\/\/wp.ufpel.edu.br\/desenvolvimentosocialzonasul\/wp-json\/wp\/v2\/pages\/385\/revisions\/387"}],"up":[{"embeddable":true,"href":"https:\/\/wp.ufpel.edu.br\/desenvolvimentosocialzonasul\/wp-json\/wp\/v2\/pages\/13"}],"wp:attachment":[{"href":"https:\/\/wp.ufpel.edu.br\/desenvolvimentosocialzonasul\/wp-json\/wp\/v2\/media?parent=385"}],"curies":[{"name":"wp","href":"https:\/\/api.w.org\/{rel}","templated":true}]}}