{"id":2,"date":"2018-10-31T14:53:51","date_gmt":"2018-10-31T17:53:51","guid":{"rendered":"https:\/\/wp.ufpel.edu.br\/desenvolvimentosocialzonasul\/?page_id=2"},"modified":"2018-11-01T15:11:49","modified_gmt":"2018-11-01T18:11:49","slug":"pagina-exemplo","status":"publish","type":"page","link":"https:\/\/wp.ufpel.edu.br\/desenvolvimentosocialzonasul\/pagina-exemplo\/","title":{"rendered":"Sobre"},"content":{"rendered":"<p>\u00c9 um Programa que articula projetos nas oito \u00e1reas da extens\u00e3o (educa\u00e7\u00e3o, cultura, comunica\u00e7\u00e3o, trabalho e gera\u00e7\u00e3o de renda, meio ambiente, sa\u00fade, direitos humanos e tecnologia) com projetos de ensino e pesquisa, de modo interdisciplinar a partir do desenvolvimento de a\u00e7\u00f5es voltadas para o atendimento das demandas sociais dos munic\u00edpios associados \u00e0 Azonasul.<\/p>\n<p>Estabelece-se em parceria com essa Associa\u00e7\u00e3o, envolvendo os cursos da UFPel de modo a contemplar seus projetos pedag\u00f3gicos e com vistas ao aproveitamento de recursos (seja em vagas remanescentes do Processo seletivo anual, seja no compartilhamento de custos com parceiros, seja na proposi\u00e7\u00e3o de temas para desenvolvimento de projetos nas tr\u00eas dimens\u00f5es universit\u00e1rias).<\/p>\n","protected":false},"excerpt":{"rendered":"<p>\u00c9 um Programa que articula projetos nas oito \u00e1reas da extens\u00e3o (educa\u00e7\u00e3o, cultura, comunica\u00e7\u00e3o, trabalho e gera\u00e7\u00e3o de renda, meio ambiente, sa\u00fade, direitos humanos e tecnologia) com projetos de ensino e pesquisa, de modo interdisciplinar a partir do desenvolvimento de a\u00e7\u00f5es voltadas para o atendimento das demandas sociais dos munic\u00edpios associados \u00e0 Azonasul. Estabelece-se em [&hellip;]<\/p>\n","protected":false},"author":888,"featured_media":0,"parent":0,"menu_order":0,"comment_status":"closed","ping_status":"closed","template":"","meta":{"footnotes":""},"class_list":["post-2","page","type-page","status-publish","hentry"],"_links":{"self":[{"href":"https:\/\/wp.ufpel.edu.br\/desenvolvimentosocialzonasul\/wp-json\/wp\/v2\/pages\/2","targetHints":{"allow":["GET"]}}],"collection":[{"href":"https:\/\/wp.ufpel.edu.br\/desenvolvimentosocialzonasul\/wp-json\/wp\/v2\/pages"}],"about":[{"href":"https:\/\/wp.ufpel.edu.br\/desenvolvimentosocialzonasul\/wp-json\/wp\/v2\/types\/page"}],"author":[{"embeddable":true,"href":"https:\/\/wp.ufpel.edu.br\/desenvolvimentosocialzonasul\/wp-json\/wp\/v2\/users\/888"}],"replies":[{"embeddable":true,"href":"https:\/\/wp.ufpel.edu.br\/desenvolvimentosocialzonasul\/wp-json\/wp\/v2\/comments?post=2"}],"version-history":[{"count":2,"href":"https:\/\/wp.ufpel.edu.br\/desenvolvimentosocialzonasul\/wp-json\/wp\/v2\/pages\/2\/revisions"}],"predecessor-version":[{"id":45,"href":"https:\/\/wp.ufpel.edu.br\/desenvolvimentosocialzonasul\/wp-json\/wp\/v2\/pages\/2\/revisions\/45"}],"wp:attachment":[{"href":"https:\/\/wp.ufpel.edu.br\/desenvolvimentosocialzonasul\/wp-json\/wp\/v2\/media?parent=2"}],"curies":[{"name":"wp","href":"https:\/\/api.w.org\/{rel}","templated":true}]}}