{"id":8,"date":"2025-10-09T19:46:29","date_gmt":"2025-10-09T22:46:29","guid":{"rendered":"https:\/\/wp.ufpel.edu.br\/desalinho\/?page_id=8"},"modified":"2025-11-04T15:09:28","modified_gmt":"2025-11-04T18:09:28","slug":"publicacoes","status":"publish","type":"page","link":"https:\/\/wp.ufpel.edu.br\/desalinho\/publicacoes\/","title":{"rendered":"Projetos"},"content":{"rendered":"<p><strong>Projeto de pesquisa em andamento (ap\u00f3s 2023)<\/strong><\/p>\n<p>Crise democr\u00e1tica, cr\u00edticas ao colonialismo e enquadramento identit\u00e1rio. Luciana Ballestrin. Bolsista de produtividade C do CNPq.<\/p>\n<p><em><strong>Projeto de divulga\u00e7\u00e3o cient\u00edfica<\/strong><\/em><\/p>\n<p>LLAMA. L\u00e9xico Latino-Americano. CNPq.<\/p>\n<p><strong><em>Teses de doutorado<\/em><\/strong><\/p>\n<p>Democracia nos estados p\u00f3s-coloniais na \u00c1frica: as reformas neoliberais no processo de democratiza\u00e7\u00e3o da Guin\u00e9-Bissau (1980-2000). Mamad\u00fa Indjai. Bolsista da PRPPG\/UFPel.<\/p>\n<p>Disputando &#8220;g\u00eanero&#8221;: uma an\u00e1lise dos atores antifeministas na ONU. Yndira Coelho Soares. Bolsista da CAPES, com doutorado-sandu\u00edche na University of Bergen, Noruega.<\/p>\n<p>O Estado e a na\u00e7\u00e3o em perspectiva antag\u00f4nica no Brasil: o movimento ind\u00edgena no governo Lula III. Beatriz Franco do Vale. Bolsista da CAPES, com doutorado-sandu\u00edche na Universidad Aut\u00f3noma Metropolitana, M\u00e9xico.<\/p>\n<p>Viol\u00eancia Pol\u00edtica de G\u00eanero: um fen\u00f4meno contra a democracia contempor\u00e2nea. Diandra Avila Martini.<\/p>\n<p><strong><em>Inicia\u00e7\u00e3o cient\u00edfica<\/em><\/strong><\/p>\n<p>A recep\u00e7\u00e3o do p\u00f3s-colonialismo pelos estudos latino-americanos. Gabriela Bonini Falke. Bolsista do CNPq.<\/p>\n<p>&nbsp;<\/p>\n","protected":false},"excerpt":{"rendered":"<p>Projeto de pesquisa em andamento (ap\u00f3s 2023) Crise democr\u00e1tica, cr\u00edticas ao colonialismo e enquadramento identit\u00e1rio. Luciana Ballestrin. Bolsista de produtividade C do CNPq. Projeto de divulga\u00e7\u00e3o cient\u00edfica LLAMA. L\u00e9xico Latino-Americano. CNPq. Teses de doutorado Democracia nos estados p\u00f3s-coloniais na \u00c1frica: as reformas neoliberais no processo de democratiza\u00e7\u00e3o da Guin\u00e9-Bissau (1980-2000). Mamad\u00fa Indjai. Bolsista da PRPPG\/UFPel. [&hellip;]<\/p>\n","protected":false},"author":1302,"featured_media":0,"parent":0,"menu_order":0,"comment_status":"closed","ping_status":"closed","template":"","meta":{"footnotes":""},"class_list":["post-8","page","type-page","status-publish","hentry"],"_links":{"self":[{"href":"https:\/\/wp.ufpel.edu.br\/desalinho\/wp-json\/wp\/v2\/pages\/8","targetHints":{"allow":["GET"]}}],"collection":[{"href":"https:\/\/wp.ufpel.edu.br\/desalinho\/wp-json\/wp\/v2\/pages"}],"about":[{"href":"https:\/\/wp.ufpel.edu.br\/desalinho\/wp-json\/wp\/v2\/types\/page"}],"author":[{"embeddable":true,"href":"https:\/\/wp.ufpel.edu.br\/desalinho\/wp-json\/wp\/v2\/users\/1302"}],"replies":[{"embeddable":true,"href":"https:\/\/wp.ufpel.edu.br\/desalinho\/wp-json\/wp\/v2\/comments?post=8"}],"version-history":[{"count":3,"href":"https:\/\/wp.ufpel.edu.br\/desalinho\/wp-json\/wp\/v2\/pages\/8\/revisions"}],"predecessor-version":[{"id":148,"href":"https:\/\/wp.ufpel.edu.br\/desalinho\/wp-json\/wp\/v2\/pages\/8\/revisions\/148"}],"wp:attachment":[{"href":"https:\/\/wp.ufpel.edu.br\/desalinho\/wp-json\/wp\/v2\/media?parent=8"}],"curies":[{"name":"wp","href":"https:\/\/api.w.org\/{rel}","templated":true}]}}