{"id":28,"date":"2019-04-29T16:22:20","date_gmt":"2019-04-29T19:22:20","guid":{"rendered":"https:\/\/wp.ufpel.edu.br\/desafiopreuniversitario\/?page_id=28"},"modified":"2019-04-30T15:56:25","modified_gmt":"2019-04-30T18:56:25","slug":"sobre","status":"publish","type":"page","link":"https:\/\/wp.ufpel.edu.br\/desafiopreuniversitario\/sobre\/","title":{"rendered":"Sobre"},"content":{"rendered":"<p>Curso Pr\u00e9-Universit\u00e1rio voltado \u00e0 educa\u00e7\u00e3o popular. Gratuito e destinado a incluir quem o sistema exclui. Somos mais que um simples cursinho, somos uma fam\u00edlia criada e coordenada por alunos da UFPEL.<\/p>\n<p>&nbsp;<\/p>\n<div id=\"u_fetchstream_3_i\" class=\"_5aj7 _3-8j\"><\/div>\n","protected":false},"excerpt":{"rendered":"<p>Curso Pr\u00e9-Universit\u00e1rio voltado \u00e0 educa\u00e7\u00e3o popular. Gratuito e destinado a incluir quem o sistema exclui. Somos mais que um simples cursinho, somos uma fam\u00edlia criada e coordenada por alunos da UFPEL. &nbsp;<\/p>\n","protected":false},"author":924,"featured_media":0,"parent":0,"menu_order":0,"comment_status":"closed","ping_status":"closed","template":"","meta":{"footnotes":""},"class_list":["post-28","page","type-page","status-publish","hentry"],"_links":{"self":[{"href":"https:\/\/wp.ufpel.edu.br\/desafiopreuniversitario\/wp-json\/wp\/v2\/pages\/28","targetHints":{"allow":["GET"]}}],"collection":[{"href":"https:\/\/wp.ufpel.edu.br\/desafiopreuniversitario\/wp-json\/wp\/v2\/pages"}],"about":[{"href":"https:\/\/wp.ufpel.edu.br\/desafiopreuniversitario\/wp-json\/wp\/v2\/types\/page"}],"author":[{"embeddable":true,"href":"https:\/\/wp.ufpel.edu.br\/desafiopreuniversitario\/wp-json\/wp\/v2\/users\/924"}],"replies":[{"embeddable":true,"href":"https:\/\/wp.ufpel.edu.br\/desafiopreuniversitario\/wp-json\/wp\/v2\/comments?post=28"}],"version-history":[{"count":3,"href":"https:\/\/wp.ufpel.edu.br\/desafiopreuniversitario\/wp-json\/wp\/v2\/pages\/28\/revisions"}],"predecessor-version":[{"id":59,"href":"https:\/\/wp.ufpel.edu.br\/desafiopreuniversitario\/wp-json\/wp\/v2\/pages\/28\/revisions\/59"}],"wp:attachment":[{"href":"https:\/\/wp.ufpel.edu.br\/desafiopreuniversitario\/wp-json\/wp\/v2\/media?parent=28"}],"curies":[{"name":"wp","href":"https:\/\/api.w.org\/{rel}","templated":true}]}}