{"id":33,"date":"2022-06-08T17:25:39","date_gmt":"2022-06-08T20:25:39","guid":{"rendered":"https:\/\/wp.ufpel.edu.br\/der\/?page_id=33"},"modified":"2022-06-08T21:54:06","modified_gmt":"2022-06-09T00:54:06","slug":"o-der","status":"publish","type":"page","link":"https:\/\/wp.ufpel.edu.br\/der\/","title":{"rendered":"SOBRE"},"content":{"rendered":"<p>O Departamento de Engenharia Rural, localizado na ala oeste da FAEM \u00e9 respons\u00e1vel por ministrar disciplinas aos cursos de Agronomia, Engenharia Agr\u00edcola e Zootecnia da Universidade Federal de Pelotas.<\/p>\n<p><!--more--><\/p>\n<p>&nbsp;<\/p>\n<p>&nbsp;<\/p>\n<p>&nbsp;<\/p>\n<p>&nbsp;<\/p>\n","protected":false},"excerpt":{"rendered":"<p>O Departamento de Engenharia Rural, localizado na ala oeste da FAEM \u00e9 respons\u00e1vel por ministrar disciplinas aos cursos de Agronomia, Engenharia Agr\u00edcola e Zootecnia da Universidade Federal de Pelotas.<\/p>\n","protected":false},"author":363,"featured_media":0,"parent":0,"menu_order":0,"comment_status":"closed","ping_status":"closed","template":"","meta":{"footnotes":""},"class_list":["post-33","page","type-page","status-publish","hentry"],"_links":{"self":[{"href":"https:\/\/wp.ufpel.edu.br\/der\/wp-json\/wp\/v2\/pages\/33","targetHints":{"allow":["GET"]}}],"collection":[{"href":"https:\/\/wp.ufpel.edu.br\/der\/wp-json\/wp\/v2\/pages"}],"about":[{"href":"https:\/\/wp.ufpel.edu.br\/der\/wp-json\/wp\/v2\/types\/page"}],"author":[{"embeddable":true,"href":"https:\/\/wp.ufpel.edu.br\/der\/wp-json\/wp\/v2\/users\/363"}],"replies":[{"embeddable":true,"href":"https:\/\/wp.ufpel.edu.br\/der\/wp-json\/wp\/v2\/comments?post=33"}],"version-history":[{"count":12,"href":"https:\/\/wp.ufpel.edu.br\/der\/wp-json\/wp\/v2\/pages\/33\/revisions"}],"predecessor-version":[{"id":134,"href":"https:\/\/wp.ufpel.edu.br\/der\/wp-json\/wp\/v2\/pages\/33\/revisions\/134"}],"wp:attachment":[{"href":"https:\/\/wp.ufpel.edu.br\/der\/wp-json\/wp\/v2\/media?parent=33"}],"curies":[{"name":"wp","href":"https:\/\/api.w.org\/{rel}","templated":true}]}}