{"id":83,"date":"2015-03-18T11:13:44","date_gmt":"2015-03-18T14:13:44","guid":{"rendered":"https:\/\/wp.ufpel.edu.br\/depfis\/?page_id=83"},"modified":"2025-01-31T16:10:14","modified_gmt":"2025-01-31T19:10:14","slug":"apresentacao","status":"publish","type":"page","link":"https:\/\/wp.ufpel.edu.br\/depfis\/apresentacao\/","title":{"rendered":"Apresenta\u00e7\u00e3o"},"content":{"rendered":"<h5><span style=\"color: #000000;\">Bem-vindo<\/span><\/h5>\n<p style=\"text-align: justify;\"><span style=\"color: #000000;\">O Departamento de F\u00edsica foi criado em 1969, dentro do Instituto de F\u00edsica e Matem\u00e1tica (IFM), quando da cria\u00e7\u00e3o da Funda\u00e7\u00e3o Universidade Federal de Pelotas (UFPel). O desenvolvimento da F\u00edsica na UFPel tem origem na cria\u00e7\u00e3o do curso de Licenciatura em F\u00edsica em 1990. Sua cria\u00e7\u00e3o foi justificada pela expressiva car\u00eancia de professores com forma\u00e7\u00e3o em F\u00edsica sentida na regi\u00e3o sul do estado do Rio Grande do Sul. Desde o in\u00edcio de funcionamento, o Curso de Licenciatura em F\u00edsica pautou-se na forma\u00e7\u00e3o de profissionais com s\u00f3lidos conhecimentos de F\u00edsica. Neste per\u00edodo o curso formou mais de 150 discentes, muitos destes tendo prosseguido seus estudos de p\u00f3s-gradua\u00e7\u00e3o nas mais diversas Institui\u00e7\u00f5es de Ensino Superior, tais como UFRGS, USP, UFSM, UNICAMP, etc. Este processo culminou com a cria\u00e7\u00e3o do <a style=\"color: #000000;\" href=\"http:\/\/ifm.ufpel.edu.br\/pgfisica\">Curso de P\u00f3s-Gradua\u00e7\u00e3o em F\u00edsica da UFPel<\/a> em Dezembro de 2007.<\/span><\/p>\n<p style=\"text-align: justify;\"><span style=\"color: #000000;\">O Departamento de F\u00edsica est\u00e1 localizado no Campus Cap\u00e3o do Le\u00e3o.\u00a0A Secretaria do Departamento e do Colegiado de Curso e os gabinetes docentes est\u00e3o no 3o. andar do pr\u00e9dio 5. Os laborat\u00f3rios did\u00e1ticos, laborat\u00f3rios de pesquisa, salas de aula e salas de apoio est\u00e3o nos pr\u00e9dios 5 e 13.<\/span><\/p>\n<p><span style=\"text-decoration: underline; color: #000000;\"><strong>Estrutura Administrativa<\/strong><\/span><\/p>\n<p><span style=\"color: #000000;\"><strong>Chefe:<\/strong> Prof. Dr. M\u00e1rio Luiz Lopes da Silva<\/span><\/p>\n<p><span style=\"color: #000000;\"><strong>Subchefe:<\/strong> Prof. Dr.\u00a0 Rafael Cavagnoli<\/span><\/p>\n<p><span style=\"color: #000000;\"><strong>Secret\u00e1rio: <\/strong>Ricardo Gregianin<br \/>\n<\/span><\/p>\n<p><span style=\"color: #000000;\"><strong>Telefone:<\/strong> \u00a055 (53) 3275-7346<\/span><\/p>\n<p><span style=\"color: #000000;\">A Secretaria do Departamento de F\u00edsica est\u00e1 localizado no 3\u00ba andar do pr\u00e9dio 05 do Campus Universit\u00e1rio, Sala 301\u00a0 no Cap\u00e3o do Le\u00e3o.<\/span><\/p>\n","protected":false},"excerpt":{"rendered":"<p>Bem-vindo O Departamento de F\u00edsica foi criado em 1969, dentro do Instituto de F\u00edsica e Matem\u00e1tica (IFM), quando da cria\u00e7\u00e3o da Funda\u00e7\u00e3o Universidade Federal de Pelotas (UFPel). O desenvolvimento da F\u00edsica na UFPel tem origem na cria\u00e7\u00e3o do curso de Licenciatura em F\u00edsica em 1990. Sua cria\u00e7\u00e3o foi justificada pela expressiva car\u00eancia de professores com &hellip; <\/p>\n<p><a class=\"more-link btn\" href=\"https:\/\/wp.ufpel.edu.br\/depfis\/apresentacao\/\">Continue lendo<\/a><\/p>\n","protected":false},"author":489,"featured_media":0,"parent":0,"menu_order":0,"comment_status":"closed","ping_status":"closed","template":"","meta":{"footnotes":""},"class_list":["post-83","page","type-page","status-publish","hentry","nodate","item-wrap"],"_links":{"self":[{"href":"https:\/\/wp.ufpel.edu.br\/depfis\/wp-json\/wp\/v2\/pages\/83","targetHints":{"allow":["GET"]}}],"collection":[{"href":"https:\/\/wp.ufpel.edu.br\/depfis\/wp-json\/wp\/v2\/pages"}],"about":[{"href":"https:\/\/wp.ufpel.edu.br\/depfis\/wp-json\/wp\/v2\/types\/page"}],"author":[{"embeddable":true,"href":"https:\/\/wp.ufpel.edu.br\/depfis\/wp-json\/wp\/v2\/users\/489"}],"replies":[{"embeddable":true,"href":"https:\/\/wp.ufpel.edu.br\/depfis\/wp-json\/wp\/v2\/comments?post=83"}],"version-history":[{"count":20,"href":"https:\/\/wp.ufpel.edu.br\/depfis\/wp-json\/wp\/v2\/pages\/83\/revisions"}],"predecessor-version":[{"id":1798,"href":"https:\/\/wp.ufpel.edu.br\/depfis\/wp-json\/wp\/v2\/pages\/83\/revisions\/1798"}],"wp:attachment":[{"href":"https:\/\/wp.ufpel.edu.br\/depfis\/wp-json\/wp\/v2\/media?parent=83"}],"curies":[{"name":"wp","href":"https:\/\/api.w.org\/{rel}","templated":true}]}}