{"id":864,"date":"2018-07-25T17:45:38","date_gmt":"2018-07-25T20:45:38","guid":{"rendered":"https:\/\/wp.ufpel.edu.br\/dcsa\/?page_id=864"},"modified":"2020-05-21T10:51:38","modified_gmt":"2020-05-21T13:51:38","slug":"canever-mario-duarte","status":"publish","type":"page","link":"https:\/\/wp.ufpel.edu.br\/dcsa\/departamento\/professores\/canever-mario-duarte\/","title":{"rendered":"Canever, Mario"},"content":{"rendered":"<p><strong>M\u00e1rio Duarte Canever\u00a0 <\/strong>\u00a0 \u00a0 \u00a0 \u00a0 \u00a0 \u00a0 \u00a0 \u00a0 \u00a0 \u00a0 \u00a0 \u00a0 \u00a0 \u00a0 \u00a0 \u00a0 \u00a0 \u00a0 \u00a0 \u00a0 \u00a0 \u00a0 \u00a0 \u00a0 \u00a0 \u00a0 \u00a0 \u00a0 \u00a0 \u00a0 \u00a0 \u00a0 \u00a0 \u00a0 \u00a0 \u00a0 \u00a0 \u00a0 \u00a0 <a href=\"https:\/\/wp.ufpel.edu.br\/dcsa\/colaboradores\/professores\/canever-mario-duarte\/ensino\/\">\u00a0Atividades<\/a><a href=\"https:\/\/wp.ufpel.edu.br\/dcsa\/files\/2016\/11\/Canever.jpg\"><img loading=\"lazy\" decoding=\"async\" class=\"alignright size-medium wp-image-670\" src=\"https:\/\/wp.ufpel.edu.br\/dcsa\/files\/2016\/11\/Canever-287x400.jpg\" alt=\"\" width=\"287\" height=\"400\" srcset=\"https:\/\/wp.ufpel.edu.br\/dcsa\/files\/2016\/11\/Canever-287x400.jpg 287w, https:\/\/wp.ufpel.edu.br\/dcsa\/files\/2016\/11\/Canever.jpg 413w\" sizes=\"auto, (max-width: 287px) 100vw, 287px\" \/><\/a><strong><br \/>\n<\/strong>Professor Associado II<br \/>\n<a href=\"mailto:caneverm@gmail.com\">caneverm@gmail.com<\/a><\/p>\n<p><strong>Escrit\u00f3rio:<\/strong><br \/>\nFaculdade de Agronomia Eliseu Maciel<br \/>\nDepartamento de Ci\u00eancias Sociais Agr\u00e1rias &#8211; Sala 719<br \/>\nTelefone:\u00a053 3275 7256 Ramal xx<br \/>\nCampus do Cap\u00e3o do Le\u00e3o<\/p>\n<p><strong>Forma\u00e7\u00e3o e Titula\u00e7\u00e3o:<\/strong><br \/>\nDoutor em Administra\u00e7\u00e3o &#8211; Wageningen University, WAU, Holanda (2006)<br \/>\nMestre em Economia Aplicada &#8211; UFV (1994)<br \/>\nEngenheiro Agr\u00f4nomo \u2013 FAEM \/ UFPel (1994)<\/p>\n<p><strong>\u00c1reas de Interesse e Compet\u00eancias:<\/strong><br \/>\nEmpreendedorismo Rural<br \/>\nMercados Agr\u00edcolas<br \/>\nDesenvolvimento e Agricultura<\/p>\n<p><strong>Biografia:<\/strong><br \/>\nPossui gradua\u00e7\u00e3o em Engenharia Agron\u00f4mica pela Universidade Federal de Pelotas (1994), mestrado em Economia Aplicada pela Universidade Federal de Vi\u00e7osa (1996) e doutorado em Administra\u00e7\u00e3o com \u00eanfase em agroneg\u00f3cio &#8211; Wageningen University (2006).<br \/>\nAtualmente \u00e9 professor associado III da Universidade Federal de Pelotas. Atua principalmente nos seguintes temas: empreendedorismo, agroneg\u00f3cio, cadeia produtiva e economia agr\u00edcola. Foi Diretor da Coordena\u00e7\u00e3o de Inova\u00e7\u00e3o Tecnol\u00f3gica da UFPel, entre 2013 a 2015, per\u00edodo em que liderou a cria\u00e7\u00e3o da Incubadora de Base Tecnol\u00f3gica da UFPel e o APL Sa\u00fade de Pelotas. Atuou fortemente na cria\u00e7\u00e3o do Programa de P\u00f3s Gradua\u00e7\u00e3o em Organiza\u00e7\u00f5es e Mercados (PPGOM &#8211; Economia Aplicada), sendo seu primeiro coordenador e do Programa de Desenvolvimento Territorial e Sistemas Agroindustriais (PPGDTSA). Atualmente orienta alunos de mestrado em ambos os programas.<\/p>\n<p><strong>Documentos:<\/strong><br \/>\n<a href=\"http:\/\/buscatextual.cnpq.br\/buscatextual\/visualizacv.do?id=K4790338E3\" target=\"_blank\" rel=\"noopener noreferrer\">Curriculo Plataforma Lattes<\/a><\/p>\n","protected":false},"excerpt":{"rendered":"<p>M\u00e1rio Duarte Canever\u00a0 \u00a0 \u00a0 \u00a0 \u00a0 \u00a0 \u00a0 \u00a0 \u00a0 \u00a0 \u00a0 \u00a0 \u00a0 \u00a0 \u00a0 \u00a0 \u00a0 \u00a0 \u00a0 \u00a0 \u00a0 \u00a0 \u00a0 \u00a0 \u00a0 \u00a0 \u00a0 \u00a0 \u00a0 \u00a0 \u00a0 \u00a0 \u00a0 \u00a0 \u00a0 \u00a0 \u00a0 \u00a0 \u00a0 \u00a0 \u00a0Atividades Professor Associado II caneverm@gmail.com Escrit\u00f3rio: Faculdade de Agronomia Eliseu Maciel Departamento de &hellip; <\/p>\n<p><a class=\"more-link btn\" href=\"https:\/\/wp.ufpel.edu.br\/dcsa\/departamento\/professores\/canever-mario-duarte\/\">Continue lendo<\/a><\/p>\n","protected":false},"author":141,"featured_media":670,"parent":802,"menu_order":0,"comment_status":"closed","ping_status":"closed","template":"template-twocolumnsleft.php","meta":{"footnotes":""},"class_list":["post-864","page","type-page","status-publish","has-post-thumbnail","hentry","nodate","item-wrap"],"jetpack_sharing_enabled":true,"jetpack_likes_enabled":false,"_links":{"self":[{"href":"https:\/\/wp.ufpel.edu.br\/dcsa\/wp-json\/wp\/v2\/pages\/864","targetHints":{"allow":["GET"]}}],"collection":[{"href":"https:\/\/wp.ufpel.edu.br\/dcsa\/wp-json\/wp\/v2\/pages"}],"about":[{"href":"https:\/\/wp.ufpel.edu.br\/dcsa\/wp-json\/wp\/v2\/types\/page"}],"author":[{"embeddable":true,"href":"https:\/\/wp.ufpel.edu.br\/dcsa\/wp-json\/wp\/v2\/users\/141"}],"replies":[{"embeddable":true,"href":"https:\/\/wp.ufpel.edu.br\/dcsa\/wp-json\/wp\/v2\/comments?post=864"}],"version-history":[{"count":11,"href":"https:\/\/wp.ufpel.edu.br\/dcsa\/wp-json\/wp\/v2\/pages\/864\/revisions"}],"predecessor-version":[{"id":1870,"href":"https:\/\/wp.ufpel.edu.br\/dcsa\/wp-json\/wp\/v2\/pages\/864\/revisions\/1870"}],"up":[{"embeddable":true,"href":"https:\/\/wp.ufpel.edu.br\/dcsa\/wp-json\/wp\/v2\/pages\/802"}],"wp:featuredmedia":[{"embeddable":true,"href":"https:\/\/wp.ufpel.edu.br\/dcsa\/wp-json\/wp\/v2\/media\/670"}],"wp:attachment":[{"href":"https:\/\/wp.ufpel.edu.br\/dcsa\/wp-json\/wp\/v2\/media?parent=864"}],"curies":[{"name":"wp","href":"https:\/\/api.w.org\/{rel}","templated":true}]}}