{"id":856,"date":"2018-07-25T14:05:55","date_gmt":"2018-07-25T17:05:55","guid":{"rendered":"https:\/\/wp.ufpel.edu.br\/dcsa\/?page_id=856"},"modified":"2018-11-05T12:52:57","modified_gmt":"2018-11-05T14:52:57","slug":"mendonca-henrique-furtado-de","status":"publish","type":"page","link":"https:\/\/wp.ufpel.edu.br\/dcsa\/departamento\/professores\/mendonca-henrique-furtado-de\/","title":{"rendered":"Mendon\u00e7a, Henrique de"},"content":{"rendered":"<p><strong>Henrique Andrade Furtado de Mendon\u00e7a<\/strong>\u00a0 \u00a0 \u00a0 \u00a0 \u00a0 \u00a0 \u00a0 \u00a0 \u00a0 \u00a0 \u00a0 \u00a0 \u00a0 \u00a0 \u00a0 \u00a0 \u00a0 \u00a0 \u00a0 \u00a0<a href=\"https:\/\/wp.ufpel.edu.br\/dcsa\/pessoas\/professores\/mendonca-henrique-furtado-de\/ensino\/\" target=\"_blank\" rel=\"noopener\">Atividades<\/a><a href=\"https:\/\/wp.ufpel.edu.br\/dcsa\/files\/2016\/11\/Henrique.jpg\"><img loading=\"lazy\" decoding=\"async\" class=\"alignright size-medium wp-image-664\" src=\"https:\/\/wp.ufpel.edu.br\/dcsa\/files\/2016\/11\/Henrique-274x400.jpg\" alt=\"\" width=\"274\" height=\"400\" \/><\/a><strong><br \/>\n<\/strong>Professor Adjunto<br \/>\n<a href=\"mailto:henriqueafm@gmail.com\">henriqueafm@gmail.com<\/a><\/p>\n<p><strong>Escrit\u00f3rio:<\/strong><br \/>\nFaculdade de Agronomia Eliseu Maciel<br \/>\nDepartamento de Ci\u00eancias Sociais Agr\u00e1rias &#8211; Sala 722<br \/>\nTelefone:\u00a053 3275 7256 Ramal xx<br \/>\nCampus do Cap\u00e3o do Le\u00e3o<\/p>\n<p><strong>Forma\u00e7\u00e3o e Titula\u00e7\u00e3o:<\/strong><br \/>\nEspecialista em Economia Rural \u2013 IEPE \/ UFRGS (1987)<br \/>\nEngenheiro Agr\u00f4nomo \u2013 FAEM \/ UFPel (1984)<\/p>\n<p><strong>\u00c1reas de Interesse e Compet\u00eancias:<\/strong><br \/>\nTecnologias Sociais e Economia Solid\u00e1ria<br \/>\nEconomia Agr\u00edcola e Extens\u00e3o Rural<\/p>\n<p><strong>Biografia:<\/strong><br \/>\nGradua\u00e7\u00e3o em Agronomia pela Universidade Federal de Pelotas e especializa\u00e7\u00e3o em Economia Rural pela UFRGS. Atualmente \u00e9 professor Adjunto IV do Departamento de Ci\u00eancias Sociais Agr\u00e1rias da FAEM-UFPel. \u00c9 coordenador do N\u00facleo Interdisciplinar de Estudos e Extens\u00e3o em Tecnologias Sociais e Economia Solid\u00e1ria-TECSOL, ligado \u00e0 PREC\/UFPel. \u00c9 Sub-chefe do Departamento de Ci\u00eancias Sociais Agr\u00e1rias da FAEM-UFPel.<\/p>\n<p><strong>Documentos:<\/strong><br \/>\n<a href=\"http:\/\/buscatextual.cnpq.br\/buscatextual\/visualizacv.do?metodo=apresentar&amp;id=K4718979T3\" target=\"_blank\" rel=\"noopener\">Curriculo Plataforma Lattes<\/a><\/p>\n","protected":false},"excerpt":{"rendered":"<p>Henrique Andrade Furtado de Mendon\u00e7a\u00a0 \u00a0 \u00a0 \u00a0 \u00a0 \u00a0 \u00a0 \u00a0 \u00a0 \u00a0 \u00a0 \u00a0 \u00a0 \u00a0 \u00a0 \u00a0 \u00a0 \u00a0 \u00a0 \u00a0Atividades Professor Adjunto henriqueafm@gmail.com Escrit\u00f3rio: Faculdade de Agronomia Eliseu Maciel Departamento de Ci\u00eancias Sociais Agr\u00e1rias &#8211; Sala 722 Telefone:\u00a053 3275 7256 Ramal xx Campus do Cap\u00e3o do Le\u00e3o Forma\u00e7\u00e3o e Titula\u00e7\u00e3o: Especialista &hellip; <\/p>\n<p><a class=\"more-link btn\" href=\"https:\/\/wp.ufpel.edu.br\/dcsa\/departamento\/professores\/mendonca-henrique-furtado-de\/\">Continue lendo<\/a><\/p>\n","protected":false},"author":141,"featured_media":664,"parent":802,"menu_order":0,"comment_status":"closed","ping_status":"closed","template":"template-twocolumnsleft.php","meta":{"footnotes":""},"class_list":["post-856","page","type-page","status-publish","has-post-thumbnail","hentry","nodate","item-wrap"],"jetpack_sharing_enabled":true,"jetpack_likes_enabled":false,"_links":{"self":[{"href":"https:\/\/wp.ufpel.edu.br\/dcsa\/wp-json\/wp\/v2\/pages\/856","targetHints":{"allow":["GET"]}}],"collection":[{"href":"https:\/\/wp.ufpel.edu.br\/dcsa\/wp-json\/wp\/v2\/pages"}],"about":[{"href":"https:\/\/wp.ufpel.edu.br\/dcsa\/wp-json\/wp\/v2\/types\/page"}],"author":[{"embeddable":true,"href":"https:\/\/wp.ufpel.edu.br\/dcsa\/wp-json\/wp\/v2\/users\/141"}],"replies":[{"embeddable":true,"href":"https:\/\/wp.ufpel.edu.br\/dcsa\/wp-json\/wp\/v2\/comments?post=856"}],"version-history":[{"count":7,"href":"https:\/\/wp.ufpel.edu.br\/dcsa\/wp-json\/wp\/v2\/pages\/856\/revisions"}],"predecessor-version":[{"id":1600,"href":"https:\/\/wp.ufpel.edu.br\/dcsa\/wp-json\/wp\/v2\/pages\/856\/revisions\/1600"}],"up":[{"embeddable":true,"href":"https:\/\/wp.ufpel.edu.br\/dcsa\/wp-json\/wp\/v2\/pages\/802"}],"wp:featuredmedia":[{"embeddable":true,"href":"https:\/\/wp.ufpel.edu.br\/dcsa\/wp-json\/wp\/v2\/media\/664"}],"wp:attachment":[{"href":"https:\/\/wp.ufpel.edu.br\/dcsa\/wp-json\/wp\/v2\/media?parent=856"}],"curies":[{"name":"wp","href":"https:\/\/api.w.org\/{rel}","templated":true}]}}