{"id":22,"date":"2016-09-15T11:50:07","date_gmt":"2016-09-15T14:50:07","guid":{"rendered":"https:\/\/wp.ufpel.edu.br\/dcsa\/?page_id=22"},"modified":"2020-05-22T01:10:52","modified_gmt":"2020-05-22T04:10:52","slug":"identidade-visual","status":"publish","type":"page","link":"https:\/\/wp.ufpel.edu.br\/dcsa\/departamento\/identidade-visual\/","title":{"rendered":"Hist\u00f3ria"},"content":{"rendered":"<p>Criado, em 1971, por iniciativa do Prof. Paulo Tholozan Dias da Costa e contando com o remanejo de professores do Instituto de Sociologia e Pol\u00edtica, o Departamento de Ci\u00eancias Sociais Agr\u00e1rias \u00e9 um dos sete departamentos constitutivos da centen\u00e1ria Faculdade de Agronomia Eliseu Maciel. Desenvolve atividades de ensino, pesquisa e extens\u00e3o no \u00e2mbito da Sociologia, Economia, Administra\u00e7\u00e3o, Planejamento e Comunica\u00e7\u00e3o Rural. Desde sua funda\u00e7\u00e3o caracteriza-se por ser um \u00f3rg\u00e3o que contribui \u00e0 forma\u00e7\u00e3o acad\u00eamica em diversos cursos, dentre eles, Agronomia, Medicina Veterin\u00e1ria e Zootecnia e Engenharia Agr\u00edcola. Contribui com diversos Programas de P\u00f3s Gradua\u00e7\u00e3o, dentre eles, Sistemas de Produ\u00e7\u00e3o Agr\u00edcola Familiar e Desenvolvimento Territorial e Sistemas Agroindustriais.<\/p>\n<p>Fonte: adaptado de\u00a0www2.ufpel.edu.br\/faem\/dcsa\/<\/p>\n","protected":false},"excerpt":{"rendered":"<p>Criado, em 1971, por iniciativa do Prof. Paulo Tholozan Dias da Costa e contando com o remanejo de professores do Instituto de Sociologia e Pol\u00edtica, o Departamento de Ci\u00eancias Sociais Agr\u00e1rias \u00e9 um dos sete departamentos constitutivos da centen\u00e1ria Faculdade de Agronomia Eliseu Maciel. Desenvolve atividades de ensino, pesquisa e extens\u00e3o no \u00e2mbito da Sociologia, &hellip; <\/p>\n<p><a class=\"more-link btn\" href=\"https:\/\/wp.ufpel.edu.br\/dcsa\/departamento\/identidade-visual\/\">Continue lendo<\/a><\/p>\n","protected":false},"author":141,"featured_media":0,"parent":1090,"menu_order":1,"comment_status":"closed","ping_status":"closed","template":"template-twocolumnsleft.php","meta":{"footnotes":""},"class_list":["post-22","page","type-page","status-publish","hentry","nodate","item-wrap"],"jetpack_sharing_enabled":true,"jetpack_likes_enabled":false,"_links":{"self":[{"href":"https:\/\/wp.ufpel.edu.br\/dcsa\/wp-json\/wp\/v2\/pages\/22","targetHints":{"allow":["GET"]}}],"collection":[{"href":"https:\/\/wp.ufpel.edu.br\/dcsa\/wp-json\/wp\/v2\/pages"}],"about":[{"href":"https:\/\/wp.ufpel.edu.br\/dcsa\/wp-json\/wp\/v2\/types\/page"}],"author":[{"embeddable":true,"href":"https:\/\/wp.ufpel.edu.br\/dcsa\/wp-json\/wp\/v2\/users\/141"}],"replies":[{"embeddable":true,"href":"https:\/\/wp.ufpel.edu.br\/dcsa\/wp-json\/wp\/v2\/comments?post=22"}],"version-history":[{"count":5,"href":"https:\/\/wp.ufpel.edu.br\/dcsa\/wp-json\/wp\/v2\/pages\/22\/revisions"}],"predecessor-version":[{"id":1979,"href":"https:\/\/wp.ufpel.edu.br\/dcsa\/wp-json\/wp\/v2\/pages\/22\/revisions\/1979"}],"up":[{"embeddable":true,"href":"https:\/\/wp.ufpel.edu.br\/dcsa\/wp-json\/wp\/v2\/pages\/1090"}],"wp:attachment":[{"href":"https:\/\/wp.ufpel.edu.br\/dcsa\/wp-json\/wp\/v2\/media?parent=22"}],"curies":[{"name":"wp","href":"https:\/\/api.w.org\/{rel}","templated":true}]}}