{"id":198,"date":"2016-11-09T08:55:23","date_gmt":"2016-11-09T10:55:23","guid":{"rendered":"https:\/\/wp.ufpel.edu.br\/dcsa\/?page_id=198"},"modified":"2018-09-28T17:04:09","modified_gmt":"2018-09-28T20:04:09","slug":"estrutura","status":"publish","type":"page","link":"https:\/\/wp.ufpel.edu.br\/dcsa\/departamento\/estrutura\/","title":{"rendered":"Estrutura"},"content":{"rendered":"<p>O Departamento de Ci\u00eancias Sociais Agr\u00e1rias esta localizado no Segundo Piso da Ala Sul do Pr\u00e9dio da Faculdade de Agronomia Eliseu Maciel .<\/p>\n<p>Suas depend\u00eancias abrigam hoje Escrit\u00f3rios para 12 Professores; duas (2) Salas de Aula com recursos multimidia e acesso a Internet com capacidade de 20 e 40 alunos; um Laborat\u00f3rio de Inform\u00e1tica com 12 Micro Computadores, com acesso a internet, e TV com acesso a Transmiss\u00e3o aberta por Satelite; e uma Sala de Estudos e Apoio a Estudantes de P\u00f3s- Gradua\u00e7\u00e3o. Todas estas depend\u00eancias climatizadas.<\/p>\n<p>O Setor Administrativo disp\u00f5em de Secretaria, Sala de Reuni\u00f5es e Cozinha.<\/p>\n","protected":false},"excerpt":{"rendered":"<p>O Departamento de Ci\u00eancias Sociais Agr\u00e1rias esta localizado no Segundo Piso da Ala Sul do Pr\u00e9dio da Faculdade de Agronomia Eliseu Maciel . Suas depend\u00eancias abrigam hoje Escrit\u00f3rios para 12 Professores; duas (2) Salas de Aula com recursos multimidia e acesso a Internet com capacidade de 20 e 40 alunos; um Laborat\u00f3rio de Inform\u00e1tica com &hellip; <\/p>\n<p><a class=\"more-link btn\" href=\"https:\/\/wp.ufpel.edu.br\/dcsa\/departamento\/estrutura\/\">Continue lendo<\/a><\/p>\n","protected":false},"author":141,"featured_media":0,"parent":1090,"menu_order":2,"comment_status":"closed","ping_status":"closed","template":"template-twocolumnsleft.php","meta":{"footnotes":""},"class_list":["post-198","page","type-page","status-publish","hentry","nodate","item-wrap"],"jetpack_sharing_enabled":true,"jetpack_likes_enabled":false,"_links":{"self":[{"href":"https:\/\/wp.ufpel.edu.br\/dcsa\/wp-json\/wp\/v2\/pages\/198","targetHints":{"allow":["GET"]}}],"collection":[{"href":"https:\/\/wp.ufpel.edu.br\/dcsa\/wp-json\/wp\/v2\/pages"}],"about":[{"href":"https:\/\/wp.ufpel.edu.br\/dcsa\/wp-json\/wp\/v2\/types\/page"}],"author":[{"embeddable":true,"href":"https:\/\/wp.ufpel.edu.br\/dcsa\/wp-json\/wp\/v2\/users\/141"}],"replies":[{"embeddable":true,"href":"https:\/\/wp.ufpel.edu.br\/dcsa\/wp-json\/wp\/v2\/comments?post=198"}],"version-history":[{"count":4,"href":"https:\/\/wp.ufpel.edu.br\/dcsa\/wp-json\/wp\/v2\/pages\/198\/revisions"}],"predecessor-version":[{"id":2062,"href":"https:\/\/wp.ufpel.edu.br\/dcsa\/wp-json\/wp\/v2\/pages\/198\/revisions\/2062"}],"up":[{"embeddable":true,"href":"https:\/\/wp.ufpel.edu.br\/dcsa\/wp-json\/wp\/v2\/pages\/1090"}],"wp:attachment":[{"href":"https:\/\/wp.ufpel.edu.br\/dcsa\/wp-json\/wp\/v2\/media?parent=198"}],"curies":[{"name":"wp","href":"https:\/\/api.w.org\/{rel}","templated":true}]}}