{"id":1778,"date":"2020-04-20T14:29:36","date_gmt":"2020-04-20T17:29:36","guid":{"rendered":"https:\/\/wp.ufpel.edu.br\/dcsa\/?page_id=1778"},"modified":"2020-04-20T14:33:32","modified_gmt":"2020-04-20T17:33:32","slug":"objetivo","status":"publish","type":"page","link":"https:\/\/wp.ufpel.edu.br\/dcsa\/observatorio-do-dcsa\/objetivo\/","title":{"rendered":"Objetivo"},"content":{"rendered":"<p>Diante do contexto atual relacionado \u00e0 seca e \u00e0 Covid-19, os pesquisadores do<br \/>\nDepartamento de Ci\u00eancias Sociais Agr\u00e1rias (DCSA) da Universidade Federal de Pelotas<br \/>\n(UFPel) e convidados, propuseram a realiza\u00e7\u00e3o de um diagn\u00f3stico da situa\u00e7\u00e3o das<br \/>\nagricultoras e agricultores e das atividades agropecu\u00e1rias na regi\u00e3o Sul do Rio Grande<br \/>\ndo Sul, especialmente no que diz respeito aos seguintes aspectos: sa\u00fade, produ\u00e7\u00e3o,<br \/>\ncomercializa\u00e7\u00e3o, articula\u00e7\u00f5es e preocupa\u00e7\u00f5es futuras. O objetivo, diante da atual<br \/>\nconjuntura, \u00e9 analisar o cen\u00e1rio e propor alternativas para o enfrentamento da crise pelos<br \/>\nagricultores familiares da regi\u00e3o.<br \/>\nA partir disso, a ideia inicial foi de entrar em contato com os atores vinculados a<br \/>\nagricultura da regi\u00e3o (institui\u00e7\u00f5es p\u00fablicas, agricultores, cooperativas, associa\u00e7\u00f5es de<br \/>\nprodutores, secretarias de desenvolvimento rural, de agricultura, de bem-estar social,<br \/>\ndentre outras institui\u00e7\u00f5es) para compreender o contexto e posteriormente analisar e<br \/>\npropor alternativas.<\/p>\n","protected":false},"excerpt":{"rendered":"<p>Diante do contexto atual relacionado \u00e0 seca e \u00e0 Covid-19, os pesquisadores do Departamento de Ci\u00eancias Sociais Agr\u00e1rias (DCSA) da Universidade Federal de Pelotas (UFPel) e convidados, propuseram a realiza\u00e7\u00e3o de um diagn\u00f3stico da situa\u00e7\u00e3o das agricultoras e agricultores e das atividades agropecu\u00e1rias na regi\u00e3o Sul do Rio Grande do Sul, especialmente no que diz &hellip; <\/p>\n<p><a class=\"more-link btn\" href=\"https:\/\/wp.ufpel.edu.br\/dcsa\/observatorio-do-dcsa\/objetivo\/\">Continue lendo<\/a><\/p>\n","protected":false},"author":141,"featured_media":0,"parent":1720,"menu_order":0,"comment_status":"closed","ping_status":"closed","template":"template-twocolumnsleft.php","meta":{"footnotes":""},"class_list":["post-1778","page","type-page","status-publish","hentry","nodate","item-wrap"],"jetpack_sharing_enabled":true,"jetpack_likes_enabled":false,"_links":{"self":[{"href":"https:\/\/wp.ufpel.edu.br\/dcsa\/wp-json\/wp\/v2\/pages\/1778","targetHints":{"allow":["GET"]}}],"collection":[{"href":"https:\/\/wp.ufpel.edu.br\/dcsa\/wp-json\/wp\/v2\/pages"}],"about":[{"href":"https:\/\/wp.ufpel.edu.br\/dcsa\/wp-json\/wp\/v2\/types\/page"}],"author":[{"embeddable":true,"href":"https:\/\/wp.ufpel.edu.br\/dcsa\/wp-json\/wp\/v2\/users\/141"}],"replies":[{"embeddable":true,"href":"https:\/\/wp.ufpel.edu.br\/dcsa\/wp-json\/wp\/v2\/comments?post=1778"}],"version-history":[{"count":2,"href":"https:\/\/wp.ufpel.edu.br\/dcsa\/wp-json\/wp\/v2\/pages\/1778\/revisions"}],"predecessor-version":[{"id":1781,"href":"https:\/\/wp.ufpel.edu.br\/dcsa\/wp-json\/wp\/v2\/pages\/1778\/revisions\/1781"}],"up":[{"embeddable":true,"href":"https:\/\/wp.ufpel.edu.br\/dcsa\/wp-json\/wp\/v2\/pages\/1720"}],"wp:attachment":[{"href":"https:\/\/wp.ufpel.edu.br\/dcsa\/wp-json\/wp\/v2\/media?parent=1778"}],"curies":[{"name":"wp","href":"https:\/\/api.w.org\/{rel}","templated":true}]}}